{"id":4439,"date":"2022-12-05T17:15:48","date_gmt":"2022-12-05T16:15:48","guid":{"rendered":"https:\/\/www.edition-assemblage.de\/a-z\/hakan-akcit\/"},"modified":"2023-06-20T13:08:56","modified_gmt":"2023-06-20T11:08:56","slug":"hakan-akcit","status":"publish","type":"person","link":"https:\/\/www.edition-assemblage.de\/en\/a-z\/hakan-akcit\/","title":{"rendered":"Hakan Ak\u00e7it"},"template":"","class_list":["post-4439","person","type-person","status-publish","hentry","entry"],"yoast_head":"<!-- This site is optimized with the Yoast SEO plugin v26.7 - https:\/\/yoast.com\/wordpress\/plugins\/seo\/ -->\n<title>Hakan Ak\u00e7it &#8211; edition assemblage &#8211; Autor*innen A-Z<\/title>\n<meta name=\"description\" content=\"Hakan Ak\u00e7it, Autor, Essayist und literarischer \u00dcbersetzer, geboren in Duisburg; Studium der Geschichte, Klassischen Arch\u00e4ologie und Islamwissenschaft in M\u00fcnster sowie Angewandte Informatik in Duisburg. Ak\u00e7it kuratiert seit 2015 f\u00fcr das migrationspolitische Portal Heimatkunde der Heinrich-B\u00f6ll-Stiftung den \u201eZwischenraum f\u00fcr Kunst\u201c. Er ist Regionalsprecher des Verbandes deutscher Schriftstellerinnen und Schriftsteller (VS) und Beauftragter des VS NRW f\u00fcr die deutschsprachige Literatur mit multikulturellen Wurzeln. Seine Kurzgeschichten, Essays und Gedichte erschienen in zahlreichen Anthologien, Literaturzeitschriften, Magazinen und renommierten Online-Portalen. Seine Arbeitsschwerpunkte: Roman, Erz\u00e4hlung, politische Essays und literarische \u00dcbersetzungen aus und in die Sprachen: Deutsch, T\u00fcrkisch, Englisch. Hakan Ak\u00e7it lebt und arbeitet in Duisburg.\" \/>\n<meta name=\"robots\" content=\"index, follow, max-snippet:-1, max-image-preview:large, max-video-preview:-1\" \/>\n<link rel=\"canonical\" href=\"https:\/\/www.edition-assemblage.de\/en\/a-z\/hakan-akcit\/\" \/>\n<meta property=\"og:locale\" content=\"en_US\" \/>\n<meta property=\"og:type\" content=\"article\" \/>\n<meta property=\"og:title\" content=\"Hakan Ak\u00e7it &#8211; edition assemblage &#8211; Autor*innen A-Z\" \/>\n<meta property=\"og:description\" content=\"Hakan Ak\u00e7it, Autor, Essayist und literarischer \u00dcbersetzer, geboren in Duisburg; Studium der Geschichte, Klassischen Arch\u00e4ologie und Islamwissenschaft in M\u00fcnster sowie Angewandte Informatik in Duisburg. Ak\u00e7it kuratiert seit 2015 f\u00fcr das migrationspolitische Portal Heimatkunde der Heinrich-B\u00f6ll-Stiftung den \u201eZwischenraum f\u00fcr Kunst\u201c. Er ist Regionalsprecher des Verbandes deutscher Schriftstellerinnen und Schriftsteller (VS) und Beauftragter des VS NRW f\u00fcr die deutschsprachige Literatur mit multikulturellen Wurzeln. Seine Kurzgeschichten, Essays und Gedichte erschienen in zahlreichen Anthologien, Literaturzeitschriften, Magazinen und renommierten Online-Portalen. Seine Arbeitsschwerpunkte: Roman, Erz\u00e4hlung, politische Essays und literarische \u00dcbersetzungen aus und in die Sprachen: Deutsch, T\u00fcrkisch, Englisch. Hakan Ak\u00e7it lebt und arbeitet in Duisburg.\" \/>\n<meta property=\"og:url\" content=\"https:\/\/www.edition-assemblage.de\/en\/a-z\/hakan-akcit\/\" \/>\n<meta property=\"og:site_name\" content=\"edition assemblage\" \/>\n<meta property=\"article:publisher\" content=\"https:\/\/www.facebook.com\/editionassemblage\" \/>\n<meta property=\"article:modified_time\" content=\"2023-06-20T11:08:56+00:00\" \/>\n<meta name=\"twitter:card\" content=\"summary_large_image\" \/>\n<meta name=\"twitter:site\" content=\"@assemblage_news\" \/>\n<script type=\"application\/ld+json\" class=\"yoast-schema-graph\">{\"@context\":\"https:\/\/schema.org\",\"@graph\":[{\"@type\":\"WebPage\",\"@id\":\"https:\/\/www.edition-assemblage.de\/en\/a-z\/hakan-akcit\/\",\"url\":\"https:\/\/www.edition-assemblage.de\/en\/a-z\/hakan-akcit\/\",\"name\":\"Hakan Ak\u00e7it &#8211; edition assemblage &#8211; Autor*innen A-Z\",\"isPartOf\":{\"@id\":\"https:\/\/www.edition-assemblage.de\/en\/#website\"},\"datePublished\":\"2022-12-05T16:15:48+00:00\",\"dateModified\":\"2023-06-20T11:08:56+00:00\",\"description\":\"Hakan Ak\u00e7it, Autor, Essayist und literarischer \u00dcbersetzer, geboren in Duisburg; Studium der Geschichte, Klassischen Arch\u00e4ologie und Islamwissenschaft in M\u00fcnster sowie Angewandte Informatik in Duisburg. Ak\u00e7it kuratiert seit 2015 f\u00fcr das migrationspolitische Portal Heimatkunde der Heinrich-B\u00f6ll-Stiftung den \u201eZwischenraum f\u00fcr Kunst\u201c. Er ist Regionalsprecher des Verbandes deutscher Schriftstellerinnen und Schriftsteller (VS) und Beauftragter des VS NRW f\u00fcr die deutschsprachige Literatur mit multikulturellen Wurzeln. Seine Kurzgeschichten, Essays und Gedichte erschienen in zahlreichen Anthologien, Literaturzeitschriften, Magazinen und renommierten Online-Portalen. Seine Arbeitsschwerpunkte: Roman, Erz\u00e4hlung, politische Essays und literarische \u00dcbersetzungen aus und in die Sprachen: Deutsch, T\u00fcrkisch, Englisch. Hakan Ak\u00e7it lebt und arbeitet in Duisburg.\",\"breadcrumb\":{\"@id\":\"https:\/\/www.edition-assemblage.de\/en\/a-z\/hakan-akcit\/#breadcrumb\"},\"inLanguage\":\"en-US\",\"potentialAction\":[{\"@type\":\"ReadAction\",\"target\":[\"https:\/\/www.edition-assemblage.de\/en\/a-z\/hakan-akcit\/\"]}]},{\"@type\":\"BreadcrumbList\",\"@id\":\"https:\/\/www.edition-assemblage.de\/en\/a-z\/hakan-akcit\/#breadcrumb\",\"itemListElement\":[{\"@type\":\"ListItem\",\"position\":1,\"name\":\"Startseite\",\"item\":\"https:\/\/www.edition-assemblage.de\/en\/\"},{\"@type\":\"ListItem\",\"position\":2,\"name\":\"Personen\",\"item\":\"https:\/\/www.edition-assemblage.de\/en\/a-z\/\"},{\"@type\":\"ListItem\",\"position\":3,\"name\":\"Hakan Ak\u00e7it\"}]},{\"@type\":\"WebSite\",\"@id\":\"https:\/\/www.edition-assemblage.de\/en\/#website\",\"url\":\"https:\/\/www.edition-assemblage.de\/en\/\",\"name\":\"edition assemblage\",\"description\":\"Verlagskollektiv und gesellschaftskritisches, linkes, politisches und publizistisches Netzwerk.\",\"publisher\":{\"@id\":\"https:\/\/www.edition-assemblage.de\/en\/#organization\"},\"potentialAction\":[{\"@type\":\"SearchAction\",\"target\":{\"@type\":\"EntryPoint\",\"urlTemplate\":\"https:\/\/www.edition-assemblage.de\/en\/?s={search_term_string}\"},\"query-input\":{\"@type\":\"PropertyValueSpecification\",\"valueRequired\":true,\"valueName\":\"search_term_string\"}}],\"inLanguage\":\"en-US\"},{\"@type\":\"Organization\",\"@id\":\"https:\/\/www.edition-assemblage.de\/en\/#organization\",\"name\":\"edition assemblage\",\"url\":\"https:\/\/www.edition-assemblage.de\/en\/\",\"logo\":{\"@type\":\"ImageObject\",\"inLanguage\":\"en-US\",\"@id\":\"https:\/\/www.edition-assemblage.de\/en\/#\/schema\/logo\/image\/\",\"url\":\"https:\/\/www.edition-assemblage.de\/wp-content\/uploads\/Logo_2022_3.png\",\"contentUrl\":\"https:\/\/www.edition-assemblage.de\/wp-content\/uploads\/Logo_2022_3.png\",\"width\":1161,\"height\":618,\"caption\":\"edition assemblage\"},\"image\":{\"@id\":\"https:\/\/www.edition-assemblage.de\/en\/#\/schema\/logo\/image\/\"},\"sameAs\":[\"https:\/\/www.facebook.com\/editionassemblage\",\"https:\/\/x.com\/assemblage_news\",\"https:\/\/www.instagram.com\/edition_assemblage\"]}]}<\/script>\n<!-- \/ Yoast SEO plugin. -->","yoast_head_json":{"title":"Hakan Ak\u00e7it &#8211; edition assemblage &#8211; Autor*innen A-Z","description":"Hakan Ak\u00e7it, Autor, Essayist und literarischer \u00dcbersetzer, geboren in Duisburg; Studium der Geschichte, Klassischen Arch\u00e4ologie und Islamwissenschaft in M\u00fcnster sowie Angewandte Informatik in Duisburg. Ak\u00e7it kuratiert seit 2015 f\u00fcr das migrationspolitische Portal Heimatkunde der Heinrich-B\u00f6ll-Stiftung den \u201eZwischenraum f\u00fcr Kunst\u201c. Er ist Regionalsprecher des Verbandes deutscher Schriftstellerinnen und Schriftsteller (VS) und Beauftragter des VS NRW f\u00fcr die deutschsprachige Literatur mit multikulturellen Wurzeln. Seine Kurzgeschichten, Essays und Gedichte erschienen in zahlreichen Anthologien, Literaturzeitschriften, Magazinen und renommierten Online-Portalen. Seine Arbeitsschwerpunkte: Roman, Erz\u00e4hlung, politische Essays und literarische \u00dcbersetzungen aus und in die Sprachen: Deutsch, T\u00fcrkisch, Englisch. Hakan Ak\u00e7it lebt und arbeitet in Duisburg.","robots":{"index":"index","follow":"follow","max-snippet":"max-snippet:-1","max-image-preview":"max-image-preview:large","max-video-preview":"max-video-preview:-1"},"canonical":"https:\/\/www.edition-assemblage.de\/en\/a-z\/hakan-akcit\/","og_locale":"en_US","og_type":"article","og_title":"Hakan Ak\u00e7it &#8211; edition assemblage &#8211; Autor*innen A-Z","og_description":"Hakan Ak\u00e7it, Autor, Essayist und literarischer \u00dcbersetzer, geboren in Duisburg; Studium der Geschichte, Klassischen Arch\u00e4ologie und Islamwissenschaft in M\u00fcnster sowie Angewandte Informatik in Duisburg. Ak\u00e7it kuratiert seit 2015 f\u00fcr das migrationspolitische Portal Heimatkunde der Heinrich-B\u00f6ll-Stiftung den \u201eZwischenraum f\u00fcr Kunst\u201c. Er ist Regionalsprecher des Verbandes deutscher Schriftstellerinnen und Schriftsteller (VS) und Beauftragter des VS NRW f\u00fcr die deutschsprachige Literatur mit multikulturellen Wurzeln. Seine Kurzgeschichten, Essays und Gedichte erschienen in zahlreichen Anthologien, Literaturzeitschriften, Magazinen und renommierten Online-Portalen. Seine Arbeitsschwerpunkte: Roman, Erz\u00e4hlung, politische Essays und literarische \u00dcbersetzungen aus und in die Sprachen: Deutsch, T\u00fcrkisch, Englisch. Hakan Ak\u00e7it lebt und arbeitet in Duisburg.","og_url":"https:\/\/www.edition-assemblage.de\/en\/a-z\/hakan-akcit\/","og_site_name":"edition assemblage","article_publisher":"https:\/\/www.facebook.com\/editionassemblage","article_modified_time":"2023-06-20T11:08:56+00:00","twitter_card":"summary_large_image","twitter_site":"@assemblage_news","schema":{"@context":"https:\/\/schema.org","@graph":[{"@type":"WebPage","@id":"https:\/\/www.edition-assemblage.de\/en\/a-z\/hakan-akcit\/","url":"https:\/\/www.edition-assemblage.de\/en\/a-z\/hakan-akcit\/","name":"Hakan Ak\u00e7it &#8211; edition assemblage &#8211; Autor*innen A-Z","isPartOf":{"@id":"https:\/\/www.edition-assemblage.de\/en\/#website"},"datePublished":"2022-12-05T16:15:48+00:00","dateModified":"2023-06-20T11:08:56+00:00","description":"Hakan Ak\u00e7it, Autor, Essayist und literarischer \u00dcbersetzer, geboren in Duisburg; Studium der Geschichte, Klassischen Arch\u00e4ologie und Islamwissenschaft in M\u00fcnster sowie Angewandte Informatik in Duisburg. Ak\u00e7it kuratiert seit 2015 f\u00fcr das migrationspolitische Portal Heimatkunde der Heinrich-B\u00f6ll-Stiftung den \u201eZwischenraum f\u00fcr Kunst\u201c. Er ist Regionalsprecher des Verbandes deutscher Schriftstellerinnen und Schriftsteller (VS) und Beauftragter des VS NRW f\u00fcr die deutschsprachige Literatur mit multikulturellen Wurzeln. Seine Kurzgeschichten, Essays und Gedichte erschienen in zahlreichen Anthologien, Literaturzeitschriften, Magazinen und renommierten Online-Portalen. Seine Arbeitsschwerpunkte: Roman, Erz\u00e4hlung, politische Essays und literarische \u00dcbersetzungen aus und in die Sprachen: Deutsch, T\u00fcrkisch, Englisch. Hakan Ak\u00e7it lebt und arbeitet in Duisburg.","breadcrumb":{"@id":"https:\/\/www.edition-assemblage.de\/en\/a-z\/hakan-akcit\/#breadcrumb"},"inLanguage":"en-US","potentialAction":[{"@type":"ReadAction","target":["https:\/\/www.edition-assemblage.de\/en\/a-z\/hakan-akcit\/"]}]},{"@type":"BreadcrumbList","@id":"https:\/\/www.edition-assemblage.de\/en\/a-z\/hakan-akcit\/#breadcrumb","itemListElement":[{"@type":"ListItem","position":1,"name":"Startseite","item":"https:\/\/www.edition-assemblage.de\/en\/"},{"@type":"ListItem","position":2,"name":"Personen","item":"https:\/\/www.edition-assemblage.de\/en\/a-z\/"},{"@type":"ListItem","position":3,"name":"Hakan Ak\u00e7it"}]},{"@type":"WebSite","@id":"https:\/\/www.edition-assemblage.de\/en\/#website","url":"https:\/\/www.edition-assemblage.de\/en\/","name":"edition assemblage","description":"Verlagskollektiv und gesellschaftskritisches, linkes, politisches und publizistisches Netzwerk.","publisher":{"@id":"https:\/\/www.edition-assemblage.de\/en\/#organization"},"potentialAction":[{"@type":"SearchAction","target":{"@type":"EntryPoint","urlTemplate":"https:\/\/www.edition-assemblage.de\/en\/?s={search_term_string}"},"query-input":{"@type":"PropertyValueSpecification","valueRequired":true,"valueName":"search_term_string"}}],"inLanguage":"en-US"},{"@type":"Organization","@id":"https:\/\/www.edition-assemblage.de\/en\/#organization","name":"edition assemblage","url":"https:\/\/www.edition-assemblage.de\/en\/","logo":{"@type":"ImageObject","inLanguage":"en-US","@id":"https:\/\/www.edition-assemblage.de\/en\/#\/schema\/logo\/image\/","url":"https:\/\/www.edition-assemblage.de\/wp-content\/uploads\/Logo_2022_3.png","contentUrl":"https:\/\/www.edition-assemblage.de\/wp-content\/uploads\/Logo_2022_3.png","width":1161,"height":618,"caption":"edition assemblage"},"image":{"@id":"https:\/\/www.edition-assemblage.de\/en\/#\/schema\/logo\/image\/"},"sameAs":["https:\/\/www.facebook.com\/editionassemblage","https:\/\/x.com\/assemblage_news","https:\/\/www.instagram.com\/edition_assemblage"]}]}},"_links":{"self":[{"href":"https:\/\/www.edition-assemblage.de\/en\/wp-json\/wp\/v2\/person\/4439","targetHints":{"allow":["GET"]}}],"collection":[{"href":"https:\/\/www.edition-assemblage.de\/en\/wp-json\/wp\/v2\/person"}],"about":[{"href":"https:\/\/www.edition-assemblage.de\/en\/wp-json\/wp\/v2\/types\/person"}],"wp:attachment":[{"href":"https:\/\/www.edition-assemblage.de\/en\/wp-json\/wp\/v2\/media?parent=4439"}],"curies":[{"name":"wp","href":"https:\/\/api.w.org\/{rel}","templated":true}]}}

Hakan Akçit

<!-- This site is optimized with the Yoast SEO plugin v26.7 - https://yoast.com/wordpress/plugins/seo/ -->
<title>Hakan Akçit &#8211; edition assemblage &#8211; Autor*innen A-Z</title>
<meta name="description" content="Hakan Akçit, Autor, Essayist und literarischer Übersetzer, geboren in Duisburg; Studium der Geschichte, Klassischen Archäologie und Islamwissenschaft in Münster sowie Angewandte Informatik in Duisburg. Akçit kuratiert seit 2015 für das migrationspolitische Portal Heimatkunde der Heinrich-Böll-Stiftung den „Zwischenraum für Kunst“. Er ist Regionalsprecher des Verbandes deutscher Schriftstellerinnen und Schriftsteller (VS) und Beauftragter des VS NRW für die deutschsprachige Literatur mit multikulturellen Wurzeln. Seine Kurzgeschichten, Essays und Gedichte erschienen in zahlreichen Anthologien, Literaturzeitschriften, Magazinen und renommierten Online-Portalen. Seine Arbeitsschwerpunkte: Roman, Erzählung, politische Essays und literarische Übersetzungen aus und in die Sprachen: Deutsch, Türkisch, Englisch. Hakan Akçit lebt und arbeitet in Duisburg." />
<meta name="robots" content="index, follow, max-snippet:-1, max-image-preview:large, max-video-preview:-1" />
<link rel="canonical" href="https://www.edition-assemblage.de/en/a-z/hakan-akcit/" />
<meta property="og:locale" content="en_US" />
<meta property="og:type" content="article" />
<meta property="og:title" content="Hakan Akçit &#8211; edition assemblage &#8211; Autor*innen A-Z" />
<meta property="og:description" content="Hakan Akçit, Autor, Essayist und literarischer Übersetzer, geboren in Duisburg; Studium der Geschichte, Klassischen Archäologie und Islamwissenschaft in Münster sowie Angewandte Informatik in Duisburg. Akçit kuratiert seit 2015 für das migrationspolitische Portal Heimatkunde der Heinrich-Böll-Stiftung den „Zwischenraum für Kunst“. Er ist Regionalsprecher des Verbandes deutscher Schriftstellerinnen und Schriftsteller (VS) und Beauftragter des VS NRW für die deutschsprachige Literatur mit multikulturellen Wurzeln. Seine Kurzgeschichten, Essays und Gedichte erschienen in zahlreichen Anthologien, Literaturzeitschriften, Magazinen und renommierten Online-Portalen. Seine Arbeitsschwerpunkte: Roman, Erzählung, politische Essays und literarische Übersetzungen aus und in die Sprachen: Deutsch, Türkisch, Englisch. Hakan Akçit lebt und arbeitet in Duisburg." />
<meta property="og:url" content="https://www.edition-assemblage.de/en/a-z/hakan-akcit/" />
<meta property="og:site_name" content="edition assemblage" />
<meta property="article:publisher" content="https://www.facebook.com/editionassemblage" />
<meta property="article:modified_time" content="2023-06-20T11:08:56+00:00" />
<meta name="twitter:card" content="summary_large_image" />
<meta name="twitter:site" content="@assemblage_news" />
<script type="application/ld+json" class="yoast-schema-graph">{"@context":"https://schema.org","@graph":[{"@type":"WebPage","@id":"https://www.edition-assemblage.de/en/a-z/hakan-akcit/","url":"https://www.edition-assemblage.de/en/a-z/hakan-akcit/","name":"Hakan Akçit &#8211; edition assemblage &#8211; Autor*innen A-Z","isPartOf":{"@id":"https://www.edition-assemblage.de/en/#website"},"datePublished":"2022-12-05T16:15:48+00:00","dateModified":"2023-06-20T11:08:56+00:00","description":"Hakan Akçit, Autor, Essayist und literarischer Übersetzer, geboren in Duisburg; Studium der Geschichte, Klassischen Archäologie und Islamwissenschaft in Münster sowie Angewandte Informatik in Duisburg. Akçit kuratiert seit 2015 für das migrationspolitische Portal Heimatkunde der Heinrich-Böll-Stiftung den „Zwischenraum für Kunst“. Er ist Regionalsprecher des Verbandes deutscher Schriftstellerinnen und Schriftsteller (VS) und Beauftragter des VS NRW für die deutschsprachige Literatur mit multikulturellen Wurzeln. Seine Kurzgeschichten, Essays und Gedichte erschienen in zahlreichen Anthologien, Literaturzeitschriften, Magazinen und renommierten Online-Portalen. Seine Arbeitsschwerpunkte: Roman, Erzählung, politische Essays und literarische Übersetzungen aus und in die Sprachen: Deutsch, Türkisch, Englisch. Hakan Akçit lebt und arbeitet in Duisburg.","breadcrumb":{"@id":"https://www.edition-assemblage.de/en/a-z/hakan-akcit/#breadcrumb"},"inLanguage":"en-US","potentialAction":[{"@type":"ReadAction","target":["https://www.edition-assemblage.de/en/a-z/hakan-akcit/"]}]},{"@type":"BreadcrumbList","@id":"https://www.edition-assemblage.de/en/a-z/hakan-akcit/#breadcrumb","itemListElement":[{"@type":"ListItem","position":1,"name":"Startseite","item":"https://www.edition-assemblage.de/en/"},{"@type":"ListItem","position":2,"name":"Personen","item":"https://www.edition-assemblage.de/en/a-z/"},{"@type":"ListItem","position":3,"name":"Hakan Akçit"}]},{"@type":"WebSite","@id":"https://www.edition-assemblage.de/en/#website","url":"https://www.edition-assemblage.de/en/","name":"edition assemblage","description":"Verlagskollektiv und gesellschaftskritisches, linkes, politisches und publizistisches Netzwerk.","publisher":{"@id":"https://www.edition-assemblage.de/en/#organization"},"potentialAction":[{"@type":"SearchAction","target":{"@type":"EntryPoint","urlTemplate":"https://www.edition-assemblage.de/en/?s={search_term_string}"},"query-input":{"@type":"PropertyValueSpecification","valueRequired":true,"valueName":"search_term_string"}}],"inLanguage":"en-US"},{"@type":"Organization","@id":"https://www.edition-assemblage.de/en/#organization","name":"edition assemblage","url":"https://www.edition-assemblage.de/en/","logo":{"@type":"ImageObject","inLanguage":"en-US","@id":"https://www.edition-assemblage.de/en/#/schema/logo/image/","url":"https://www.edition-assemblage.de/wp-content/uploads/Logo_2022_3.png","contentUrl":"https://www.edition-assemblage.de/wp-content/uploads/Logo_2022_3.png","width":1161,"height":618,"caption":"edition assemblage"},"image":{"@id":"https://www.edition-assemblage.de/en/#/schema/logo/image/"},"sameAs":["https://www.facebook.com/editionassemblage","https://x.com/assemblage_news","https://www.instagram.com/edition_assemblage"]}]}</script>
<!-- / Yoast SEO plugin. -->

Hakan Akçit &#8211; edition assemblage &#8211; Autor*innen A-Z

Hakan Akçit, Autor, Essayist und literarischer Übersetzer, geboren in Duisburg; Studium der Geschichte, Klassischen Archäologie und Islamwissenschaft in Münster sowie Angewandte Informatik in Duisburg. Akçit kuratiert seit 2015 für das migrationspolitische Portal Heimatkunde der Heinrich-Böll-Stiftung den „Zwischenraum für Kunst“. Er ist Regionalsprecher des Verbandes deutscher Schriftstellerinnen und Schriftsteller (VS) und Beauftragter des VS NRW für die deutschsprachige Literatur mit multikulturellen Wurzeln. Seine Kurzgeschichten, Essays und Gedichte erschienen in zahlreichen Anthologien, Literaturzeitschriften, Magazinen und renommierten Online-Portalen. Seine Arbeitsschwerpunkte: Roman, Erzählung, politische Essays und literarische Übersetzungen aus und in die Sprachen: Deutsch, Türkisch, Englisch. Hakan Akçit lebt und arbeitet in Duisburg.
