{"id":2665,"date":"2022-04-28T16:30:06","date_gmt":"2022-04-28T14:30:06","guid":{"rendered":"https:\/\/www.edition-assemblage.de\/?post_type=person&#038;p=2665"},"modified":"2022-04-28T16:30:06","modified_gmt":"2022-04-28T14:30:06","slug":"djamila-ribeiro","status":"publish","type":"person","link":"https:\/\/www.edition-assemblage.de\/en\/a-z\/djamila-ribeiro\/","title":{"rendered":"Djamila Ribeiro"},"template":"","class_list":["post-2665","person","type-person","status-publish","hentry","entry"],"yoast_head":"<!-- This site is optimized with the Yoast SEO plugin v26.7 - https:\/\/yoast.com\/wordpress\/plugins\/seo\/ -->\n<title>Djamila Ribeiro &#8211; edition assemblage &#8211; Autor*innen A-Z<\/title>\n<meta name=\"description\" content=\"Djamila Ta\u00eds Ribeiro dos Santos ist Autorin, Kolumnistin und Dozentin. Sie hat Abschl\u00fcsse in Philosophie und in politischer Philosophie der Bundesuniversit\u00e4t S\u00e3o Paulo. Ihre Werke \u00fcber Feminismus, Intersektionalit\u00e4t und Rassismus wurden in mehrere Sprachen \u00fcbersetzt.\" \/>\n<meta name=\"robots\" content=\"index, follow, max-snippet:-1, max-image-preview:large, max-video-preview:-1\" \/>\n<link rel=\"canonical\" href=\"https:\/\/www.edition-assemblage.de\/en\/a-z\/djamila-ribeiro\/\" \/>\n<meta property=\"og:locale\" content=\"en_US\" \/>\n<meta property=\"og:type\" content=\"article\" \/>\n<meta property=\"og:title\" content=\"Djamila Ribeiro &#8211; edition assemblage &#8211; Autor*innen A-Z\" \/>\n<meta property=\"og:description\" content=\"Djamila Ta\u00eds Ribeiro dos Santos ist Autorin, Kolumnistin und Dozentin. Sie hat Abschl\u00fcsse in Philosophie und in politischer Philosophie der Bundesuniversit\u00e4t S\u00e3o Paulo. Ihre Werke \u00fcber Feminismus, Intersektionalit\u00e4t und Rassismus wurden in mehrere Sprachen \u00fcbersetzt.\" \/>\n<meta property=\"og:url\" content=\"https:\/\/www.edition-assemblage.de\/en\/a-z\/djamila-ribeiro\/\" \/>\n<meta property=\"og:site_name\" content=\"edition assemblage\" \/>\n<meta property=\"article:publisher\" content=\"https:\/\/www.facebook.com\/editionassemblage\" \/>\n<meta name=\"twitter:card\" content=\"summary_large_image\" \/>\n<meta name=\"twitter:site\" content=\"@assemblage_news\" \/>\n<script type=\"application\/ld+json\" class=\"yoast-schema-graph\">{\"@context\":\"https:\/\/schema.org\",\"@graph\":[{\"@type\":\"WebPage\",\"@id\":\"https:\/\/www.edition-assemblage.de\/en\/a-z\/djamila-ribeiro\/\",\"url\":\"https:\/\/www.edition-assemblage.de\/en\/a-z\/djamila-ribeiro\/\",\"name\":\"Djamila Ribeiro &#8211; edition assemblage &#8211; Autor*innen A-Z\",\"isPartOf\":{\"@id\":\"https:\/\/www.edition-assemblage.de\/en\/#website\"},\"datePublished\":\"2022-04-28T14:30:06+00:00\",\"description\":\"Djamila Ta\u00eds Ribeiro dos Santos ist Autorin, Kolumnistin und Dozentin. Sie hat Abschl\u00fcsse in Philosophie und in politischer Philosophie der Bundesuniversit\u00e4t S\u00e3o Paulo. Ihre Werke \u00fcber Feminismus, Intersektionalit\u00e4t und Rassismus wurden in mehrere Sprachen \u00fcbersetzt.\",\"breadcrumb\":{\"@id\":\"https:\/\/www.edition-assemblage.de\/en\/a-z\/djamila-ribeiro\/#breadcrumb\"},\"inLanguage\":\"en-US\",\"potentialAction\":[{\"@type\":\"ReadAction\",\"target\":[\"https:\/\/www.edition-assemblage.de\/en\/a-z\/djamila-ribeiro\/\"]}]},{\"@type\":\"BreadcrumbList\",\"@id\":\"https:\/\/www.edition-assemblage.de\/en\/a-z\/djamila-ribeiro\/#breadcrumb\",\"itemListElement\":[{\"@type\":\"ListItem\",\"position\":1,\"name\":\"Startseite\",\"item\":\"https:\/\/www.edition-assemblage.de\/en\/\"},{\"@type\":\"ListItem\",\"position\":2,\"name\":\"Personen\",\"item\":\"https:\/\/www.edition-assemblage.de\/en\/a-z\/\"},{\"@type\":\"ListItem\",\"position\":3,\"name\":\"Djamila Ribeiro\"}]},{\"@type\":\"WebSite\",\"@id\":\"https:\/\/www.edition-assemblage.de\/en\/#website\",\"url\":\"https:\/\/www.edition-assemblage.de\/en\/\",\"name\":\"edition assemblage\",\"description\":\"Verlagskollektiv und gesellschaftskritisches, linkes, politisches und publizistisches Netzwerk.\",\"publisher\":{\"@id\":\"https:\/\/www.edition-assemblage.de\/en\/#organization\"},\"potentialAction\":[{\"@type\":\"SearchAction\",\"target\":{\"@type\":\"EntryPoint\",\"urlTemplate\":\"https:\/\/www.edition-assemblage.de\/en\/?s={search_term_string}\"},\"query-input\":{\"@type\":\"PropertyValueSpecification\",\"valueRequired\":true,\"valueName\":\"search_term_string\"}}],\"inLanguage\":\"en-US\"},{\"@type\":\"Organization\",\"@id\":\"https:\/\/www.edition-assemblage.de\/en\/#organization\",\"name\":\"edition assemblage\",\"url\":\"https:\/\/www.edition-assemblage.de\/en\/\",\"logo\":{\"@type\":\"ImageObject\",\"inLanguage\":\"en-US\",\"@id\":\"https:\/\/www.edition-assemblage.de\/en\/#\/schema\/logo\/image\/\",\"url\":\"https:\/\/www.edition-assemblage.de\/wp-content\/uploads\/Logo_2022_3.png\",\"contentUrl\":\"https:\/\/www.edition-assemblage.de\/wp-content\/uploads\/Logo_2022_3.png\",\"width\":1161,\"height\":618,\"caption\":\"edition assemblage\"},\"image\":{\"@id\":\"https:\/\/www.edition-assemblage.de\/en\/#\/schema\/logo\/image\/\"},\"sameAs\":[\"https:\/\/www.facebook.com\/editionassemblage\",\"https:\/\/x.com\/assemblage_news\",\"https:\/\/www.instagram.com\/edition_assemblage\"]}]}<\/script>\n<!-- \/ Yoast SEO plugin. -->","yoast_head_json":{"title":"Djamila Ribeiro &#8211; edition assemblage &#8211; Autor*innen A-Z","description":"Djamila Ta\u00eds Ribeiro dos Santos ist Autorin, Kolumnistin und Dozentin. Sie hat Abschl\u00fcsse in Philosophie und in politischer Philosophie der Bundesuniversit\u00e4t S\u00e3o Paulo. Ihre Werke \u00fcber Feminismus, Intersektionalit\u00e4t und Rassismus wurden in mehrere Sprachen \u00fcbersetzt.","robots":{"index":"index","follow":"follow","max-snippet":"max-snippet:-1","max-image-preview":"max-image-preview:large","max-video-preview":"max-video-preview:-1"},"canonical":"https:\/\/www.edition-assemblage.de\/en\/a-z\/djamila-ribeiro\/","og_locale":"en_US","og_type":"article","og_title":"Djamila Ribeiro &#8211; edition assemblage &#8211; Autor*innen A-Z","og_description":"Djamila Ta\u00eds Ribeiro dos Santos ist Autorin, Kolumnistin und Dozentin. Sie hat Abschl\u00fcsse in Philosophie und in politischer Philosophie der Bundesuniversit\u00e4t S\u00e3o Paulo. Ihre Werke \u00fcber Feminismus, Intersektionalit\u00e4t und Rassismus wurden in mehrere Sprachen \u00fcbersetzt.","og_url":"https:\/\/www.edition-assemblage.de\/en\/a-z\/djamila-ribeiro\/","og_site_name":"edition assemblage","article_publisher":"https:\/\/www.facebook.com\/editionassemblage","twitter_card":"summary_large_image","twitter_site":"@assemblage_news","schema":{"@context":"https:\/\/schema.org","@graph":[{"@type":"WebPage","@id":"https:\/\/www.edition-assemblage.de\/en\/a-z\/djamila-ribeiro\/","url":"https:\/\/www.edition-assemblage.de\/en\/a-z\/djamila-ribeiro\/","name":"Djamila Ribeiro &#8211; edition assemblage &#8211; Autor*innen A-Z","isPartOf":{"@id":"https:\/\/www.edition-assemblage.de\/en\/#website"},"datePublished":"2022-04-28T14:30:06+00:00","description":"Djamila Ta\u00eds Ribeiro dos Santos ist Autorin, Kolumnistin und Dozentin. Sie hat Abschl\u00fcsse in Philosophie und in politischer Philosophie der Bundesuniversit\u00e4t S\u00e3o Paulo. Ihre Werke \u00fcber Feminismus, Intersektionalit\u00e4t und Rassismus wurden in mehrere Sprachen \u00fcbersetzt.","breadcrumb":{"@id":"https:\/\/www.edition-assemblage.de\/en\/a-z\/djamila-ribeiro\/#breadcrumb"},"inLanguage":"en-US","potentialAction":[{"@type":"ReadAction","target":["https:\/\/www.edition-assemblage.de\/en\/a-z\/djamila-ribeiro\/"]}]},{"@type":"BreadcrumbList","@id":"https:\/\/www.edition-assemblage.de\/en\/a-z\/djamila-ribeiro\/#breadcrumb","itemListElement":[{"@type":"ListItem","position":1,"name":"Startseite","item":"https:\/\/www.edition-assemblage.de\/en\/"},{"@type":"ListItem","position":2,"name":"Personen","item":"https:\/\/www.edition-assemblage.de\/en\/a-z\/"},{"@type":"ListItem","position":3,"name":"Djamila Ribeiro"}]},{"@type":"WebSite","@id":"https:\/\/www.edition-assemblage.de\/en\/#website","url":"https:\/\/www.edition-assemblage.de\/en\/","name":"edition assemblage","description":"Verlagskollektiv und gesellschaftskritisches, linkes, politisches und publizistisches Netzwerk.","publisher":{"@id":"https:\/\/www.edition-assemblage.de\/en\/#organization"},"potentialAction":[{"@type":"SearchAction","target":{"@type":"EntryPoint","urlTemplate":"https:\/\/www.edition-assemblage.de\/en\/?s={search_term_string}"},"query-input":{"@type":"PropertyValueSpecification","valueRequired":true,"valueName":"search_term_string"}}],"inLanguage":"en-US"},{"@type":"Organization","@id":"https:\/\/www.edition-assemblage.de\/en\/#organization","name":"edition assemblage","url":"https:\/\/www.edition-assemblage.de\/en\/","logo":{"@type":"ImageObject","inLanguage":"en-US","@id":"https:\/\/www.edition-assemblage.de\/en\/#\/schema\/logo\/image\/","url":"https:\/\/www.edition-assemblage.de\/wp-content\/uploads\/Logo_2022_3.png","contentUrl":"https:\/\/www.edition-assemblage.de\/wp-content\/uploads\/Logo_2022_3.png","width":1161,"height":618,"caption":"edition assemblage"},"image":{"@id":"https:\/\/www.edition-assemblage.de\/en\/#\/schema\/logo\/image\/"},"sameAs":["https:\/\/www.facebook.com\/editionassemblage","https:\/\/x.com\/assemblage_news","https:\/\/www.instagram.com\/edition_assemblage"]}]}},"_links":{"self":[{"href":"https:\/\/www.edition-assemblage.de\/en\/wp-json\/wp\/v2\/person\/2665","targetHints":{"allow":["GET"]}}],"collection":[{"href":"https:\/\/www.edition-assemblage.de\/en\/wp-json\/wp\/v2\/person"}],"about":[{"href":"https:\/\/www.edition-assemblage.de\/en\/wp-json\/wp\/v2\/types\/person"}],"wp:attachment":[{"href":"https:\/\/www.edition-assemblage.de\/en\/wp-json\/wp\/v2\/media?parent=2665"}],"curies":[{"name":"wp","href":"https:\/\/api.w.org\/{rel}","templated":true}]}}

<!-- This site is optimized with the Yoast SEO plugin v26.7 - https://yoast.com/wordpress/plugins/seo/ -->
<title>Djamila Ribeiro &#8211; edition assemblage &#8211; Autor*innen A-Z</title>
<meta name="description" content="Djamila Taís Ribeiro dos Santos ist Autorin, Kolumnistin und Dozentin. Sie hat Abschlüsse in Philosophie und in politischer Philosophie der Bundesuniversität São Paulo. Ihre Werke über Feminismus, Intersektionalität und Rassismus wurden in mehrere Sprachen übersetzt." />
<meta name="robots" content="index, follow, max-snippet:-1, max-image-preview:large, max-video-preview:-1" />
<link rel="canonical" href="https://www.edition-assemblage.de/en/a-z/djamila-ribeiro/" />
<meta property="og:locale" content="en_US" />
<meta property="og:type" content="article" />
<meta property="og:title" content="Djamila Ribeiro &#8211; edition assemblage &#8211; Autor*innen A-Z" />
<meta property="og:description" content="Djamila Taís Ribeiro dos Santos ist Autorin, Kolumnistin und Dozentin. Sie hat Abschlüsse in Philosophie und in politischer Philosophie der Bundesuniversität São Paulo. Ihre Werke über Feminismus, Intersektionalität und Rassismus wurden in mehrere Sprachen übersetzt." />
<meta property="og:url" content="https://www.edition-assemblage.de/en/a-z/djamila-ribeiro/" />
<meta property="og:site_name" content="edition assemblage" />
<meta property="article:publisher" content="https://www.facebook.com/editionassemblage" />
<meta name="twitter:card" content="summary_large_image" />
<meta name="twitter:site" content="@assemblage_news" />
<script type="application/ld+json" class="yoast-schema-graph">{"@context":"https://schema.org","@graph":[{"@type":"WebPage","@id":"https://www.edition-assemblage.de/en/a-z/djamila-ribeiro/","url":"https://www.edition-assemblage.de/en/a-z/djamila-ribeiro/","name":"Djamila Ribeiro &#8211; edition assemblage &#8211; Autor*innen A-Z","isPartOf":{"@id":"https://www.edition-assemblage.de/en/#website"},"datePublished":"2022-04-28T14:30:06+00:00","description":"Djamila Taís Ribeiro dos Santos ist Autorin, Kolumnistin und Dozentin. Sie hat Abschlüsse in Philosophie und in politischer Philosophie der Bundesuniversität São Paulo. Ihre Werke über Feminismus, Intersektionalität und Rassismus wurden in mehrere Sprachen übersetzt.","breadcrumb":{"@id":"https://www.edition-assemblage.de/en/a-z/djamila-ribeiro/#breadcrumb"},"inLanguage":"en-US","potentialAction":[{"@type":"ReadAction","target":["https://www.edition-assemblage.de/en/a-z/djamila-ribeiro/"]}]},{"@type":"BreadcrumbList","@id":"https://www.edition-assemblage.de/en/a-z/djamila-ribeiro/#breadcrumb","itemListElement":[{"@type":"ListItem","position":1,"name":"Startseite","item":"https://www.edition-assemblage.de/en/"},{"@type":"ListItem","position":2,"name":"Personen","item":"https://www.edition-assemblage.de/en/a-z/"},{"@type":"ListItem","position":3,"name":"Djamila Ribeiro"}]},{"@type":"WebSite","@id":"https://www.edition-assemblage.de/en/#website","url":"https://www.edition-assemblage.de/en/","name":"edition assemblage","description":"Verlagskollektiv und gesellschaftskritisches, linkes, politisches und publizistisches Netzwerk.","publisher":{"@id":"https://www.edition-assemblage.de/en/#organization"},"potentialAction":[{"@type":"SearchAction","target":{"@type":"EntryPoint","urlTemplate":"https://www.edition-assemblage.de/en/?s={search_term_string}"},"query-input":{"@type":"PropertyValueSpecification","valueRequired":true,"valueName":"search_term_string"}}],"inLanguage":"en-US"},{"@type":"Organization","@id":"https://www.edition-assemblage.de/en/#organization","name":"edition assemblage","url":"https://www.edition-assemblage.de/en/","logo":{"@type":"ImageObject","inLanguage":"en-US","@id":"https://www.edition-assemblage.de/en/#/schema/logo/image/","url":"https://www.edition-assemblage.de/wp-content/uploads/Logo_2022_3.png","contentUrl":"https://www.edition-assemblage.de/wp-content/uploads/Logo_2022_3.png","width":1161,"height":618,"caption":"edition assemblage"},"image":{"@id":"https://www.edition-assemblage.de/en/#/schema/logo/image/"},"sameAs":["https://www.facebook.com/editionassemblage","https://x.com/assemblage_news","https://www.instagram.com/edition_assemblage"]}]}</script>
<!-- / Yoast SEO plugin. -->

Djamila Taís Ribeiro dos Santos ist Autorin, Kolumnistin und Dozentin. Sie hat Abschlüsse in Philosophie und in politischer Philosophie der Bundesuniversität São Paulo. Ihre Werke über Feminismus, Intersektionalität und Rassismus wurden in mehrere Sprachen übersetzt.
