{"id":2174,"date":"2022-04-05T14:40:24","date_gmt":"2022-04-05T12:40:24","guid":{"rendered":"https:\/\/www.edition-assemblage.de\/?post_type=person&#038;p=2174"},"modified":"2023-06-20T12:53:32","modified_gmt":"2023-06-20T10:53:32","slug":"nadire-biskin","status":"publish","type":"person","link":"https:\/\/www.edition-assemblage.de\/en\/a-z\/nadire-biskin\/","title":{"rendered":"Nadire Biskin"},"template":"","class_list":["post-2174","person","type-person","status-publish","hentry","entry"],"yoast_head":"<!-- This site is optimized with the Yoast SEO plugin v26.7 - https:\/\/yoast.com\/wordpress\/plugins\/seo\/ -->\n<title>Nadire Biskin &#8211; edition assemblage &#8211; Autor*innen A-Z<\/title>\n<meta name=\"description\" content=\"Nadire Biskin, *1987 in Berlin-Wedding, hat Philosophie, Ethik und Spanisch an der Humboldt Universit\u00e4t studiert. Sie schreibt journalistische Texte, Essays und Prosa. Ihre Arbeit wurde in verschieden Medien ver\u00f6ffentlicht. Ihr Deb\u00fctroman \u201eEin Spiegel f\u00fcr mein Gegen\u00fcber\u201c (dtv) ist Anfang 2022 erschienen.\" \/>\n<meta name=\"robots\" content=\"index, follow, max-snippet:-1, max-image-preview:large, max-video-preview:-1\" \/>\n<link rel=\"canonical\" href=\"https:\/\/www.edition-assemblage.de\/en\/a-z\/nadire-biskin\/\" \/>\n<meta property=\"og:locale\" content=\"en_US\" \/>\n<meta property=\"og:type\" content=\"article\" \/>\n<meta property=\"og:title\" content=\"Nadire Biskin &#8211; edition assemblage &#8211; Autor*innen A-Z\" \/>\n<meta property=\"og:description\" content=\"Nadire Biskin, *1987 in Berlin-Wedding, hat Philosophie, Ethik und Spanisch an der Humboldt Universit\u00e4t studiert. Sie schreibt journalistische Texte, Essays und Prosa. Ihre Arbeit wurde in verschieden Medien ver\u00f6ffentlicht. Ihr Deb\u00fctroman \u201eEin Spiegel f\u00fcr mein Gegen\u00fcber\u201c (dtv) ist Anfang 2022 erschienen.\" \/>\n<meta property=\"og:url\" content=\"https:\/\/www.edition-assemblage.de\/en\/a-z\/nadire-biskin\/\" \/>\n<meta property=\"og:site_name\" content=\"edition assemblage\" \/>\n<meta property=\"article:publisher\" content=\"https:\/\/www.facebook.com\/editionassemblage\" \/>\n<meta property=\"article:modified_time\" content=\"2023-06-20T10:53:32+00:00\" \/>\n<meta name=\"twitter:card\" content=\"summary_large_image\" \/>\n<meta name=\"twitter:site\" content=\"@assemblage_news\" \/>\n<script type=\"application\/ld+json\" class=\"yoast-schema-graph\">{\"@context\":\"https:\/\/schema.org\",\"@graph\":[{\"@type\":\"WebPage\",\"@id\":\"https:\/\/www.edition-assemblage.de\/en\/a-z\/nadire-biskin\/\",\"url\":\"https:\/\/www.edition-assemblage.de\/en\/a-z\/nadire-biskin\/\",\"name\":\"Nadire Biskin &#8211; edition assemblage &#8211; Autor*innen A-Z\",\"isPartOf\":{\"@id\":\"https:\/\/www.edition-assemblage.de\/en\/#website\"},\"datePublished\":\"2022-04-05T12:40:24+00:00\",\"dateModified\":\"2023-06-20T10:53:32+00:00\",\"description\":\"Nadire Biskin, *1987 in Berlin-Wedding, hat Philosophie, Ethik und Spanisch an der Humboldt Universit\u00e4t studiert. Sie schreibt journalistische Texte, Essays und Prosa. Ihre Arbeit wurde in verschieden Medien ver\u00f6ffentlicht. Ihr Deb\u00fctroman \u201eEin Spiegel f\u00fcr mein Gegen\u00fcber\u201c (dtv) ist Anfang 2022 erschienen.\",\"breadcrumb\":{\"@id\":\"https:\/\/www.edition-assemblage.de\/en\/a-z\/nadire-biskin\/#breadcrumb\"},\"inLanguage\":\"en-US\",\"potentialAction\":[{\"@type\":\"ReadAction\",\"target\":[\"https:\/\/www.edition-assemblage.de\/en\/a-z\/nadire-biskin\/\"]}]},{\"@type\":\"BreadcrumbList\",\"@id\":\"https:\/\/www.edition-assemblage.de\/en\/a-z\/nadire-biskin\/#breadcrumb\",\"itemListElement\":[{\"@type\":\"ListItem\",\"position\":1,\"name\":\"Startseite\",\"item\":\"https:\/\/www.edition-assemblage.de\/en\/\"},{\"@type\":\"ListItem\",\"position\":2,\"name\":\"Personen\",\"item\":\"https:\/\/www.edition-assemblage.de\/en\/a-z\/\"},{\"@type\":\"ListItem\",\"position\":3,\"name\":\"Nadire Biskin\"}]},{\"@type\":\"WebSite\",\"@id\":\"https:\/\/www.edition-assemblage.de\/en\/#website\",\"url\":\"https:\/\/www.edition-assemblage.de\/en\/\",\"name\":\"edition assemblage\",\"description\":\"Verlagskollektiv und gesellschaftskritisches, linkes, politisches und publizistisches Netzwerk.\",\"publisher\":{\"@id\":\"https:\/\/www.edition-assemblage.de\/en\/#organization\"},\"potentialAction\":[{\"@type\":\"SearchAction\",\"target\":{\"@type\":\"EntryPoint\",\"urlTemplate\":\"https:\/\/www.edition-assemblage.de\/en\/?s={search_term_string}\"},\"query-input\":{\"@type\":\"PropertyValueSpecification\",\"valueRequired\":true,\"valueName\":\"search_term_string\"}}],\"inLanguage\":\"en-US\"},{\"@type\":\"Organization\",\"@id\":\"https:\/\/www.edition-assemblage.de\/en\/#organization\",\"name\":\"edition assemblage\",\"url\":\"https:\/\/www.edition-assemblage.de\/en\/\",\"logo\":{\"@type\":\"ImageObject\",\"inLanguage\":\"en-US\",\"@id\":\"https:\/\/www.edition-assemblage.de\/en\/#\/schema\/logo\/image\/\",\"url\":\"https:\/\/www.edition-assemblage.de\/wp-content\/uploads\/Logo_2022_3.png\",\"contentUrl\":\"https:\/\/www.edition-assemblage.de\/wp-content\/uploads\/Logo_2022_3.png\",\"width\":1161,\"height\":618,\"caption\":\"edition assemblage\"},\"image\":{\"@id\":\"https:\/\/www.edition-assemblage.de\/en\/#\/schema\/logo\/image\/\"},\"sameAs\":[\"https:\/\/www.facebook.com\/editionassemblage\",\"https:\/\/x.com\/assemblage_news\",\"https:\/\/www.instagram.com\/edition_assemblage\"]}]}<\/script>\n<!-- \/ Yoast SEO plugin. -->","yoast_head_json":{"title":"Nadire Biskin &#8211; edition assemblage &#8211; Autor*innen A-Z","description":"Nadire Biskin, *1987 in Berlin-Wedding, hat Philosophie, Ethik und Spanisch an der Humboldt Universit\u00e4t studiert. Sie schreibt journalistische Texte, Essays und Prosa. Ihre Arbeit wurde in verschieden Medien ver\u00f6ffentlicht. Ihr Deb\u00fctroman \u201eEin Spiegel f\u00fcr mein Gegen\u00fcber\u201c (dtv) ist Anfang 2022 erschienen.","robots":{"index":"index","follow":"follow","max-snippet":"max-snippet:-1","max-image-preview":"max-image-preview:large","max-video-preview":"max-video-preview:-1"},"canonical":"https:\/\/www.edition-assemblage.de\/en\/a-z\/nadire-biskin\/","og_locale":"en_US","og_type":"article","og_title":"Nadire Biskin &#8211; edition assemblage &#8211; Autor*innen A-Z","og_description":"Nadire Biskin, *1987 in Berlin-Wedding, hat Philosophie, Ethik und Spanisch an der Humboldt Universit\u00e4t studiert. Sie schreibt journalistische Texte, Essays und Prosa. Ihre Arbeit wurde in verschieden Medien ver\u00f6ffentlicht. Ihr Deb\u00fctroman \u201eEin Spiegel f\u00fcr mein Gegen\u00fcber\u201c (dtv) ist Anfang 2022 erschienen.","og_url":"https:\/\/www.edition-assemblage.de\/en\/a-z\/nadire-biskin\/","og_site_name":"edition assemblage","article_publisher":"https:\/\/www.facebook.com\/editionassemblage","article_modified_time":"2023-06-20T10:53:32+00:00","twitter_card":"summary_large_image","twitter_site":"@assemblage_news","schema":{"@context":"https:\/\/schema.org","@graph":[{"@type":"WebPage","@id":"https:\/\/www.edition-assemblage.de\/en\/a-z\/nadire-biskin\/","url":"https:\/\/www.edition-assemblage.de\/en\/a-z\/nadire-biskin\/","name":"Nadire Biskin &#8211; edition assemblage &#8211; Autor*innen A-Z","isPartOf":{"@id":"https:\/\/www.edition-assemblage.de\/en\/#website"},"datePublished":"2022-04-05T12:40:24+00:00","dateModified":"2023-06-20T10:53:32+00:00","description":"Nadire Biskin, *1987 in Berlin-Wedding, hat Philosophie, Ethik und Spanisch an der Humboldt Universit\u00e4t studiert. Sie schreibt journalistische Texte, Essays und Prosa. Ihre Arbeit wurde in verschieden Medien ver\u00f6ffentlicht. Ihr Deb\u00fctroman \u201eEin Spiegel f\u00fcr mein Gegen\u00fcber\u201c (dtv) ist Anfang 2022 erschienen.","breadcrumb":{"@id":"https:\/\/www.edition-assemblage.de\/en\/a-z\/nadire-biskin\/#breadcrumb"},"inLanguage":"en-US","potentialAction":[{"@type":"ReadAction","target":["https:\/\/www.edition-assemblage.de\/en\/a-z\/nadire-biskin\/"]}]},{"@type":"BreadcrumbList","@id":"https:\/\/www.edition-assemblage.de\/en\/a-z\/nadire-biskin\/#breadcrumb","itemListElement":[{"@type":"ListItem","position":1,"name":"Startseite","item":"https:\/\/www.edition-assemblage.de\/en\/"},{"@type":"ListItem","position":2,"name":"Personen","item":"https:\/\/www.edition-assemblage.de\/en\/a-z\/"},{"@type":"ListItem","position":3,"name":"Nadire Biskin"}]},{"@type":"WebSite","@id":"https:\/\/www.edition-assemblage.de\/en\/#website","url":"https:\/\/www.edition-assemblage.de\/en\/","name":"edition assemblage","description":"Verlagskollektiv und gesellschaftskritisches, linkes, politisches und publizistisches Netzwerk.","publisher":{"@id":"https:\/\/www.edition-assemblage.de\/en\/#organization"},"potentialAction":[{"@type":"SearchAction","target":{"@type":"EntryPoint","urlTemplate":"https:\/\/www.edition-assemblage.de\/en\/?s={search_term_string}"},"query-input":{"@type":"PropertyValueSpecification","valueRequired":true,"valueName":"search_term_string"}}],"inLanguage":"en-US"},{"@type":"Organization","@id":"https:\/\/www.edition-assemblage.de\/en\/#organization","name":"edition assemblage","url":"https:\/\/www.edition-assemblage.de\/en\/","logo":{"@type":"ImageObject","inLanguage":"en-US","@id":"https:\/\/www.edition-assemblage.de\/en\/#\/schema\/logo\/image\/","url":"https:\/\/www.edition-assemblage.de\/wp-content\/uploads\/Logo_2022_3.png","contentUrl":"https:\/\/www.edition-assemblage.de\/wp-content\/uploads\/Logo_2022_3.png","width":1161,"height":618,"caption":"edition assemblage"},"image":{"@id":"https:\/\/www.edition-assemblage.de\/en\/#\/schema\/logo\/image\/"},"sameAs":["https:\/\/www.facebook.com\/editionassemblage","https:\/\/x.com\/assemblage_news","https:\/\/www.instagram.com\/edition_assemblage"]}]}},"_links":{"self":[{"href":"https:\/\/www.edition-assemblage.de\/en\/wp-json\/wp\/v2\/person\/2174","targetHints":{"allow":["GET"]}}],"collection":[{"href":"https:\/\/www.edition-assemblage.de\/en\/wp-json\/wp\/v2\/person"}],"about":[{"href":"https:\/\/www.edition-assemblage.de\/en\/wp-json\/wp\/v2\/types\/person"}],"wp:attachment":[{"href":"https:\/\/www.edition-assemblage.de\/en\/wp-json\/wp\/v2\/media?parent=2174"}],"curies":[{"name":"wp","href":"https:\/\/api.w.org\/{rel}","templated":true}]}}

<!-- This site is optimized with the Yoast SEO plugin v26.7 - https://yoast.com/wordpress/plugins/seo/ -->
<title>Nadire Biskin &#8211; edition assemblage &#8211; Autor*innen A-Z</title>
<meta name="description" content="Nadire Biskin, *1987 in Berlin-Wedding, hat Philosophie, Ethik und Spanisch an der Humboldt Universität studiert. Sie schreibt journalistische Texte, Essays und Prosa. Ihre Arbeit wurde in verschieden Medien veröffentlicht. Ihr Debütroman „Ein Spiegel für mein Gegenüber“ (dtv) ist Anfang 2022 erschienen." />
<meta name="robots" content="index, follow, max-snippet:-1, max-image-preview:large, max-video-preview:-1" />
<link rel="canonical" href="https://www.edition-assemblage.de/en/a-z/nadire-biskin/" />
<meta property="og:locale" content="en_US" />
<meta property="og:type" content="article" />
<meta property="og:title" content="Nadire Biskin &#8211; edition assemblage &#8211; Autor*innen A-Z" />
<meta property="og:description" content="Nadire Biskin, *1987 in Berlin-Wedding, hat Philosophie, Ethik und Spanisch an der Humboldt Universität studiert. Sie schreibt journalistische Texte, Essays und Prosa. Ihre Arbeit wurde in verschieden Medien veröffentlicht. Ihr Debütroman „Ein Spiegel für mein Gegenüber“ (dtv) ist Anfang 2022 erschienen." />
<meta property="og:url" content="https://www.edition-assemblage.de/en/a-z/nadire-biskin/" />
<meta property="og:site_name" content="edition assemblage" />
<meta property="article:publisher" content="https://www.facebook.com/editionassemblage" />
<meta property="article:modified_time" content="2023-06-20T10:53:32+00:00" />
<meta name="twitter:card" content="summary_large_image" />
<meta name="twitter:site" content="@assemblage_news" />
<script type="application/ld+json" class="yoast-schema-graph">{"@context":"https://schema.org","@graph":[{"@type":"WebPage","@id":"https://www.edition-assemblage.de/en/a-z/nadire-biskin/","url":"https://www.edition-assemblage.de/en/a-z/nadire-biskin/","name":"Nadire Biskin &#8211; edition assemblage &#8211; Autor*innen A-Z","isPartOf":{"@id":"https://www.edition-assemblage.de/en/#website"},"datePublished":"2022-04-05T12:40:24+00:00","dateModified":"2023-06-20T10:53:32+00:00","description":"Nadire Biskin, *1987 in Berlin-Wedding, hat Philosophie, Ethik und Spanisch an der Humboldt Universität studiert. Sie schreibt journalistische Texte, Essays und Prosa. Ihre Arbeit wurde in verschieden Medien veröffentlicht. Ihr Debütroman „Ein Spiegel für mein Gegenüber“ (dtv) ist Anfang 2022 erschienen.","breadcrumb":{"@id":"https://www.edition-assemblage.de/en/a-z/nadire-biskin/#breadcrumb"},"inLanguage":"en-US","potentialAction":[{"@type":"ReadAction","target":["https://www.edition-assemblage.de/en/a-z/nadire-biskin/"]}]},{"@type":"BreadcrumbList","@id":"https://www.edition-assemblage.de/en/a-z/nadire-biskin/#breadcrumb","itemListElement":[{"@type":"ListItem","position":1,"name":"Startseite","item":"https://www.edition-assemblage.de/en/"},{"@type":"ListItem","position":2,"name":"Personen","item":"https://www.edition-assemblage.de/en/a-z/"},{"@type":"ListItem","position":3,"name":"Nadire Biskin"}]},{"@type":"WebSite","@id":"https://www.edition-assemblage.de/en/#website","url":"https://www.edition-assemblage.de/en/","name":"edition assemblage","description":"Verlagskollektiv und gesellschaftskritisches, linkes, politisches und publizistisches Netzwerk.","publisher":{"@id":"https://www.edition-assemblage.de/en/#organization"},"potentialAction":[{"@type":"SearchAction","target":{"@type":"EntryPoint","urlTemplate":"https://www.edition-assemblage.de/en/?s={search_term_string}"},"query-input":{"@type":"PropertyValueSpecification","valueRequired":true,"valueName":"search_term_string"}}],"inLanguage":"en-US"},{"@type":"Organization","@id":"https://www.edition-assemblage.de/en/#organization","name":"edition assemblage","url":"https://www.edition-assemblage.de/en/","logo":{"@type":"ImageObject","inLanguage":"en-US","@id":"https://www.edition-assemblage.de/en/#/schema/logo/image/","url":"https://www.edition-assemblage.de/wp-content/uploads/Logo_2022_3.png","contentUrl":"https://www.edition-assemblage.de/wp-content/uploads/Logo_2022_3.png","width":1161,"height":618,"caption":"edition assemblage"},"image":{"@id":"https://www.edition-assemblage.de/en/#/schema/logo/image/"},"sameAs":["https://www.facebook.com/editionassemblage","https://x.com/assemblage_news","https://www.instagram.com/edition_assemblage"]}]}</script>
<!-- / Yoast SEO plugin. -->

Nadire Biskin, *1987 in Berlin-Wedding, hat Philosophie, Ethik und Spanisch an der Humboldt Universität studiert. Sie schreibt journalistische Texte, Essays und Prosa. Ihre Arbeit wurde in verschieden Medien veröffentlicht. Ihr Debütroman „Ein Spiegel für mein Gegenüber“ (dtv) ist Anfang 2022 erschienen.
