{"id":1641,"date":"2022-03-10T09:04:19","date_gmt":"2022-03-10T08:04:19","guid":{"rendered":"https:\/\/www.edition-assemblage.de\/?post_type=person&#038;p=1641"},"modified":"2022-03-10T09:04:19","modified_gmt":"2022-03-10T08:04:19","slug":"elisabeth-etz","status":"publish","type":"person","link":"https:\/\/www.edition-assemblage.de\/en\/a-z\/elisabeth-etz\/","title":{"rendered":"Elisabeth Etz"},"template":"","class_list":["post-1641","person","type-person","status-publish","hentry","entry"],"yoast_head":"<!-- This site is optimized with the Yoast SEO plugin v26.7 - https:\/\/yoast.com\/wordpress\/plugins\/seo\/ -->\n<title>Elisabeth Etz &#8211; edition assemblage &#8211; Autor*innen A-Z<\/title>\n<meta name=\"description\" content=\"Elisabeth Etz, geboren 1979 in Wien, gelebt in Berlin und Istanbul und jetzt doch wieder in Wien. Arbeitet beim Diakonie Fl\u00fcchtlingsdienst und schreibt f\u00fcr Kinder und Jugendliche. F\u00fcr Alles nach Plan wurde sie mit dem Kranichsteiner Jugendliteratur-Stipendium ausgezeichnet.\" \/>\n<meta name=\"robots\" content=\"index, follow, max-snippet:-1, max-image-preview:large, max-video-preview:-1\" \/>\n<link rel=\"canonical\" href=\"https:\/\/www.edition-assemblage.de\/en\/a-z\/elisabeth-etz\/\" \/>\n<meta property=\"og:locale\" content=\"en_US\" \/>\n<meta property=\"og:type\" content=\"article\" \/>\n<meta property=\"og:title\" content=\"Elisabeth Etz &#8211; edition assemblage &#8211; Autor*innen A-Z\" \/>\n<meta property=\"og:description\" content=\"Elisabeth Etz, geboren 1979 in Wien, gelebt in Berlin und Istanbul und jetzt doch wieder in Wien. Arbeitet beim Diakonie Fl\u00fcchtlingsdienst und schreibt f\u00fcr Kinder und Jugendliche. F\u00fcr Alles nach Plan wurde sie mit dem Kranichsteiner Jugendliteratur-Stipendium ausgezeichnet.\" \/>\n<meta property=\"og:url\" content=\"https:\/\/www.edition-assemblage.de\/en\/a-z\/elisabeth-etz\/\" \/>\n<meta property=\"og:site_name\" content=\"edition assemblage\" \/>\n<meta property=\"article:publisher\" content=\"https:\/\/www.facebook.com\/editionassemblage\" \/>\n<meta name=\"twitter:card\" content=\"summary_large_image\" \/>\n<meta name=\"twitter:site\" content=\"@assemblage_news\" \/>\n<script type=\"application\/ld+json\" class=\"yoast-schema-graph\">{\"@context\":\"https:\/\/schema.org\",\"@graph\":[{\"@type\":\"WebPage\",\"@id\":\"https:\/\/www.edition-assemblage.de\/en\/a-z\/elisabeth-etz\/\",\"url\":\"https:\/\/www.edition-assemblage.de\/en\/a-z\/elisabeth-etz\/\",\"name\":\"Elisabeth Etz &#8211; edition assemblage &#8211; Autor*innen A-Z\",\"isPartOf\":{\"@id\":\"https:\/\/www.edition-assemblage.de\/en\/#website\"},\"datePublished\":\"2022-03-10T08:04:19+00:00\",\"description\":\"Elisabeth Etz, geboren 1979 in Wien, gelebt in Berlin und Istanbul und jetzt doch wieder in Wien. Arbeitet beim Diakonie Fl\u00fcchtlingsdienst und schreibt f\u00fcr Kinder und Jugendliche. F\u00fcr Alles nach Plan wurde sie mit dem Kranichsteiner Jugendliteratur-Stipendium ausgezeichnet.\",\"breadcrumb\":{\"@id\":\"https:\/\/www.edition-assemblage.de\/en\/a-z\/elisabeth-etz\/#breadcrumb\"},\"inLanguage\":\"en-US\",\"potentialAction\":[{\"@type\":\"ReadAction\",\"target\":[\"https:\/\/www.edition-assemblage.de\/en\/a-z\/elisabeth-etz\/\"]}]},{\"@type\":\"BreadcrumbList\",\"@id\":\"https:\/\/www.edition-assemblage.de\/en\/a-z\/elisabeth-etz\/#breadcrumb\",\"itemListElement\":[{\"@type\":\"ListItem\",\"position\":1,\"name\":\"Startseite\",\"item\":\"https:\/\/www.edition-assemblage.de\/en\/\"},{\"@type\":\"ListItem\",\"position\":2,\"name\":\"Personen\",\"item\":\"https:\/\/www.edition-assemblage.de\/en\/a-z\/\"},{\"@type\":\"ListItem\",\"position\":3,\"name\":\"Elisabeth Etz\"}]},{\"@type\":\"WebSite\",\"@id\":\"https:\/\/www.edition-assemblage.de\/en\/#website\",\"url\":\"https:\/\/www.edition-assemblage.de\/en\/\",\"name\":\"edition assemblage\",\"description\":\"Verlagskollektiv und gesellschaftskritisches, linkes, politisches und publizistisches Netzwerk.\",\"publisher\":{\"@id\":\"https:\/\/www.edition-assemblage.de\/en\/#organization\"},\"potentialAction\":[{\"@type\":\"SearchAction\",\"target\":{\"@type\":\"EntryPoint\",\"urlTemplate\":\"https:\/\/www.edition-assemblage.de\/en\/?s={search_term_string}\"},\"query-input\":{\"@type\":\"PropertyValueSpecification\",\"valueRequired\":true,\"valueName\":\"search_term_string\"}}],\"inLanguage\":\"en-US\"},{\"@type\":\"Organization\",\"@id\":\"https:\/\/www.edition-assemblage.de\/en\/#organization\",\"name\":\"edition assemblage\",\"url\":\"https:\/\/www.edition-assemblage.de\/en\/\",\"logo\":{\"@type\":\"ImageObject\",\"inLanguage\":\"en-US\",\"@id\":\"https:\/\/www.edition-assemblage.de\/en\/#\/schema\/logo\/image\/\",\"url\":\"https:\/\/www.edition-assemblage.de\/wp-content\/uploads\/Logo_2022_3.png\",\"contentUrl\":\"https:\/\/www.edition-assemblage.de\/wp-content\/uploads\/Logo_2022_3.png\",\"width\":1161,\"height\":618,\"caption\":\"edition assemblage\"},\"image\":{\"@id\":\"https:\/\/www.edition-assemblage.de\/en\/#\/schema\/logo\/image\/\"},\"sameAs\":[\"https:\/\/www.facebook.com\/editionassemblage\",\"https:\/\/x.com\/assemblage_news\",\"https:\/\/www.instagram.com\/edition_assemblage\"]}]}<\/script>\n<!-- \/ Yoast SEO plugin. -->","yoast_head_json":{"title":"Elisabeth Etz &#8211; edition assemblage &#8211; Autor*innen A-Z","description":"Elisabeth Etz, geboren 1979 in Wien, gelebt in Berlin und Istanbul und jetzt doch wieder in Wien. Arbeitet beim Diakonie Fl\u00fcchtlingsdienst und schreibt f\u00fcr Kinder und Jugendliche. F\u00fcr Alles nach Plan wurde sie mit dem Kranichsteiner Jugendliteratur-Stipendium ausgezeichnet.","robots":{"index":"index","follow":"follow","max-snippet":"max-snippet:-1","max-image-preview":"max-image-preview:large","max-video-preview":"max-video-preview:-1"},"canonical":"https:\/\/www.edition-assemblage.de\/en\/a-z\/elisabeth-etz\/","og_locale":"en_US","og_type":"article","og_title":"Elisabeth Etz &#8211; edition assemblage &#8211; Autor*innen A-Z","og_description":"Elisabeth Etz, geboren 1979 in Wien, gelebt in Berlin und Istanbul und jetzt doch wieder in Wien. Arbeitet beim Diakonie Fl\u00fcchtlingsdienst und schreibt f\u00fcr Kinder und Jugendliche. F\u00fcr Alles nach Plan wurde sie mit dem Kranichsteiner Jugendliteratur-Stipendium ausgezeichnet.","og_url":"https:\/\/www.edition-assemblage.de\/en\/a-z\/elisabeth-etz\/","og_site_name":"edition assemblage","article_publisher":"https:\/\/www.facebook.com\/editionassemblage","twitter_card":"summary_large_image","twitter_site":"@assemblage_news","schema":{"@context":"https:\/\/schema.org","@graph":[{"@type":"WebPage","@id":"https:\/\/www.edition-assemblage.de\/en\/a-z\/elisabeth-etz\/","url":"https:\/\/www.edition-assemblage.de\/en\/a-z\/elisabeth-etz\/","name":"Elisabeth Etz &#8211; edition assemblage &#8211; Autor*innen A-Z","isPartOf":{"@id":"https:\/\/www.edition-assemblage.de\/en\/#website"},"datePublished":"2022-03-10T08:04:19+00:00","description":"Elisabeth Etz, geboren 1979 in Wien, gelebt in Berlin und Istanbul und jetzt doch wieder in Wien. Arbeitet beim Diakonie Fl\u00fcchtlingsdienst und schreibt f\u00fcr Kinder und Jugendliche. F\u00fcr Alles nach Plan wurde sie mit dem Kranichsteiner Jugendliteratur-Stipendium ausgezeichnet.","breadcrumb":{"@id":"https:\/\/www.edition-assemblage.de\/en\/a-z\/elisabeth-etz\/#breadcrumb"},"inLanguage":"en-US","potentialAction":[{"@type":"ReadAction","target":["https:\/\/www.edition-assemblage.de\/en\/a-z\/elisabeth-etz\/"]}]},{"@type":"BreadcrumbList","@id":"https:\/\/www.edition-assemblage.de\/en\/a-z\/elisabeth-etz\/#breadcrumb","itemListElement":[{"@type":"ListItem","position":1,"name":"Startseite","item":"https:\/\/www.edition-assemblage.de\/en\/"},{"@type":"ListItem","position":2,"name":"Personen","item":"https:\/\/www.edition-assemblage.de\/en\/a-z\/"},{"@type":"ListItem","position":3,"name":"Elisabeth Etz"}]},{"@type":"WebSite","@id":"https:\/\/www.edition-assemblage.de\/en\/#website","url":"https:\/\/www.edition-assemblage.de\/en\/","name":"edition assemblage","description":"Verlagskollektiv und gesellschaftskritisches, linkes, politisches und publizistisches Netzwerk.","publisher":{"@id":"https:\/\/www.edition-assemblage.de\/en\/#organization"},"potentialAction":[{"@type":"SearchAction","target":{"@type":"EntryPoint","urlTemplate":"https:\/\/www.edition-assemblage.de\/en\/?s={search_term_string}"},"query-input":{"@type":"PropertyValueSpecification","valueRequired":true,"valueName":"search_term_string"}}],"inLanguage":"en-US"},{"@type":"Organization","@id":"https:\/\/www.edition-assemblage.de\/en\/#organization","name":"edition assemblage","url":"https:\/\/www.edition-assemblage.de\/en\/","logo":{"@type":"ImageObject","inLanguage":"en-US","@id":"https:\/\/www.edition-assemblage.de\/en\/#\/schema\/logo\/image\/","url":"https:\/\/www.edition-assemblage.de\/wp-content\/uploads\/Logo_2022_3.png","contentUrl":"https:\/\/www.edition-assemblage.de\/wp-content\/uploads\/Logo_2022_3.png","width":1161,"height":618,"caption":"edition assemblage"},"image":{"@id":"https:\/\/www.edition-assemblage.de\/en\/#\/schema\/logo\/image\/"},"sameAs":["https:\/\/www.facebook.com\/editionassemblage","https:\/\/x.com\/assemblage_news","https:\/\/www.instagram.com\/edition_assemblage"]}]}},"_links":{"self":[{"href":"https:\/\/www.edition-assemblage.de\/en\/wp-json\/wp\/v2\/person\/1641","targetHints":{"allow":["GET"]}}],"collection":[{"href":"https:\/\/www.edition-assemblage.de\/en\/wp-json\/wp\/v2\/person"}],"about":[{"href":"https:\/\/www.edition-assemblage.de\/en\/wp-json\/wp\/v2\/types\/person"}],"wp:attachment":[{"href":"https:\/\/www.edition-assemblage.de\/en\/wp-json\/wp\/v2\/media?parent=1641"}],"curies":[{"name":"wp","href":"https:\/\/api.w.org\/{rel}","templated":true}]}}

<!-- This site is optimized with the Yoast SEO plugin v26.7 - https://yoast.com/wordpress/plugins/seo/ -->
<title>Elisabeth Etz &#8211; edition assemblage &#8211; Autor*innen A-Z</title>
<meta name="description" content="Elisabeth Etz, geboren 1979 in Wien, gelebt in Berlin und Istanbul und jetzt doch wieder in Wien. Arbeitet beim Diakonie Flüchtlingsdienst und schreibt für Kinder und Jugendliche. Für Alles nach Plan wurde sie mit dem Kranichsteiner Jugendliteratur-Stipendium ausgezeichnet." />
<meta name="robots" content="index, follow, max-snippet:-1, max-image-preview:large, max-video-preview:-1" />
<link rel="canonical" href="https://www.edition-assemblage.de/en/a-z/elisabeth-etz/" />
<meta property="og:locale" content="en_US" />
<meta property="og:type" content="article" />
<meta property="og:title" content="Elisabeth Etz &#8211; edition assemblage &#8211; Autor*innen A-Z" />
<meta property="og:description" content="Elisabeth Etz, geboren 1979 in Wien, gelebt in Berlin und Istanbul und jetzt doch wieder in Wien. Arbeitet beim Diakonie Flüchtlingsdienst und schreibt für Kinder und Jugendliche. Für Alles nach Plan wurde sie mit dem Kranichsteiner Jugendliteratur-Stipendium ausgezeichnet." />
<meta property="og:url" content="https://www.edition-assemblage.de/en/a-z/elisabeth-etz/" />
<meta property="og:site_name" content="edition assemblage" />
<meta property="article:publisher" content="https://www.facebook.com/editionassemblage" />
<meta name="twitter:card" content="summary_large_image" />
<meta name="twitter:site" content="@assemblage_news" />
<script type="application/ld+json" class="yoast-schema-graph">{"@context":"https://schema.org","@graph":[{"@type":"WebPage","@id":"https://www.edition-assemblage.de/en/a-z/elisabeth-etz/","url":"https://www.edition-assemblage.de/en/a-z/elisabeth-etz/","name":"Elisabeth Etz &#8211; edition assemblage &#8211; Autor*innen A-Z","isPartOf":{"@id":"https://www.edition-assemblage.de/en/#website"},"datePublished":"2022-03-10T08:04:19+00:00","description":"Elisabeth Etz, geboren 1979 in Wien, gelebt in Berlin und Istanbul und jetzt doch wieder in Wien. Arbeitet beim Diakonie Flüchtlingsdienst und schreibt für Kinder und Jugendliche. Für Alles nach Plan wurde sie mit dem Kranichsteiner Jugendliteratur-Stipendium ausgezeichnet.","breadcrumb":{"@id":"https://www.edition-assemblage.de/en/a-z/elisabeth-etz/#breadcrumb"},"inLanguage":"en-US","potentialAction":[{"@type":"ReadAction","target":["https://www.edition-assemblage.de/en/a-z/elisabeth-etz/"]}]},{"@type":"BreadcrumbList","@id":"https://www.edition-assemblage.de/en/a-z/elisabeth-etz/#breadcrumb","itemListElement":[{"@type":"ListItem","position":1,"name":"Startseite","item":"https://www.edition-assemblage.de/en/"},{"@type":"ListItem","position":2,"name":"Personen","item":"https://www.edition-assemblage.de/en/a-z/"},{"@type":"ListItem","position":3,"name":"Elisabeth Etz"}]},{"@type":"WebSite","@id":"https://www.edition-assemblage.de/en/#website","url":"https://www.edition-assemblage.de/en/","name":"edition assemblage","description":"Verlagskollektiv und gesellschaftskritisches, linkes, politisches und publizistisches Netzwerk.","publisher":{"@id":"https://www.edition-assemblage.de/en/#organization"},"potentialAction":[{"@type":"SearchAction","target":{"@type":"EntryPoint","urlTemplate":"https://www.edition-assemblage.de/en/?s={search_term_string}"},"query-input":{"@type":"PropertyValueSpecification","valueRequired":true,"valueName":"search_term_string"}}],"inLanguage":"en-US"},{"@type":"Organization","@id":"https://www.edition-assemblage.de/en/#organization","name":"edition assemblage","url":"https://www.edition-assemblage.de/en/","logo":{"@type":"ImageObject","inLanguage":"en-US","@id":"https://www.edition-assemblage.de/en/#/schema/logo/image/","url":"https://www.edition-assemblage.de/wp-content/uploads/Logo_2022_3.png","contentUrl":"https://www.edition-assemblage.de/wp-content/uploads/Logo_2022_3.png","width":1161,"height":618,"caption":"edition assemblage"},"image":{"@id":"https://www.edition-assemblage.de/en/#/schema/logo/image/"},"sameAs":["https://www.facebook.com/editionassemblage","https://x.com/assemblage_news","https://www.instagram.com/edition_assemblage"]}]}</script>
<!-- / Yoast SEO plugin. -->

Elisabeth Etz, geboren 1979 in Wien, gelebt in Berlin und Istanbul und jetzt doch wieder in Wien. Arbeitet beim Diakonie Flüchtlingsdienst und schreibt für Kinder und Jugendliche. Für Alles nach Plan wurde sie mit dem Kranichsteiner Jugendliteratur-Stipendium ausgezeichnet.
