{"id":1014,"date":"2022-01-24T09:50:43","date_gmt":"2022-01-24T08:50:43","guid":{"rendered":"https:\/\/www.edition-assemblage.de\/?post_type=person&#038;p=1014"},"modified":"2022-02-16T13:56:03","modified_gmt":"2022-02-16T12:56:03","slug":"anna-von-rath","status":"publish","type":"person","link":"https:\/\/www.edition-assemblage.de\/en\/a-z\/anna-von-rath\/","title":{"rendered":"Anna von Rath"},"template":"","class_list":["post-1014","person","type-person","status-publish","hentry","entry"],"yoast_head":"<!-- This site is optimized with the Yoast SEO plugin v26.7 - https:\/\/yoast.com\/wordpress\/plugins\/seo\/ -->\n<title>Anna von Rath &#8211; edition assemblage &#8211; Autor*innen A-Z<\/title>\n<meta name=\"description\" content=\"Anna von Rath lebt in Berlin, wo sie als freiberufliche \u00dcbersetzerin und Social Justice und Diversity Trainerin arbeitet. Sie ist eine der Gr\u00fcnderinnen von poco.lit., einer Plattform f\u00fcr postkoloniale Literatur im weitesten Sinne.\" \/>\n<meta name=\"robots\" content=\"index, follow, max-snippet:-1, max-image-preview:large, max-video-preview:-1\" \/>\n<link rel=\"canonical\" href=\"https:\/\/www.edition-assemblage.de\/en\/a-z\/anna-von-rath\/\" \/>\n<meta property=\"og:locale\" content=\"en_US\" \/>\n<meta property=\"og:type\" content=\"article\" \/>\n<meta property=\"og:title\" content=\"Anna von Rath &#8211; edition assemblage &#8211; Autor*innen A-Z\" \/>\n<meta property=\"og:description\" content=\"Anna von Rath lebt in Berlin, wo sie als freiberufliche \u00dcbersetzerin und Social Justice und Diversity Trainerin arbeitet. Sie ist eine der Gr\u00fcnderinnen von poco.lit., einer Plattform f\u00fcr postkoloniale Literatur im weitesten Sinne.\" \/>\n<meta property=\"og:url\" content=\"https:\/\/www.edition-assemblage.de\/en\/a-z\/anna-von-rath\/\" \/>\n<meta property=\"og:site_name\" content=\"edition assemblage\" \/>\n<meta property=\"article:publisher\" content=\"https:\/\/www.facebook.com\/editionassemblage\" \/>\n<meta property=\"article:modified_time\" content=\"2022-02-16T12:56:03+00:00\" \/>\n<meta name=\"twitter:card\" content=\"summary_large_image\" \/>\n<meta name=\"twitter:site\" content=\"@assemblage_news\" \/>\n<script type=\"application\/ld+json\" class=\"yoast-schema-graph\">{\"@context\":\"https:\/\/schema.org\",\"@graph\":[{\"@type\":\"WebPage\",\"@id\":\"https:\/\/www.edition-assemblage.de\/en\/a-z\/anna-von-rath\/\",\"url\":\"https:\/\/www.edition-assemblage.de\/en\/a-z\/anna-von-rath\/\",\"name\":\"Anna von Rath &#8211; edition assemblage &#8211; Autor*innen A-Z\",\"isPartOf\":{\"@id\":\"https:\/\/www.edition-assemblage.de\/en\/#website\"},\"datePublished\":\"2022-01-24T08:50:43+00:00\",\"dateModified\":\"2022-02-16T12:56:03+00:00\",\"description\":\"Anna von Rath lebt in Berlin, wo sie als freiberufliche \u00dcbersetzerin und Social Justice und Diversity Trainerin arbeitet. Sie ist eine der Gr\u00fcnderinnen von poco.lit., einer Plattform f\u00fcr postkoloniale Literatur im weitesten Sinne.\",\"breadcrumb\":{\"@id\":\"https:\/\/www.edition-assemblage.de\/en\/a-z\/anna-von-rath\/#breadcrumb\"},\"inLanguage\":\"en-US\",\"potentialAction\":[{\"@type\":\"ReadAction\",\"target\":[\"https:\/\/www.edition-assemblage.de\/en\/a-z\/anna-von-rath\/\"]}]},{\"@type\":\"BreadcrumbList\",\"@id\":\"https:\/\/www.edition-assemblage.de\/en\/a-z\/anna-von-rath\/#breadcrumb\",\"itemListElement\":[{\"@type\":\"ListItem\",\"position\":1,\"name\":\"Startseite\",\"item\":\"https:\/\/www.edition-assemblage.de\/en\/\"},{\"@type\":\"ListItem\",\"position\":2,\"name\":\"Personen\",\"item\":\"https:\/\/www.edition-assemblage.de\/en\/a-z\/\"},{\"@type\":\"ListItem\",\"position\":3,\"name\":\"Anna von Rath\"}]},{\"@type\":\"WebSite\",\"@id\":\"https:\/\/www.edition-assemblage.de\/en\/#website\",\"url\":\"https:\/\/www.edition-assemblage.de\/en\/\",\"name\":\"edition assemblage\",\"description\":\"Verlagskollektiv und gesellschaftskritisches, linkes, politisches und publizistisches Netzwerk.\",\"publisher\":{\"@id\":\"https:\/\/www.edition-assemblage.de\/en\/#organization\"},\"potentialAction\":[{\"@type\":\"SearchAction\",\"target\":{\"@type\":\"EntryPoint\",\"urlTemplate\":\"https:\/\/www.edition-assemblage.de\/en\/?s={search_term_string}\"},\"query-input\":{\"@type\":\"PropertyValueSpecification\",\"valueRequired\":true,\"valueName\":\"search_term_string\"}}],\"inLanguage\":\"en-US\"},{\"@type\":\"Organization\",\"@id\":\"https:\/\/www.edition-assemblage.de\/en\/#organization\",\"name\":\"edition assemblage\",\"url\":\"https:\/\/www.edition-assemblage.de\/en\/\",\"logo\":{\"@type\":\"ImageObject\",\"inLanguage\":\"en-US\",\"@id\":\"https:\/\/www.edition-assemblage.de\/en\/#\/schema\/logo\/image\/\",\"url\":\"https:\/\/www.edition-assemblage.de\/wp-content\/uploads\/Logo_2022_3.png\",\"contentUrl\":\"https:\/\/www.edition-assemblage.de\/wp-content\/uploads\/Logo_2022_3.png\",\"width\":1161,\"height\":618,\"caption\":\"edition assemblage\"},\"image\":{\"@id\":\"https:\/\/www.edition-assemblage.de\/en\/#\/schema\/logo\/image\/\"},\"sameAs\":[\"https:\/\/www.facebook.com\/editionassemblage\",\"https:\/\/x.com\/assemblage_news\",\"https:\/\/www.instagram.com\/edition_assemblage\"]}]}<\/script>\n<!-- \/ Yoast SEO plugin. -->","yoast_head_json":{"title":"Anna von Rath &#8211; edition assemblage &#8211; Autor*innen A-Z","description":"Anna von Rath lebt in Berlin, wo sie als freiberufliche \u00dcbersetzerin und Social Justice und Diversity Trainerin arbeitet. Sie ist eine der Gr\u00fcnderinnen von poco.lit., einer Plattform f\u00fcr postkoloniale Literatur im weitesten Sinne.","robots":{"index":"index","follow":"follow","max-snippet":"max-snippet:-1","max-image-preview":"max-image-preview:large","max-video-preview":"max-video-preview:-1"},"canonical":"https:\/\/www.edition-assemblage.de\/en\/a-z\/anna-von-rath\/","og_locale":"en_US","og_type":"article","og_title":"Anna von Rath &#8211; edition assemblage &#8211; Autor*innen A-Z","og_description":"Anna von Rath lebt in Berlin, wo sie als freiberufliche \u00dcbersetzerin und Social Justice und Diversity Trainerin arbeitet. Sie ist eine der Gr\u00fcnderinnen von poco.lit., einer Plattform f\u00fcr postkoloniale Literatur im weitesten Sinne.","og_url":"https:\/\/www.edition-assemblage.de\/en\/a-z\/anna-von-rath\/","og_site_name":"edition assemblage","article_publisher":"https:\/\/www.facebook.com\/editionassemblage","article_modified_time":"2022-02-16T12:56:03+00:00","twitter_card":"summary_large_image","twitter_site":"@assemblage_news","schema":{"@context":"https:\/\/schema.org","@graph":[{"@type":"WebPage","@id":"https:\/\/www.edition-assemblage.de\/en\/a-z\/anna-von-rath\/","url":"https:\/\/www.edition-assemblage.de\/en\/a-z\/anna-von-rath\/","name":"Anna von Rath &#8211; edition assemblage &#8211; Autor*innen A-Z","isPartOf":{"@id":"https:\/\/www.edition-assemblage.de\/en\/#website"},"datePublished":"2022-01-24T08:50:43+00:00","dateModified":"2022-02-16T12:56:03+00:00","description":"Anna von Rath lebt in Berlin, wo sie als freiberufliche \u00dcbersetzerin und Social Justice und Diversity Trainerin arbeitet. Sie ist eine der Gr\u00fcnderinnen von poco.lit., einer Plattform f\u00fcr postkoloniale Literatur im weitesten Sinne.","breadcrumb":{"@id":"https:\/\/www.edition-assemblage.de\/en\/a-z\/anna-von-rath\/#breadcrumb"},"inLanguage":"en-US","potentialAction":[{"@type":"ReadAction","target":["https:\/\/www.edition-assemblage.de\/en\/a-z\/anna-von-rath\/"]}]},{"@type":"BreadcrumbList","@id":"https:\/\/www.edition-assemblage.de\/en\/a-z\/anna-von-rath\/#breadcrumb","itemListElement":[{"@type":"ListItem","position":1,"name":"Startseite","item":"https:\/\/www.edition-assemblage.de\/en\/"},{"@type":"ListItem","position":2,"name":"Personen","item":"https:\/\/www.edition-assemblage.de\/en\/a-z\/"},{"@type":"ListItem","position":3,"name":"Anna von Rath"}]},{"@type":"WebSite","@id":"https:\/\/www.edition-assemblage.de\/en\/#website","url":"https:\/\/www.edition-assemblage.de\/en\/","name":"edition assemblage","description":"Verlagskollektiv und gesellschaftskritisches, linkes, politisches und publizistisches Netzwerk.","publisher":{"@id":"https:\/\/www.edition-assemblage.de\/en\/#organization"},"potentialAction":[{"@type":"SearchAction","target":{"@type":"EntryPoint","urlTemplate":"https:\/\/www.edition-assemblage.de\/en\/?s={search_term_string}"},"query-input":{"@type":"PropertyValueSpecification","valueRequired":true,"valueName":"search_term_string"}}],"inLanguage":"en-US"},{"@type":"Organization","@id":"https:\/\/www.edition-assemblage.de\/en\/#organization","name":"edition assemblage","url":"https:\/\/www.edition-assemblage.de\/en\/","logo":{"@type":"ImageObject","inLanguage":"en-US","@id":"https:\/\/www.edition-assemblage.de\/en\/#\/schema\/logo\/image\/","url":"https:\/\/www.edition-assemblage.de\/wp-content\/uploads\/Logo_2022_3.png","contentUrl":"https:\/\/www.edition-assemblage.de\/wp-content\/uploads\/Logo_2022_3.png","width":1161,"height":618,"caption":"edition assemblage"},"image":{"@id":"https:\/\/www.edition-assemblage.de\/en\/#\/schema\/logo\/image\/"},"sameAs":["https:\/\/www.facebook.com\/editionassemblage","https:\/\/x.com\/assemblage_news","https:\/\/www.instagram.com\/edition_assemblage"]}]}},"_links":{"self":[{"href":"https:\/\/www.edition-assemblage.de\/en\/wp-json\/wp\/v2\/person\/1014","targetHints":{"allow":["GET"]}}],"collection":[{"href":"https:\/\/www.edition-assemblage.de\/en\/wp-json\/wp\/v2\/person"}],"about":[{"href":"https:\/\/www.edition-assemblage.de\/en\/wp-json\/wp\/v2\/types\/person"}],"wp:attachment":[{"href":"https:\/\/www.edition-assemblage.de\/en\/wp-json\/wp\/v2\/media?parent=1014"}],"curies":[{"name":"wp","href":"https:\/\/api.w.org\/{rel}","templated":true}]}}

<!-- This site is optimized with the Yoast SEO plugin v26.7 - https://yoast.com/wordpress/plugins/seo/ -->
<title>Anna von Rath &#8211; edition assemblage &#8211; Autor*innen A-Z</title>
<meta name="description" content="Anna von Rath lebt in Berlin, wo sie als freiberufliche Übersetzerin und Social Justice und Diversity Trainerin arbeitet. Sie ist eine der Gründerinnen von poco.lit., einer Plattform für postkoloniale Literatur im weitesten Sinne." />
<meta name="robots" content="index, follow, max-snippet:-1, max-image-preview:large, max-video-preview:-1" />
<link rel="canonical" href="https://www.edition-assemblage.de/en/a-z/anna-von-rath/" />
<meta property="og:locale" content="en_US" />
<meta property="og:type" content="article" />
<meta property="og:title" content="Anna von Rath &#8211; edition assemblage &#8211; Autor*innen A-Z" />
<meta property="og:description" content="Anna von Rath lebt in Berlin, wo sie als freiberufliche Übersetzerin und Social Justice und Diversity Trainerin arbeitet. Sie ist eine der Gründerinnen von poco.lit., einer Plattform für postkoloniale Literatur im weitesten Sinne." />
<meta property="og:url" content="https://www.edition-assemblage.de/en/a-z/anna-von-rath/" />
<meta property="og:site_name" content="edition assemblage" />
<meta property="article:publisher" content="https://www.facebook.com/editionassemblage" />
<meta property="article:modified_time" content="2022-02-16T12:56:03+00:00" />
<meta name="twitter:card" content="summary_large_image" />
<meta name="twitter:site" content="@assemblage_news" />
<script type="application/ld+json" class="yoast-schema-graph">{"@context":"https://schema.org","@graph":[{"@type":"WebPage","@id":"https://www.edition-assemblage.de/en/a-z/anna-von-rath/","url":"https://www.edition-assemblage.de/en/a-z/anna-von-rath/","name":"Anna von Rath &#8211; edition assemblage &#8211; Autor*innen A-Z","isPartOf":{"@id":"https://www.edition-assemblage.de/en/#website"},"datePublished":"2022-01-24T08:50:43+00:00","dateModified":"2022-02-16T12:56:03+00:00","description":"Anna von Rath lebt in Berlin, wo sie als freiberufliche Übersetzerin und Social Justice und Diversity Trainerin arbeitet. Sie ist eine der Gründerinnen von poco.lit., einer Plattform für postkoloniale Literatur im weitesten Sinne.","breadcrumb":{"@id":"https://www.edition-assemblage.de/en/a-z/anna-von-rath/#breadcrumb"},"inLanguage":"en-US","potentialAction":[{"@type":"ReadAction","target":["https://www.edition-assemblage.de/en/a-z/anna-von-rath/"]}]},{"@type":"BreadcrumbList","@id":"https://www.edition-assemblage.de/en/a-z/anna-von-rath/#breadcrumb","itemListElement":[{"@type":"ListItem","position":1,"name":"Startseite","item":"https://www.edition-assemblage.de/en/"},{"@type":"ListItem","position":2,"name":"Personen","item":"https://www.edition-assemblage.de/en/a-z/"},{"@type":"ListItem","position":3,"name":"Anna von Rath"}]},{"@type":"WebSite","@id":"https://www.edition-assemblage.de/en/#website","url":"https://www.edition-assemblage.de/en/","name":"edition assemblage","description":"Verlagskollektiv und gesellschaftskritisches, linkes, politisches und publizistisches Netzwerk.","publisher":{"@id":"https://www.edition-assemblage.de/en/#organization"},"potentialAction":[{"@type":"SearchAction","target":{"@type":"EntryPoint","urlTemplate":"https://www.edition-assemblage.de/en/?s={search_term_string}"},"query-input":{"@type":"PropertyValueSpecification","valueRequired":true,"valueName":"search_term_string"}}],"inLanguage":"en-US"},{"@type":"Organization","@id":"https://www.edition-assemblage.de/en/#organization","name":"edition assemblage","url":"https://www.edition-assemblage.de/en/","logo":{"@type":"ImageObject","inLanguage":"en-US","@id":"https://www.edition-assemblage.de/en/#/schema/logo/image/","url":"https://www.edition-assemblage.de/wp-content/uploads/Logo_2022_3.png","contentUrl":"https://www.edition-assemblage.de/wp-content/uploads/Logo_2022_3.png","width":1161,"height":618,"caption":"edition assemblage"},"image":{"@id":"https://www.edition-assemblage.de/en/#/schema/logo/image/"},"sameAs":["https://www.facebook.com/editionassemblage","https://x.com/assemblage_news","https://www.instagram.com/edition_assemblage"]}]}</script>
<!-- / Yoast SEO plugin. -->

Anna von Rath lebt in Berlin, wo sie als freiberufliche Übersetzerin und Social Justice und Diversity Trainerin arbeitet. Sie ist eine der Gründerinnen von poco.lit., einer Plattform für postkoloniale Literatur im weitesten Sinne.
