{"id":5039,"date":"2023-11-28T09:19:59","date_gmt":"2023-11-28T08:19:59","guid":{"rendered":"https:\/\/www.edition-assemblage.de\/?post_type=buch&#038;p=5039"},"modified":"2025-10-06T08:55:26","modified_gmt":"2025-10-06T06:55:26","slug":"wie-leben-geht","status":"publish","type":"buch","link":"https:\/\/www.edition-assemblage.de\/en\/buecher\/wie-leben-geht\/","title":{"rendered":"Wie Leben geht"},"template":"","schlagwort":[179,180,279,280,281],"class_list":["post-5039","buch","type-buch","status-publish","hentry","buchkategorie-lyrik","schlagwort-elternschaft","schlagwort-mutterschaft","schlagwort-geburt","schlagwort-diskriminierung","schlagwort-zugehoerigkeit","entry"],"yoast_head":"<!-- This site is optimized with the Yoast SEO plugin v26.7 - https:\/\/yoast.com\/wordpress\/plugins\/seo\/ -->\n<title>Wie Leben geht &#8211; edition assemblage<\/title>\n<meta name=\"description\" content=\"Bahati Gla\u00df - Leben geht. Leben vergeht. Neues Leben entsteht. In verschiedenen Daseinsformen und Kreisl\u00e4ufen. Autobiographisch und pers\u00f6nlich, aber auch politisch-gesellschaftlich. Dar\u00fcber schreibt Bahati Gla\u00df in ihrem Gedichtband \u201eWie Leben geht\u201c. In klarer und eindr\u00fccklicher Sprache beleuchtet sie verschiedene Facetten des Lebens, besch\u00e4ftigt sich vor allem mit den Themen Geburt und Mutterschaft, Tod und Sterben, Zugeh\u00f6rigkeit und Diskriminierung, zwischenmenschlichen und globalen Gef\u00fcgen.\" \/>\n<meta name=\"robots\" content=\"index, follow, max-snippet:-1, max-image-preview:large, max-video-preview:-1\" \/>\n<link rel=\"canonical\" href=\"https:\/\/www.edition-assemblage.de\/en\/buecher\/wie-leben-geht\/\" \/>\n<meta property=\"og:locale\" content=\"en_US\" \/>\n<meta property=\"og:type\" content=\"article\" \/>\n<meta property=\"og:title\" content=\"Wie Leben geht &#8211; edition assemblage\" \/>\n<meta property=\"og:description\" content=\"Bahati Gla\u00df - Leben geht. Leben vergeht. Neues Leben entsteht. In verschiedenen Daseinsformen und Kreisl\u00e4ufen. Autobiographisch und pers\u00f6nlich, aber auch politisch-gesellschaftlich. Dar\u00fcber schreibt Bahati Gla\u00df in ihrem Gedichtband \u201eWie Leben geht\u201c. In klarer und eindr\u00fccklicher Sprache beleuchtet sie verschiedene Facetten des Lebens, besch\u00e4ftigt sich vor allem mit den Themen Geburt und Mutterschaft, Tod und Sterben, Zugeh\u00f6rigkeit und Diskriminierung, zwischenmenschlichen und globalen Gef\u00fcgen.\" \/>\n<meta property=\"og:url\" content=\"https:\/\/www.edition-assemblage.de\/en\/buecher\/wie-leben-geht\/\" \/>\n<meta property=\"og:site_name\" content=\"edition assemblage\" \/>\n<meta property=\"article:publisher\" content=\"https:\/\/www.facebook.com\/editionassemblage\" \/>\n<meta property=\"article:modified_time\" content=\"2025-10-06T06:55:26+00:00\" \/>\n<meta name=\"twitter:card\" content=\"summary_large_image\" \/>\n<meta name=\"twitter:site\" content=\"@assemblage_news\" \/>\n<script type=\"application\/ld+json\" class=\"yoast-schema-graph\">{\"@context\":\"https:\/\/schema.org\",\"@graph\":[{\"@type\":\"WebPage\",\"@id\":\"https:\/\/www.edition-assemblage.de\/en\/buecher\/wie-leben-geht\/\",\"url\":\"https:\/\/www.edition-assemblage.de\/en\/buecher\/wie-leben-geht\/\",\"name\":\"Wie Leben geht &#8211; edition assemblage\",\"isPartOf\":{\"@id\":\"https:\/\/www.edition-assemblage.de\/en\/#website\"},\"datePublished\":\"2023-11-28T08:19:59+00:00\",\"dateModified\":\"2025-10-06T06:55:26+00:00\",\"description\":\"Bahati Gla\u00df - Leben geht. Leben vergeht. Neues Leben entsteht. In verschiedenen Daseinsformen und Kreisl\u00e4ufen. Autobiographisch und pers\u00f6nlich, aber auch politisch-gesellschaftlich. Dar\u00fcber schreibt Bahati Gla\u00df in ihrem Gedichtband \u201eWie Leben geht\u201c. In klarer und eindr\u00fccklicher Sprache beleuchtet sie verschiedene Facetten des Lebens, besch\u00e4ftigt sich vor allem mit den Themen Geburt und Mutterschaft, Tod und Sterben, Zugeh\u00f6rigkeit und Diskriminierung, zwischenmenschlichen und globalen Gef\u00fcgen.\",\"breadcrumb\":{\"@id\":\"https:\/\/www.edition-assemblage.de\/en\/buecher\/wie-leben-geht\/#breadcrumb\"},\"inLanguage\":\"en-US\",\"potentialAction\":[{\"@type\":\"ReadAction\",\"target\":[\"https:\/\/www.edition-assemblage.de\/en\/buecher\/wie-leben-geht\/\"]}]},{\"@type\":\"BreadcrumbList\",\"@id\":\"https:\/\/www.edition-assemblage.de\/en\/buecher\/wie-leben-geht\/#breadcrumb\",\"itemListElement\":[{\"@type\":\"ListItem\",\"position\":1,\"name\":\"Startseite\",\"item\":\"https:\/\/www.edition-assemblage.de\/en\/\"},{\"@type\":\"ListItem\",\"position\":2,\"name\":\"B\u00fccher\",\"item\":\"https:\/\/www.edition-assemblage.de\/en\/books\/\"},{\"@type\":\"ListItem\",\"position\":3,\"name\":\"Wie Leben geht\"}]},{\"@type\":\"WebSite\",\"@id\":\"https:\/\/www.edition-assemblage.de\/en\/#website\",\"url\":\"https:\/\/www.edition-assemblage.de\/en\/\",\"name\":\"edition assemblage\",\"description\":\"Verlagskollektiv und gesellschaftskritisches, linkes, politisches und publizistisches Netzwerk.\",\"publisher\":{\"@id\":\"https:\/\/www.edition-assemblage.de\/en\/#organization\"},\"potentialAction\":[{\"@type\":\"SearchAction\",\"target\":{\"@type\":\"EntryPoint\",\"urlTemplate\":\"https:\/\/www.edition-assemblage.de\/en\/?s={search_term_string}\"},\"query-input\":{\"@type\":\"PropertyValueSpecification\",\"valueRequired\":true,\"valueName\":\"search_term_string\"}}],\"inLanguage\":\"en-US\"},{\"@type\":\"Organization\",\"@id\":\"https:\/\/www.edition-assemblage.de\/en\/#organization\",\"name\":\"edition assemblage\",\"url\":\"https:\/\/www.edition-assemblage.de\/en\/\",\"logo\":{\"@type\":\"ImageObject\",\"inLanguage\":\"en-US\",\"@id\":\"https:\/\/www.edition-assemblage.de\/en\/#\/schema\/logo\/image\/\",\"url\":\"https:\/\/www.edition-assemblage.de\/wp-content\/uploads\/Logo_2022_3.png\",\"contentUrl\":\"https:\/\/www.edition-assemblage.de\/wp-content\/uploads\/Logo_2022_3.png\",\"width\":1161,\"height\":618,\"caption\":\"edition assemblage\"},\"image\":{\"@id\":\"https:\/\/www.edition-assemblage.de\/en\/#\/schema\/logo\/image\/\"},\"sameAs\":[\"https:\/\/www.facebook.com\/editionassemblage\",\"https:\/\/x.com\/assemblage_news\",\"https:\/\/www.instagram.com\/edition_assemblage\"]}]}<\/script>\n<!-- \/ Yoast SEO plugin. -->","yoast_head_json":{"title":"Wie Leben geht &#8211; edition assemblage","description":"Bahati Gla\u00df - Leben geht. Leben vergeht. Neues Leben entsteht. In verschiedenen Daseinsformen und Kreisl\u00e4ufen. Autobiographisch und pers\u00f6nlich, aber auch politisch-gesellschaftlich. Dar\u00fcber schreibt Bahati Gla\u00df in ihrem Gedichtband \u201eWie Leben geht\u201c. In klarer und eindr\u00fccklicher Sprache beleuchtet sie verschiedene Facetten des Lebens, besch\u00e4ftigt sich vor allem mit den Themen Geburt und Mutterschaft, Tod und Sterben, Zugeh\u00f6rigkeit und Diskriminierung, zwischenmenschlichen und globalen Gef\u00fcgen.","robots":{"index":"index","follow":"follow","max-snippet":"max-snippet:-1","max-image-preview":"max-image-preview:large","max-video-preview":"max-video-preview:-1"},"canonical":"https:\/\/www.edition-assemblage.de\/en\/buecher\/wie-leben-geht\/","og_locale":"en_US","og_type":"article","og_title":"Wie Leben geht &#8211; edition assemblage","og_description":"Bahati Gla\u00df - Leben geht. Leben vergeht. Neues Leben entsteht. In verschiedenen Daseinsformen und Kreisl\u00e4ufen. Autobiographisch und pers\u00f6nlich, aber auch politisch-gesellschaftlich. Dar\u00fcber schreibt Bahati Gla\u00df in ihrem Gedichtband \u201eWie Leben geht\u201c. In klarer und eindr\u00fccklicher Sprache beleuchtet sie verschiedene Facetten des Lebens, besch\u00e4ftigt sich vor allem mit den Themen Geburt und Mutterschaft, Tod und Sterben, Zugeh\u00f6rigkeit und Diskriminierung, zwischenmenschlichen und globalen Gef\u00fcgen.","og_url":"https:\/\/www.edition-assemblage.de\/en\/buecher\/wie-leben-geht\/","og_site_name":"edition assemblage","article_publisher":"https:\/\/www.facebook.com\/editionassemblage","article_modified_time":"2025-10-06T06:55:26+00:00","twitter_card":"summary_large_image","twitter_site":"@assemblage_news","schema":{"@context":"https:\/\/schema.org","@graph":[{"@type":"WebPage","@id":"https:\/\/www.edition-assemblage.de\/en\/buecher\/wie-leben-geht\/","url":"https:\/\/www.edition-assemblage.de\/en\/buecher\/wie-leben-geht\/","name":"Wie Leben geht &#8211; edition assemblage","isPartOf":{"@id":"https:\/\/www.edition-assemblage.de\/en\/#website"},"datePublished":"2023-11-28T08:19:59+00:00","dateModified":"2025-10-06T06:55:26+00:00","description":"Bahati Gla\u00df - Leben geht. Leben vergeht. Neues Leben entsteht. In verschiedenen Daseinsformen und Kreisl\u00e4ufen. Autobiographisch und pers\u00f6nlich, aber auch politisch-gesellschaftlich. Dar\u00fcber schreibt Bahati Gla\u00df in ihrem Gedichtband \u201eWie Leben geht\u201c. In klarer und eindr\u00fccklicher Sprache beleuchtet sie verschiedene Facetten des Lebens, besch\u00e4ftigt sich vor allem mit den Themen Geburt und Mutterschaft, Tod und Sterben, Zugeh\u00f6rigkeit und Diskriminierung, zwischenmenschlichen und globalen Gef\u00fcgen.","breadcrumb":{"@id":"https:\/\/www.edition-assemblage.de\/en\/buecher\/wie-leben-geht\/#breadcrumb"},"inLanguage":"en-US","potentialAction":[{"@type":"ReadAction","target":["https:\/\/www.edition-assemblage.de\/en\/buecher\/wie-leben-geht\/"]}]},{"@type":"BreadcrumbList","@id":"https:\/\/www.edition-assemblage.de\/en\/buecher\/wie-leben-geht\/#breadcrumb","itemListElement":[{"@type":"ListItem","position":1,"name":"Startseite","item":"https:\/\/www.edition-assemblage.de\/en\/"},{"@type":"ListItem","position":2,"name":"B\u00fccher","item":"https:\/\/www.edition-assemblage.de\/en\/books\/"},{"@type":"ListItem","position":3,"name":"Wie Leben geht"}]},{"@type":"WebSite","@id":"https:\/\/www.edition-assemblage.de\/en\/#website","url":"https:\/\/www.edition-assemblage.de\/en\/","name":"edition assemblage","description":"Verlagskollektiv und gesellschaftskritisches, linkes, politisches und publizistisches Netzwerk.","publisher":{"@id":"https:\/\/www.edition-assemblage.de\/en\/#organization"},"potentialAction":[{"@type":"SearchAction","target":{"@type":"EntryPoint","urlTemplate":"https:\/\/www.edition-assemblage.de\/en\/?s={search_term_string}"},"query-input":{"@type":"PropertyValueSpecification","valueRequired":true,"valueName":"search_term_string"}}],"inLanguage":"en-US"},{"@type":"Organization","@id":"https:\/\/www.edition-assemblage.de\/en\/#organization","name":"edition assemblage","url":"https:\/\/www.edition-assemblage.de\/en\/","logo":{"@type":"ImageObject","inLanguage":"en-US","@id":"https:\/\/www.edition-assemblage.de\/en\/#\/schema\/logo\/image\/","url":"https:\/\/www.edition-assemblage.de\/wp-content\/uploads\/Logo_2022_3.png","contentUrl":"https:\/\/www.edition-assemblage.de\/wp-content\/uploads\/Logo_2022_3.png","width":1161,"height":618,"caption":"edition assemblage"},"image":{"@id":"https:\/\/www.edition-assemblage.de\/en\/#\/schema\/logo\/image\/"},"sameAs":["https:\/\/www.facebook.com\/editionassemblage","https:\/\/x.com\/assemblage_news","https:\/\/www.instagram.com\/edition_assemblage"]}]}},"_links":{"self":[{"href":"https:\/\/www.edition-assemblage.de\/en\/wp-json\/wp\/v2\/buch\/5039","targetHints":{"allow":["GET"]}}],"collection":[{"href":"https:\/\/www.edition-assemblage.de\/en\/wp-json\/wp\/v2\/buch"}],"about":[{"href":"https:\/\/www.edition-assemblage.de\/en\/wp-json\/wp\/v2\/types\/buch"}],"wp:attachment":[{"href":"https:\/\/www.edition-assemblage.de\/en\/wp-json\/wp\/v2\/media?parent=5039"}],"wp:term":[{"taxonomy":"schlagwort","embeddable":true,"href":"https:\/\/www.edition-assemblage.de\/en\/wp-json\/wp\/v2\/schlagwort?post=5039"}],"curies":[{"name":"wp","href":"https:\/\/api.w.org\/{rel}","templated":true}]}}

<!-- This site is optimized with the Yoast SEO plugin v26.7 - https://yoast.com/wordpress/plugins/seo/ -->
<title>Wie Leben geht &#8211; edition assemblage</title>
<meta name="description" content="Bahati Glaß - Leben geht. Leben vergeht. Neues Leben entsteht. In verschiedenen Daseinsformen und Kreisläufen. Autobiographisch und persönlich, aber auch politisch-gesellschaftlich. Darüber schreibt Bahati Glaß in ihrem Gedichtband „Wie Leben geht“. In klarer und eindrücklicher Sprache beleuchtet sie verschiedene Facetten des Lebens, beschäftigt sich vor allem mit den Themen Geburt und Mutterschaft, Tod und Sterben, Zugehörigkeit und Diskriminierung, zwischenmenschlichen und globalen Gefügen." />
<meta name="robots" content="index, follow, max-snippet:-1, max-image-preview:large, max-video-preview:-1" />
<link rel="canonical" href="https://www.edition-assemblage.de/en/buecher/wie-leben-geht/" />
<meta property="og:locale" content="en_US" />
<meta property="og:type" content="article" />
<meta property="og:title" content="Wie Leben geht &#8211; edition assemblage" />
<meta property="og:description" content="Bahati Glaß - Leben geht. Leben vergeht. Neues Leben entsteht. In verschiedenen Daseinsformen und Kreisläufen. Autobiographisch und persönlich, aber auch politisch-gesellschaftlich. Darüber schreibt Bahati Glaß in ihrem Gedichtband „Wie Leben geht“. In klarer und eindrücklicher Sprache beleuchtet sie verschiedene Facetten des Lebens, beschäftigt sich vor allem mit den Themen Geburt und Mutterschaft, Tod und Sterben, Zugehörigkeit und Diskriminierung, zwischenmenschlichen und globalen Gefügen." />
<meta property="og:url" content="https://www.edition-assemblage.de/en/buecher/wie-leben-geht/" />
<meta property="og:site_name" content="edition assemblage" />
<meta property="article:publisher" content="https://www.facebook.com/editionassemblage" />
<meta property="article:modified_time" content="2025-10-06T06:55:26+00:00" />
<meta name="twitter:card" content="summary_large_image" />
<meta name="twitter:site" content="@assemblage_news" />
<script type="application/ld+json" class="yoast-schema-graph">{"@context":"https://schema.org","@graph":[{"@type":"WebPage","@id":"https://www.edition-assemblage.de/en/buecher/wie-leben-geht/","url":"https://www.edition-assemblage.de/en/buecher/wie-leben-geht/","name":"Wie Leben geht &#8211; edition assemblage","isPartOf":{"@id":"https://www.edition-assemblage.de/en/#website"},"datePublished":"2023-11-28T08:19:59+00:00","dateModified":"2025-10-06T06:55:26+00:00","description":"Bahati Glaß - Leben geht. Leben vergeht. Neues Leben entsteht. In verschiedenen Daseinsformen und Kreisläufen. Autobiographisch und persönlich, aber auch politisch-gesellschaftlich. Darüber schreibt Bahati Glaß in ihrem Gedichtband „Wie Leben geht“. In klarer und eindrücklicher Sprache beleuchtet sie verschiedene Facetten des Lebens, beschäftigt sich vor allem mit den Themen Geburt und Mutterschaft, Tod und Sterben, Zugehörigkeit und Diskriminierung, zwischenmenschlichen und globalen Gefügen.","breadcrumb":{"@id":"https://www.edition-assemblage.de/en/buecher/wie-leben-geht/#breadcrumb"},"inLanguage":"en-US","potentialAction":[{"@type":"ReadAction","target":["https://www.edition-assemblage.de/en/buecher/wie-leben-geht/"]}]},{"@type":"BreadcrumbList","@id":"https://www.edition-assemblage.de/en/buecher/wie-leben-geht/#breadcrumb","itemListElement":[{"@type":"ListItem","position":1,"name":"Startseite","item":"https://www.edition-assemblage.de/en/"},{"@type":"ListItem","position":2,"name":"Bücher","item":"https://www.edition-assemblage.de/en/books/"},{"@type":"ListItem","position":3,"name":"Wie Leben geht"}]},{"@type":"WebSite","@id":"https://www.edition-assemblage.de/en/#website","url":"https://www.edition-assemblage.de/en/","name":"edition assemblage","description":"Verlagskollektiv und gesellschaftskritisches, linkes, politisches und publizistisches Netzwerk.","publisher":{"@id":"https://www.edition-assemblage.de/en/#organization"},"potentialAction":[{"@type":"SearchAction","target":{"@type":"EntryPoint","urlTemplate":"https://www.edition-assemblage.de/en/?s={search_term_string}"},"query-input":{"@type":"PropertyValueSpecification","valueRequired":true,"valueName":"search_term_string"}}],"inLanguage":"en-US"},{"@type":"Organization","@id":"https://www.edition-assemblage.de/en/#organization","name":"edition assemblage","url":"https://www.edition-assemblage.de/en/","logo":{"@type":"ImageObject","inLanguage":"en-US","@id":"https://www.edition-assemblage.de/en/#/schema/logo/image/","url":"https://www.edition-assemblage.de/wp-content/uploads/Logo_2022_3.png","contentUrl":"https://www.edition-assemblage.de/wp-content/uploads/Logo_2022_3.png","width":1161,"height":618,"caption":"edition assemblage"},"image":{"@id":"https://www.edition-assemblage.de/en/#/schema/logo/image/"},"sameAs":["https://www.facebook.com/editionassemblage","https://x.com/assemblage_news","https://www.instagram.com/edition_assemblage"]}]}</script>
<!-- / Yoast SEO plugin. -->

Bahati Glaß - Leben geht. Leben vergeht. Neues Leben entsteht. In verschiedenen Daseinsformen und Kreisläufen. Autobiographisch und persönlich, aber auch politisch-gesellschaftlich. Darüber schreibt Bahati Glaß in ihrem Gedichtband „Wie Leben geht“. In klarer und eindrücklicher Sprache beleuchtet sie verschiedene Facetten des Lebens, beschäftigt sich vor allem mit den Themen Geburt und Mutterschaft, Tod und Sterben, Zugehörigkeit und Diskriminierung, zwischenmenschlichen und globalen Gefügen.

Bücher
