{"id":3737,"date":"2022-05-17T16:11:08","date_gmt":"2022-05-17T14:11:08","guid":{"rendered":"https:\/\/www.edition-assemblage.de\/?post_type=buch&#038;p=3737"},"modified":"2022-05-17T16:11:08","modified_gmt":"2022-05-17T14:11:08","slug":"abrisse","status":"publish","type":"buch","link":"https:\/\/www.edition-assemblage.de\/en\/buecher\/abrisse\/","title":{"rendered":"Abrisse"},"template":"","schlagwort":[142,147,158,206],"class_list":["post-3737","buch","type-buch","status-publish","hentry","buchkategorie-sachbuch","schlagwort-empowerment","schlagwort-gefaengnis","schlagwort-betroffenenperspektive","schlagwort-repression","entry"],"yoast_head":"<!-- This site is optimized with the Yoast SEO plugin v26.7 - https:\/\/yoast.com\/wordpress\/plugins\/seo\/ -->\n<title>Abrisse &#8211; edition assemblage<\/title>\n<meta name=\"description\" content=\"projekt baul_cken (Ed.) - Ausgehend von einer gesamtgesellschaftlichen Utopie, in der die Institution Knast keinen Platz hat, zeichnet das Projekt Baul\u00fccken grundlegende kritische Positionen zum Thema Gef\u00e4ngnisse auf. Ber\u00fccksichtigt werden dabei die verschiedenen Sichtweisen von Gefangenen, Aktivist_innen aus verschiedenen L\u00e4ndern und Antw\u00e4lt_innen,&nbsp;die \u00fcber eine isolierte Betrachtung der Institution Gef\u00e4ngnis hinaus weisen. Die Vielfalt der behandelten Themen reicht von Arbeit im Knast, \u201eResozialisierung\u201c, Sicherheitsverwahrung bis hin zur Situation weiblicher Gefangener.\" \/>\n<meta name=\"robots\" content=\"index, follow, max-snippet:-1, max-image-preview:large, max-video-preview:-1\" \/>\n<link rel=\"canonical\" href=\"https:\/\/www.edition-assemblage.de\/en\/buecher\/abrisse\/\" \/>\n<meta property=\"og:locale\" content=\"en_US\" \/>\n<meta property=\"og:type\" content=\"article\" \/>\n<meta property=\"og:title\" content=\"Abrisse &#8211; edition assemblage\" \/>\n<meta property=\"og:description\" content=\"projekt baul_cken (Ed.) - Ausgehend von einer gesamtgesellschaftlichen Utopie, in der die Institution Knast keinen Platz hat, zeichnet das Projekt Baul\u00fccken grundlegende kritische Positionen zum Thema Gef\u00e4ngnisse auf. Ber\u00fccksichtigt werden dabei die verschiedenen Sichtweisen von Gefangenen, Aktivist_innen aus verschiedenen L\u00e4ndern und Antw\u00e4lt_innen,&nbsp;die \u00fcber eine isolierte Betrachtung der Institution Gef\u00e4ngnis hinaus weisen. Die Vielfalt der behandelten Themen reicht von Arbeit im Knast, \u201eResozialisierung\u201c, Sicherheitsverwahrung bis hin zur Situation weiblicher Gefangener.\" \/>\n<meta property=\"og:url\" content=\"https:\/\/www.edition-assemblage.de\/en\/buecher\/abrisse\/\" \/>\n<meta property=\"og:site_name\" content=\"edition assemblage\" \/>\n<meta property=\"article:publisher\" content=\"https:\/\/www.facebook.com\/editionassemblage\" \/>\n<meta name=\"twitter:card\" content=\"summary_large_image\" \/>\n<meta name=\"twitter:site\" content=\"@assemblage_news\" \/>\n<script type=\"application\/ld+json\" class=\"yoast-schema-graph\">{\"@context\":\"https:\/\/schema.org\",\"@graph\":[{\"@type\":\"WebPage\",\"@id\":\"https:\/\/www.edition-assemblage.de\/en\/buecher\/abrisse\/\",\"url\":\"https:\/\/www.edition-assemblage.de\/en\/buecher\/abrisse\/\",\"name\":\"Abrisse &#8211; edition assemblage\",\"isPartOf\":{\"@id\":\"https:\/\/www.edition-assemblage.de\/en\/#website\"},\"datePublished\":\"2022-05-17T14:11:08+00:00\",\"description\":\"projekt baul_cken (Ed.) - Ausgehend von einer gesamtgesellschaftlichen Utopie, in der die Institution Knast keinen Platz hat, zeichnet das Projekt Baul\u00fccken grundlegende kritische Positionen zum Thema Gef\u00e4ngnisse auf. Ber\u00fccksichtigt werden dabei die verschiedenen Sichtweisen von Gefangenen, Aktivist_innen aus verschiedenen L\u00e4ndern und Antw\u00e4lt_innen,&nbsp;die \u00fcber eine isolierte Betrachtung der Institution Gef\u00e4ngnis hinaus weisen. Die Vielfalt der behandelten Themen reicht von Arbeit im Knast, \u201eResozialisierung\u201c, Sicherheitsverwahrung bis hin zur Situation weiblicher Gefangener.\",\"breadcrumb\":{\"@id\":\"https:\/\/www.edition-assemblage.de\/en\/buecher\/abrisse\/#breadcrumb\"},\"inLanguage\":\"en-US\",\"potentialAction\":[{\"@type\":\"ReadAction\",\"target\":[\"https:\/\/www.edition-assemblage.de\/en\/buecher\/abrisse\/\"]}]},{\"@type\":\"BreadcrumbList\",\"@id\":\"https:\/\/www.edition-assemblage.de\/en\/buecher\/abrisse\/#breadcrumb\",\"itemListElement\":[{\"@type\":\"ListItem\",\"position\":1,\"name\":\"Startseite\",\"item\":\"https:\/\/www.edition-assemblage.de\/en\/\"},{\"@type\":\"ListItem\",\"position\":2,\"name\":\"B\u00fccher\",\"item\":\"https:\/\/www.edition-assemblage.de\/en\/books\/\"},{\"@type\":\"ListItem\",\"position\":3,\"name\":\"Abrisse\"}]},{\"@type\":\"WebSite\",\"@id\":\"https:\/\/www.edition-assemblage.de\/en\/#website\",\"url\":\"https:\/\/www.edition-assemblage.de\/en\/\",\"name\":\"edition assemblage\",\"description\":\"Verlagskollektiv und gesellschaftskritisches, linkes, politisches und publizistisches Netzwerk.\",\"publisher\":{\"@id\":\"https:\/\/www.edition-assemblage.de\/en\/#organization\"},\"potentialAction\":[{\"@type\":\"SearchAction\",\"target\":{\"@type\":\"EntryPoint\",\"urlTemplate\":\"https:\/\/www.edition-assemblage.de\/en\/?s={search_term_string}\"},\"query-input\":{\"@type\":\"PropertyValueSpecification\",\"valueRequired\":true,\"valueName\":\"search_term_string\"}}],\"inLanguage\":\"en-US\"},{\"@type\":\"Organization\",\"@id\":\"https:\/\/www.edition-assemblage.de\/en\/#organization\",\"name\":\"edition assemblage\",\"url\":\"https:\/\/www.edition-assemblage.de\/en\/\",\"logo\":{\"@type\":\"ImageObject\",\"inLanguage\":\"en-US\",\"@id\":\"https:\/\/www.edition-assemblage.de\/en\/#\/schema\/logo\/image\/\",\"url\":\"https:\/\/www.edition-assemblage.de\/wp-content\/uploads\/Logo_2022_3.png\",\"contentUrl\":\"https:\/\/www.edition-assemblage.de\/wp-content\/uploads\/Logo_2022_3.png\",\"width\":1161,\"height\":618,\"caption\":\"edition assemblage\"},\"image\":{\"@id\":\"https:\/\/www.edition-assemblage.de\/en\/#\/schema\/logo\/image\/\"},\"sameAs\":[\"https:\/\/www.facebook.com\/editionassemblage\",\"https:\/\/x.com\/assemblage_news\",\"https:\/\/www.instagram.com\/edition_assemblage\"]}]}<\/script>\n<!-- \/ Yoast SEO plugin. -->","yoast_head_json":{"title":"Abrisse &#8211; edition assemblage","description":"projekt baul_cken (Ed.) - Ausgehend von einer gesamtgesellschaftlichen Utopie, in der die Institution Knast keinen Platz hat, zeichnet das Projekt Baul\u00fccken grundlegende kritische Positionen zum Thema Gef\u00e4ngnisse auf. Ber\u00fccksichtigt werden dabei die verschiedenen Sichtweisen von Gefangenen, Aktivist_innen aus verschiedenen L\u00e4ndern und Antw\u00e4lt_innen,&nbsp;die \u00fcber eine isolierte Betrachtung der Institution Gef\u00e4ngnis hinaus weisen. Die Vielfalt der behandelten Themen reicht von Arbeit im Knast, \u201eResozialisierung\u201c, Sicherheitsverwahrung bis hin zur Situation weiblicher Gefangener.","robots":{"index":"index","follow":"follow","max-snippet":"max-snippet:-1","max-image-preview":"max-image-preview:large","max-video-preview":"max-video-preview:-1"},"canonical":"https:\/\/www.edition-assemblage.de\/en\/buecher\/abrisse\/","og_locale":"en_US","og_type":"article","og_title":"Abrisse &#8211; edition assemblage","og_description":"projekt baul_cken (Ed.) - Ausgehend von einer gesamtgesellschaftlichen Utopie, in der die Institution Knast keinen Platz hat, zeichnet das Projekt Baul\u00fccken grundlegende kritische Positionen zum Thema Gef\u00e4ngnisse auf. Ber\u00fccksichtigt werden dabei die verschiedenen Sichtweisen von Gefangenen, Aktivist_innen aus verschiedenen L\u00e4ndern und Antw\u00e4lt_innen,&nbsp;die \u00fcber eine isolierte Betrachtung der Institution Gef\u00e4ngnis hinaus weisen. Die Vielfalt der behandelten Themen reicht von Arbeit im Knast, \u201eResozialisierung\u201c, Sicherheitsverwahrung bis hin zur Situation weiblicher Gefangener.","og_url":"https:\/\/www.edition-assemblage.de\/en\/buecher\/abrisse\/","og_site_name":"edition assemblage","article_publisher":"https:\/\/www.facebook.com\/editionassemblage","twitter_card":"summary_large_image","twitter_site":"@assemblage_news","schema":{"@context":"https:\/\/schema.org","@graph":[{"@type":"WebPage","@id":"https:\/\/www.edition-assemblage.de\/en\/buecher\/abrisse\/","url":"https:\/\/www.edition-assemblage.de\/en\/buecher\/abrisse\/","name":"Abrisse &#8211; edition assemblage","isPartOf":{"@id":"https:\/\/www.edition-assemblage.de\/en\/#website"},"datePublished":"2022-05-17T14:11:08+00:00","description":"projekt baul_cken (Ed.) - Ausgehend von einer gesamtgesellschaftlichen Utopie, in der die Institution Knast keinen Platz hat, zeichnet das Projekt Baul\u00fccken grundlegende kritische Positionen zum Thema Gef\u00e4ngnisse auf. Ber\u00fccksichtigt werden dabei die verschiedenen Sichtweisen von Gefangenen, Aktivist_innen aus verschiedenen L\u00e4ndern und Antw\u00e4lt_innen,&nbsp;die \u00fcber eine isolierte Betrachtung der Institution Gef\u00e4ngnis hinaus weisen. Die Vielfalt der behandelten Themen reicht von Arbeit im Knast, \u201eResozialisierung\u201c, Sicherheitsverwahrung bis hin zur Situation weiblicher Gefangener.","breadcrumb":{"@id":"https:\/\/www.edition-assemblage.de\/en\/buecher\/abrisse\/#breadcrumb"},"inLanguage":"en-US","potentialAction":[{"@type":"ReadAction","target":["https:\/\/www.edition-assemblage.de\/en\/buecher\/abrisse\/"]}]},{"@type":"BreadcrumbList","@id":"https:\/\/www.edition-assemblage.de\/en\/buecher\/abrisse\/#breadcrumb","itemListElement":[{"@type":"ListItem","position":1,"name":"Startseite","item":"https:\/\/www.edition-assemblage.de\/en\/"},{"@type":"ListItem","position":2,"name":"B\u00fccher","item":"https:\/\/www.edition-assemblage.de\/en\/books\/"},{"@type":"ListItem","position":3,"name":"Abrisse"}]},{"@type":"WebSite","@id":"https:\/\/www.edition-assemblage.de\/en\/#website","url":"https:\/\/www.edition-assemblage.de\/en\/","name":"edition assemblage","description":"Verlagskollektiv und gesellschaftskritisches, linkes, politisches und publizistisches Netzwerk.","publisher":{"@id":"https:\/\/www.edition-assemblage.de\/en\/#organization"},"potentialAction":[{"@type":"SearchAction","target":{"@type":"EntryPoint","urlTemplate":"https:\/\/www.edition-assemblage.de\/en\/?s={search_term_string}"},"query-input":{"@type":"PropertyValueSpecification","valueRequired":true,"valueName":"search_term_string"}}],"inLanguage":"en-US"},{"@type":"Organization","@id":"https:\/\/www.edition-assemblage.de\/en\/#organization","name":"edition assemblage","url":"https:\/\/www.edition-assemblage.de\/en\/","logo":{"@type":"ImageObject","inLanguage":"en-US","@id":"https:\/\/www.edition-assemblage.de\/en\/#\/schema\/logo\/image\/","url":"https:\/\/www.edition-assemblage.de\/wp-content\/uploads\/Logo_2022_3.png","contentUrl":"https:\/\/www.edition-assemblage.de\/wp-content\/uploads\/Logo_2022_3.png","width":1161,"height":618,"caption":"edition assemblage"},"image":{"@id":"https:\/\/www.edition-assemblage.de\/en\/#\/schema\/logo\/image\/"},"sameAs":["https:\/\/www.facebook.com\/editionassemblage","https:\/\/x.com\/assemblage_news","https:\/\/www.instagram.com\/edition_assemblage"]}]}},"_links":{"self":[{"href":"https:\/\/www.edition-assemblage.de\/en\/wp-json\/wp\/v2\/buch\/3737","targetHints":{"allow":["GET"]}}],"collection":[{"href":"https:\/\/www.edition-assemblage.de\/en\/wp-json\/wp\/v2\/buch"}],"about":[{"href":"https:\/\/www.edition-assemblage.de\/en\/wp-json\/wp\/v2\/types\/buch"}],"wp:attachment":[{"href":"https:\/\/www.edition-assemblage.de\/en\/wp-json\/wp\/v2\/media?parent=3737"}],"wp:term":[{"taxonomy":"schlagwort","embeddable":true,"href":"https:\/\/www.edition-assemblage.de\/en\/wp-json\/wp\/v2\/schlagwort?post=3737"}],"curies":[{"name":"wp","href":"https:\/\/api.w.org\/{rel}","templated":true}]}}

<!-- This site is optimized with the Yoast SEO plugin v26.7 - https://yoast.com/wordpress/plugins/seo/ -->
<title>Abrisse &#8211; edition assemblage</title>
<meta name="description" content="projekt baul_cken (Ed.) - Ausgehend von einer gesamtgesellschaftlichen Utopie, in der die Institution Knast keinen Platz hat, zeichnet das Projekt Baulücken grundlegende kritische Positionen zum Thema Gefängnisse auf. Berücksichtigt werden dabei die verschiedenen Sichtweisen von Gefangenen, Aktivist_innen aus verschiedenen Ländern und Antwält_innen,&nbsp;die über eine isolierte Betrachtung der Institution Gefängnis hinaus weisen. Die Vielfalt der behandelten Themen reicht von Arbeit im Knast, „Resozialisierung“, Sicherheitsverwahrung bis hin zur Situation weiblicher Gefangener." />
<meta name="robots" content="index, follow, max-snippet:-1, max-image-preview:large, max-video-preview:-1" />
<link rel="canonical" href="https://www.edition-assemblage.de/en/buecher/abrisse/" />
<meta property="og:locale" content="en_US" />
<meta property="og:type" content="article" />
<meta property="og:title" content="Abrisse &#8211; edition assemblage" />
<meta property="og:description" content="projekt baul_cken (Ed.) - Ausgehend von einer gesamtgesellschaftlichen Utopie, in der die Institution Knast keinen Platz hat, zeichnet das Projekt Baulücken grundlegende kritische Positionen zum Thema Gefängnisse auf. Berücksichtigt werden dabei die verschiedenen Sichtweisen von Gefangenen, Aktivist_innen aus verschiedenen Ländern und Antwält_innen,&nbsp;die über eine isolierte Betrachtung der Institution Gefängnis hinaus weisen. Die Vielfalt der behandelten Themen reicht von Arbeit im Knast, „Resozialisierung“, Sicherheitsverwahrung bis hin zur Situation weiblicher Gefangener." />
<meta property="og:url" content="https://www.edition-assemblage.de/en/buecher/abrisse/" />
<meta property="og:site_name" content="edition assemblage" />
<meta property="article:publisher" content="https://www.facebook.com/editionassemblage" />
<meta name="twitter:card" content="summary_large_image" />
<meta name="twitter:site" content="@assemblage_news" />
<script type="application/ld+json" class="yoast-schema-graph">{"@context":"https://schema.org","@graph":[{"@type":"WebPage","@id":"https://www.edition-assemblage.de/en/buecher/abrisse/","url":"https://www.edition-assemblage.de/en/buecher/abrisse/","name":"Abrisse &#8211; edition assemblage","isPartOf":{"@id":"https://www.edition-assemblage.de/en/#website"},"datePublished":"2022-05-17T14:11:08+00:00","description":"projekt baul_cken (Ed.) - Ausgehend von einer gesamtgesellschaftlichen Utopie, in der die Institution Knast keinen Platz hat, zeichnet das Projekt Baulücken grundlegende kritische Positionen zum Thema Gefängnisse auf. Berücksichtigt werden dabei die verschiedenen Sichtweisen von Gefangenen, Aktivist_innen aus verschiedenen Ländern und Antwält_innen,&nbsp;die über eine isolierte Betrachtung der Institution Gefängnis hinaus weisen. Die Vielfalt der behandelten Themen reicht von Arbeit im Knast, „Resozialisierung“, Sicherheitsverwahrung bis hin zur Situation weiblicher Gefangener.","breadcrumb":{"@id":"https://www.edition-assemblage.de/en/buecher/abrisse/#breadcrumb"},"inLanguage":"en-US","potentialAction":[{"@type":"ReadAction","target":["https://www.edition-assemblage.de/en/buecher/abrisse/"]}]},{"@type":"BreadcrumbList","@id":"https://www.edition-assemblage.de/en/buecher/abrisse/#breadcrumb","itemListElement":[{"@type":"ListItem","position":1,"name":"Startseite","item":"https://www.edition-assemblage.de/en/"},{"@type":"ListItem","position":2,"name":"Bücher","item":"https://www.edition-assemblage.de/en/books/"},{"@type":"ListItem","position":3,"name":"Abrisse"}]},{"@type":"WebSite","@id":"https://www.edition-assemblage.de/en/#website","url":"https://www.edition-assemblage.de/en/","name":"edition assemblage","description":"Verlagskollektiv und gesellschaftskritisches, linkes, politisches und publizistisches Netzwerk.","publisher":{"@id":"https://www.edition-assemblage.de/en/#organization"},"potentialAction":[{"@type":"SearchAction","target":{"@type":"EntryPoint","urlTemplate":"https://www.edition-assemblage.de/en/?s={search_term_string}"},"query-input":{"@type":"PropertyValueSpecification","valueRequired":true,"valueName":"search_term_string"}}],"inLanguage":"en-US"},{"@type":"Organization","@id":"https://www.edition-assemblage.de/en/#organization","name":"edition assemblage","url":"https://www.edition-assemblage.de/en/","logo":{"@type":"ImageObject","inLanguage":"en-US","@id":"https://www.edition-assemblage.de/en/#/schema/logo/image/","url":"https://www.edition-assemblage.de/wp-content/uploads/Logo_2022_3.png","contentUrl":"https://www.edition-assemblage.de/wp-content/uploads/Logo_2022_3.png","width":1161,"height":618,"caption":"edition assemblage"},"image":{"@id":"https://www.edition-assemblage.de/en/#/schema/logo/image/"},"sameAs":["https://www.facebook.com/editionassemblage","https://x.com/assemblage_news","https://www.instagram.com/edition_assemblage"]}]}</script>
<!-- / Yoast SEO plugin. -->

projekt baul_cken (Ed.) - Ausgehend von einer gesamtgesellschaftlichen Utopie, in der die Institution Knast keinen Platz hat, zeichnet das Projekt Baulücken grundlegende kritische Positionen zum Thema Gefängnisse auf. Berücksichtigt werden dabei die verschiedenen Sichtweisen von Gefangenen, Aktivist_innen aus verschiedenen Ländern und Antwält_innen,&nbsp;die über eine isolierte Betrachtung der Institution Gefängnis hinaus weisen. Die Vielfalt der behandelten Themen reicht von Arbeit im Knast, „Resozialisierung“, Sicherheitsverwahrung bis hin zur Situation weiblicher Gefangener.

Bücher
