{"id":2470,"date":"2022-04-26T19:29:25","date_gmt":"2022-04-26T17:29:25","guid":{"rendered":"https:\/\/www.edition-assemblage.de\/?post_type=buch&#038;p=2470"},"modified":"2022-04-28T22:31:08","modified_gmt":"2022-04-28T20:31:08","slug":"lieber-tot-als-rot","status":"publish","type":"buch","link":"https:\/\/www.edition-assemblage.de\/en\/buecher\/lieber-tot-als-rot\/","title":{"rendered":"Lieber tot als rot"},"template":"","schlagwort":[165,186],"class_list":["post-2470","buch","type-buch","status-publish","hentry","buchkategorie-sachbuch","schlagwort-aktivismus","schlagwort-bewegungsgeschichte","entry"],"yoast_head":"<!-- This site is optimized with the Yoast SEO plugin v26.7 - https:\/\/yoast.com\/wordpress\/plugins\/seo\/ -->\n<title>Lieber tot als rot &#8211; edition assemblage<\/title>\n<meta name=\"description\" content=\"Malte Meyer - Deutsche Gewerkschaften: Teil der Friedensbewegung oder \u201eOrgane des imperialistischen Staates\u201c, wie radikale Linke schon w\u00e4hrend des Ersten Weltkriegs meinten? Der Frage nach dem Verh\u00e4ltnis von Gewerkschaften und Milit\u00e4r geht das Buch anhand wichtiger historischer Stationen auf den Grund. Au\u00dferdem untersucht es die gewerkschaftliche Alltagspraxis in R\u00fcstungskonzernen wie Repressionsapparaten und besch\u00e4ftigt sich mit Gewerkschaftsstatements zur Remilitarisierung deutscher Au\u00dfenpolitik seit 1990.\" \/>\n<meta name=\"robots\" content=\"index, follow, max-snippet:-1, max-image-preview:large, max-video-preview:-1\" \/>\n<link rel=\"canonical\" href=\"https:\/\/www.edition-assemblage.de\/en\/buecher\/lieber-tot-als-rot\/\" \/>\n<meta property=\"og:locale\" content=\"en_US\" \/>\n<meta property=\"og:type\" content=\"article\" \/>\n<meta property=\"og:title\" content=\"Lieber tot als rot &#8211; edition assemblage\" \/>\n<meta property=\"og:description\" content=\"Malte Meyer - Deutsche Gewerkschaften: Teil der Friedensbewegung oder \u201eOrgane des imperialistischen Staates\u201c, wie radikale Linke schon w\u00e4hrend des Ersten Weltkriegs meinten? Der Frage nach dem Verh\u00e4ltnis von Gewerkschaften und Milit\u00e4r geht das Buch anhand wichtiger historischer Stationen auf den Grund. Au\u00dferdem untersucht es die gewerkschaftliche Alltagspraxis in R\u00fcstungskonzernen wie Repressionsapparaten und besch\u00e4ftigt sich mit Gewerkschaftsstatements zur Remilitarisierung deutscher Au\u00dfenpolitik seit 1990.\" \/>\n<meta property=\"og:url\" content=\"https:\/\/www.edition-assemblage.de\/en\/buecher\/lieber-tot-als-rot\/\" \/>\n<meta property=\"og:site_name\" content=\"edition assemblage\" \/>\n<meta property=\"article:publisher\" content=\"https:\/\/www.facebook.com\/editionassemblage\" \/>\n<meta property=\"article:modified_time\" content=\"2022-04-28T20:31:08+00:00\" \/>\n<meta name=\"twitter:card\" content=\"summary_large_image\" \/>\n<meta name=\"twitter:site\" content=\"@assemblage_news\" \/>\n<script type=\"application\/ld+json\" class=\"yoast-schema-graph\">{\"@context\":\"https:\/\/schema.org\",\"@graph\":[{\"@type\":\"WebPage\",\"@id\":\"https:\/\/www.edition-assemblage.de\/en\/buecher\/lieber-tot-als-rot\/\",\"url\":\"https:\/\/www.edition-assemblage.de\/en\/buecher\/lieber-tot-als-rot\/\",\"name\":\"Lieber tot als rot &#8211; edition assemblage\",\"isPartOf\":{\"@id\":\"https:\/\/www.edition-assemblage.de\/en\/#website\"},\"datePublished\":\"2022-04-26T17:29:25+00:00\",\"dateModified\":\"2022-04-28T20:31:08+00:00\",\"description\":\"Malte Meyer - Deutsche Gewerkschaften: Teil der Friedensbewegung oder \u201eOrgane des imperialistischen Staates\u201c, wie radikale Linke schon w\u00e4hrend des Ersten Weltkriegs meinten? Der Frage nach dem Verh\u00e4ltnis von Gewerkschaften und Milit\u00e4r geht das Buch anhand wichtiger historischer Stationen auf den Grund. Au\u00dferdem untersucht es die gewerkschaftliche Alltagspraxis in R\u00fcstungskonzernen wie Repressionsapparaten und besch\u00e4ftigt sich mit Gewerkschaftsstatements zur Remilitarisierung deutscher Au\u00dfenpolitik seit 1990.\",\"breadcrumb\":{\"@id\":\"https:\/\/www.edition-assemblage.de\/en\/buecher\/lieber-tot-als-rot\/#breadcrumb\"},\"inLanguage\":\"en-US\",\"potentialAction\":[{\"@type\":\"ReadAction\",\"target\":[\"https:\/\/www.edition-assemblage.de\/en\/buecher\/lieber-tot-als-rot\/\"]}]},{\"@type\":\"BreadcrumbList\",\"@id\":\"https:\/\/www.edition-assemblage.de\/en\/buecher\/lieber-tot-als-rot\/#breadcrumb\",\"itemListElement\":[{\"@type\":\"ListItem\",\"position\":1,\"name\":\"Startseite\",\"item\":\"https:\/\/www.edition-assemblage.de\/en\/\"},{\"@type\":\"ListItem\",\"position\":2,\"name\":\"B\u00fccher\",\"item\":\"https:\/\/www.edition-assemblage.de\/en\/books\/\"},{\"@type\":\"ListItem\",\"position\":3,\"name\":\"Lieber tot als rot\"}]},{\"@type\":\"WebSite\",\"@id\":\"https:\/\/www.edition-assemblage.de\/en\/#website\",\"url\":\"https:\/\/www.edition-assemblage.de\/en\/\",\"name\":\"edition assemblage\",\"description\":\"Verlagskollektiv und gesellschaftskritisches, linkes, politisches und publizistisches Netzwerk.\",\"publisher\":{\"@id\":\"https:\/\/www.edition-assemblage.de\/en\/#organization\"},\"potentialAction\":[{\"@type\":\"SearchAction\",\"target\":{\"@type\":\"EntryPoint\",\"urlTemplate\":\"https:\/\/www.edition-assemblage.de\/en\/?s={search_term_string}\"},\"query-input\":{\"@type\":\"PropertyValueSpecification\",\"valueRequired\":true,\"valueName\":\"search_term_string\"}}],\"inLanguage\":\"en-US\"},{\"@type\":\"Organization\",\"@id\":\"https:\/\/www.edition-assemblage.de\/en\/#organization\",\"name\":\"edition assemblage\",\"url\":\"https:\/\/www.edition-assemblage.de\/en\/\",\"logo\":{\"@type\":\"ImageObject\",\"inLanguage\":\"en-US\",\"@id\":\"https:\/\/www.edition-assemblage.de\/en\/#\/schema\/logo\/image\/\",\"url\":\"https:\/\/www.edition-assemblage.de\/wp-content\/uploads\/Logo_2022_3.png\",\"contentUrl\":\"https:\/\/www.edition-assemblage.de\/wp-content\/uploads\/Logo_2022_3.png\",\"width\":1161,\"height\":618,\"caption\":\"edition assemblage\"},\"image\":{\"@id\":\"https:\/\/www.edition-assemblage.de\/en\/#\/schema\/logo\/image\/\"},\"sameAs\":[\"https:\/\/www.facebook.com\/editionassemblage\",\"https:\/\/x.com\/assemblage_news\",\"https:\/\/www.instagram.com\/edition_assemblage\"]}]}<\/script>\n<!-- \/ Yoast SEO plugin. -->","yoast_head_json":{"title":"Lieber tot als rot &#8211; edition assemblage","description":"Malte Meyer - Deutsche Gewerkschaften: Teil der Friedensbewegung oder \u201eOrgane des imperialistischen Staates\u201c, wie radikale Linke schon w\u00e4hrend des Ersten Weltkriegs meinten? Der Frage nach dem Verh\u00e4ltnis von Gewerkschaften und Milit\u00e4r geht das Buch anhand wichtiger historischer Stationen auf den Grund. Au\u00dferdem untersucht es die gewerkschaftliche Alltagspraxis in R\u00fcstungskonzernen wie Repressionsapparaten und besch\u00e4ftigt sich mit Gewerkschaftsstatements zur Remilitarisierung deutscher Au\u00dfenpolitik seit 1990.","robots":{"index":"index","follow":"follow","max-snippet":"max-snippet:-1","max-image-preview":"max-image-preview:large","max-video-preview":"max-video-preview:-1"},"canonical":"https:\/\/www.edition-assemblage.de\/en\/buecher\/lieber-tot-als-rot\/","og_locale":"en_US","og_type":"article","og_title":"Lieber tot als rot &#8211; edition assemblage","og_description":"Malte Meyer - Deutsche Gewerkschaften: Teil der Friedensbewegung oder \u201eOrgane des imperialistischen Staates\u201c, wie radikale Linke schon w\u00e4hrend des Ersten Weltkriegs meinten? Der Frage nach dem Verh\u00e4ltnis von Gewerkschaften und Milit\u00e4r geht das Buch anhand wichtiger historischer Stationen auf den Grund. Au\u00dferdem untersucht es die gewerkschaftliche Alltagspraxis in R\u00fcstungskonzernen wie Repressionsapparaten und besch\u00e4ftigt sich mit Gewerkschaftsstatements zur Remilitarisierung deutscher Au\u00dfenpolitik seit 1990.","og_url":"https:\/\/www.edition-assemblage.de\/en\/buecher\/lieber-tot-als-rot\/","og_site_name":"edition assemblage","article_publisher":"https:\/\/www.facebook.com\/editionassemblage","article_modified_time":"2022-04-28T20:31:08+00:00","twitter_card":"summary_large_image","twitter_site":"@assemblage_news","schema":{"@context":"https:\/\/schema.org","@graph":[{"@type":"WebPage","@id":"https:\/\/www.edition-assemblage.de\/en\/buecher\/lieber-tot-als-rot\/","url":"https:\/\/www.edition-assemblage.de\/en\/buecher\/lieber-tot-als-rot\/","name":"Lieber tot als rot &#8211; edition assemblage","isPartOf":{"@id":"https:\/\/www.edition-assemblage.de\/en\/#website"},"datePublished":"2022-04-26T17:29:25+00:00","dateModified":"2022-04-28T20:31:08+00:00","description":"Malte Meyer - Deutsche Gewerkschaften: Teil der Friedensbewegung oder \u201eOrgane des imperialistischen Staates\u201c, wie radikale Linke schon w\u00e4hrend des Ersten Weltkriegs meinten? Der Frage nach dem Verh\u00e4ltnis von Gewerkschaften und Milit\u00e4r geht das Buch anhand wichtiger historischer Stationen auf den Grund. Au\u00dferdem untersucht es die gewerkschaftliche Alltagspraxis in R\u00fcstungskonzernen wie Repressionsapparaten und besch\u00e4ftigt sich mit Gewerkschaftsstatements zur Remilitarisierung deutscher Au\u00dfenpolitik seit 1990.","breadcrumb":{"@id":"https:\/\/www.edition-assemblage.de\/en\/buecher\/lieber-tot-als-rot\/#breadcrumb"},"inLanguage":"en-US","potentialAction":[{"@type":"ReadAction","target":["https:\/\/www.edition-assemblage.de\/en\/buecher\/lieber-tot-als-rot\/"]}]},{"@type":"BreadcrumbList","@id":"https:\/\/www.edition-assemblage.de\/en\/buecher\/lieber-tot-als-rot\/#breadcrumb","itemListElement":[{"@type":"ListItem","position":1,"name":"Startseite","item":"https:\/\/www.edition-assemblage.de\/en\/"},{"@type":"ListItem","position":2,"name":"B\u00fccher","item":"https:\/\/www.edition-assemblage.de\/en\/books\/"},{"@type":"ListItem","position":3,"name":"Lieber tot als rot"}]},{"@type":"WebSite","@id":"https:\/\/www.edition-assemblage.de\/en\/#website","url":"https:\/\/www.edition-assemblage.de\/en\/","name":"edition assemblage","description":"Verlagskollektiv und gesellschaftskritisches, linkes, politisches und publizistisches Netzwerk.","publisher":{"@id":"https:\/\/www.edition-assemblage.de\/en\/#organization"},"potentialAction":[{"@type":"SearchAction","target":{"@type":"EntryPoint","urlTemplate":"https:\/\/www.edition-assemblage.de\/en\/?s={search_term_string}"},"query-input":{"@type":"PropertyValueSpecification","valueRequired":true,"valueName":"search_term_string"}}],"inLanguage":"en-US"},{"@type":"Organization","@id":"https:\/\/www.edition-assemblage.de\/en\/#organization","name":"edition assemblage","url":"https:\/\/www.edition-assemblage.de\/en\/","logo":{"@type":"ImageObject","inLanguage":"en-US","@id":"https:\/\/www.edition-assemblage.de\/en\/#\/schema\/logo\/image\/","url":"https:\/\/www.edition-assemblage.de\/wp-content\/uploads\/Logo_2022_3.png","contentUrl":"https:\/\/www.edition-assemblage.de\/wp-content\/uploads\/Logo_2022_3.png","width":1161,"height":618,"caption":"edition assemblage"},"image":{"@id":"https:\/\/www.edition-assemblage.de\/en\/#\/schema\/logo\/image\/"},"sameAs":["https:\/\/www.facebook.com\/editionassemblage","https:\/\/x.com\/assemblage_news","https:\/\/www.instagram.com\/edition_assemblage"]}]}},"_links":{"self":[{"href":"https:\/\/www.edition-assemblage.de\/en\/wp-json\/wp\/v2\/buch\/2470","targetHints":{"allow":["GET"]}}],"collection":[{"href":"https:\/\/www.edition-assemblage.de\/en\/wp-json\/wp\/v2\/buch"}],"about":[{"href":"https:\/\/www.edition-assemblage.de\/en\/wp-json\/wp\/v2\/types\/buch"}],"wp:attachment":[{"href":"https:\/\/www.edition-assemblage.de\/en\/wp-json\/wp\/v2\/media?parent=2470"}],"wp:term":[{"taxonomy":"schlagwort","embeddable":true,"href":"https:\/\/www.edition-assemblage.de\/en\/wp-json\/wp\/v2\/schlagwort?post=2470"}],"curies":[{"name":"wp","href":"https:\/\/api.w.org\/{rel}","templated":true}]}}

<!-- This site is optimized with the Yoast SEO plugin v26.7 - https://yoast.com/wordpress/plugins/seo/ -->
<title>Lieber tot als rot &#8211; edition assemblage</title>
<meta name="description" content="Malte Meyer - Deutsche Gewerkschaften: Teil der Friedensbewegung oder „Organe des imperialistischen Staates“, wie radikale Linke schon während des Ersten Weltkriegs meinten? Der Frage nach dem Verhältnis von Gewerkschaften und Militär geht das Buch anhand wichtiger historischer Stationen auf den Grund. Außerdem untersucht es die gewerkschaftliche Alltagspraxis in Rüstungskonzernen wie Repressionsapparaten und beschäftigt sich mit Gewerkschaftsstatements zur Remilitarisierung deutscher Außenpolitik seit 1990." />
<meta name="robots" content="index, follow, max-snippet:-1, max-image-preview:large, max-video-preview:-1" />
<link rel="canonical" href="https://www.edition-assemblage.de/en/buecher/lieber-tot-als-rot/" />
<meta property="og:locale" content="en_US" />
<meta property="og:type" content="article" />
<meta property="og:title" content="Lieber tot als rot &#8211; edition assemblage" />
<meta property="og:description" content="Malte Meyer - Deutsche Gewerkschaften: Teil der Friedensbewegung oder „Organe des imperialistischen Staates“, wie radikale Linke schon während des Ersten Weltkriegs meinten? Der Frage nach dem Verhältnis von Gewerkschaften und Militär geht das Buch anhand wichtiger historischer Stationen auf den Grund. Außerdem untersucht es die gewerkschaftliche Alltagspraxis in Rüstungskonzernen wie Repressionsapparaten und beschäftigt sich mit Gewerkschaftsstatements zur Remilitarisierung deutscher Außenpolitik seit 1990." />
<meta property="og:url" content="https://www.edition-assemblage.de/en/buecher/lieber-tot-als-rot/" />
<meta property="og:site_name" content="edition assemblage" />
<meta property="article:publisher" content="https://www.facebook.com/editionassemblage" />
<meta property="article:modified_time" content="2022-04-28T20:31:08+00:00" />
<meta name="twitter:card" content="summary_large_image" />
<meta name="twitter:site" content="@assemblage_news" />
<script type="application/ld+json" class="yoast-schema-graph">{"@context":"https://schema.org","@graph":[{"@type":"WebPage","@id":"https://www.edition-assemblage.de/en/buecher/lieber-tot-als-rot/","url":"https://www.edition-assemblage.de/en/buecher/lieber-tot-als-rot/","name":"Lieber tot als rot &#8211; edition assemblage","isPartOf":{"@id":"https://www.edition-assemblage.de/en/#website"},"datePublished":"2022-04-26T17:29:25+00:00","dateModified":"2022-04-28T20:31:08+00:00","description":"Malte Meyer - Deutsche Gewerkschaften: Teil der Friedensbewegung oder „Organe des imperialistischen Staates“, wie radikale Linke schon während des Ersten Weltkriegs meinten? Der Frage nach dem Verhältnis von Gewerkschaften und Militär geht das Buch anhand wichtiger historischer Stationen auf den Grund. Außerdem untersucht es die gewerkschaftliche Alltagspraxis in Rüstungskonzernen wie Repressionsapparaten und beschäftigt sich mit Gewerkschaftsstatements zur Remilitarisierung deutscher Außenpolitik seit 1990.","breadcrumb":{"@id":"https://www.edition-assemblage.de/en/buecher/lieber-tot-als-rot/#breadcrumb"},"inLanguage":"en-US","potentialAction":[{"@type":"ReadAction","target":["https://www.edition-assemblage.de/en/buecher/lieber-tot-als-rot/"]}]},{"@type":"BreadcrumbList","@id":"https://www.edition-assemblage.de/en/buecher/lieber-tot-als-rot/#breadcrumb","itemListElement":[{"@type":"ListItem","position":1,"name":"Startseite","item":"https://www.edition-assemblage.de/en/"},{"@type":"ListItem","position":2,"name":"Bücher","item":"https://www.edition-assemblage.de/en/books/"},{"@type":"ListItem","position":3,"name":"Lieber tot als rot"}]},{"@type":"WebSite","@id":"https://www.edition-assemblage.de/en/#website","url":"https://www.edition-assemblage.de/en/","name":"edition assemblage","description":"Verlagskollektiv und gesellschaftskritisches, linkes, politisches und publizistisches Netzwerk.","publisher":{"@id":"https://www.edition-assemblage.de/en/#organization"},"potentialAction":[{"@type":"SearchAction","target":{"@type":"EntryPoint","urlTemplate":"https://www.edition-assemblage.de/en/?s={search_term_string}"},"query-input":{"@type":"PropertyValueSpecification","valueRequired":true,"valueName":"search_term_string"}}],"inLanguage":"en-US"},{"@type":"Organization","@id":"https://www.edition-assemblage.de/en/#organization","name":"edition assemblage","url":"https://www.edition-assemblage.de/en/","logo":{"@type":"ImageObject","inLanguage":"en-US","@id":"https://www.edition-assemblage.de/en/#/schema/logo/image/","url":"https://www.edition-assemblage.de/wp-content/uploads/Logo_2022_3.png","contentUrl":"https://www.edition-assemblage.de/wp-content/uploads/Logo_2022_3.png","width":1161,"height":618,"caption":"edition assemblage"},"image":{"@id":"https://www.edition-assemblage.de/en/#/schema/logo/image/"},"sameAs":["https://www.facebook.com/editionassemblage","https://x.com/assemblage_news","https://www.instagram.com/edition_assemblage"]}]}</script>
<!-- / Yoast SEO plugin. -->

Malte Meyer - Deutsche Gewerkschaften: Teil der Friedensbewegung oder „Organe des imperialistischen Staates“, wie radikale Linke schon während des Ersten Weltkriegs meinten? Der Frage nach dem Verhältnis von Gewerkschaften und Militär geht das Buch anhand wichtiger historischer Stationen auf den Grund. Außerdem untersucht es die gewerkschaftliche Alltagspraxis in Rüstungskonzernen wie Repressionsapparaten und beschäftigt sich mit Gewerkschaftsstatements zur Remilitarisierung deutscher Außenpolitik seit 1990.

Bücher
