{"id":2135,"date":"2022-04-04T11:51:09","date_gmt":"2022-04-04T09:51:09","guid":{"rendered":"https:\/\/www.edition-assemblage.de\/?post_type=buch&#038;p=2135"},"modified":"2022-04-06T12:02:33","modified_gmt":"2022-04-06T10:02:33","slug":"arbeit-wohnen","status":"publish","type":"buch","link":"https:\/\/www.edition-assemblage.de\/en\/buecher\/arbeit-wohnen\/","title":{"rendered":"Arbeit! Wohnen!"},"template":"","schlagwort":[141,142,145,151,159,165,172,181,186],"class_list":["post-2135","buch","type-buch","status-publish","hentry","buchkategorie-sachbuch","schlagwort-rassismus","schlagwort-empowerment","schlagwort-antirassismus","schlagwort-migration","schlagwort-transformation","schlagwort-aktivismus","schlagwort-revolution","schlagwort-kritik","schlagwort-bewegungsgeschichte","entry"],"yoast_head":"<!-- This site is optimized with the Yoast SEO plugin v26.7 - https:\/\/yoast.com\/wordpress\/plugins\/seo\/ -->\n<title>Arbeit! Wohnen! &#8211; edition assemblage<\/title>\n<meta name=\"description\" content=\"Lisa Riedner - EU-Migrant*innen treten gegen Lohnbetrug ein, protestieren gegen Polizeirepression, fordern das Recht auf ein Existenzminimum und auf Wohnraum. Arbeit! Wohnen! geht von diesen urbanen Konflikten (2009-2014) aus und untersucht, wie EU-Migration in M\u00fcnchen regiert wird. Unter den Bedingungen der EU-Freiz\u00fcgigkeit wird der Zwang zur Arbeit immer weiter radikalisiert. Auch bundespolitische und EU-europ\u00e4ische Prozesse spielen dabei eine Rolle. In Zeiten von Nationalprotektionismus und neuem Rassismus, Sozialabbau und der Prekarisierung von Arbeit gibt das Buch Anst\u00f6\u00dfe f\u00fcr eine transnationale politische Praxis in Wissenschaft und Aktivismus. Mit \u201eKonflikt als Methode\u201c stellt es eine eigene Spielart intervenierender Forschung vor und ist theoriepolitisch als Versuch einzuordnen, die soziale Frage in transnationalen Verh\u00e4ltnissen zu stellen sowie K\u00e4mpfe der Migration in kapitalistischen Verh\u00e4ltnissen zu kontextualisieren.\" \/>\n<meta name=\"robots\" content=\"index, follow, max-snippet:-1, max-image-preview:large, max-video-preview:-1\" \/>\n<link rel=\"canonical\" href=\"https:\/\/www.edition-assemblage.de\/en\/buecher\/arbeit-wohnen\/\" \/>\n<meta property=\"og:locale\" content=\"en_US\" \/>\n<meta property=\"og:type\" content=\"article\" \/>\n<meta property=\"og:title\" content=\"Arbeit! Wohnen! &#8211; edition assemblage\" \/>\n<meta property=\"og:description\" content=\"Lisa Riedner - EU-Migrant*innen treten gegen Lohnbetrug ein, protestieren gegen Polizeirepression, fordern das Recht auf ein Existenzminimum und auf Wohnraum. Arbeit! Wohnen! geht von diesen urbanen Konflikten (2009-2014) aus und untersucht, wie EU-Migration in M\u00fcnchen regiert wird. Unter den Bedingungen der EU-Freiz\u00fcgigkeit wird der Zwang zur Arbeit immer weiter radikalisiert. Auch bundespolitische und EU-europ\u00e4ische Prozesse spielen dabei eine Rolle. In Zeiten von Nationalprotektionismus und neuem Rassismus, Sozialabbau und der Prekarisierung von Arbeit gibt das Buch Anst\u00f6\u00dfe f\u00fcr eine transnationale politische Praxis in Wissenschaft und Aktivismus. Mit \u201eKonflikt als Methode\u201c stellt es eine eigene Spielart intervenierender Forschung vor und ist theoriepolitisch als Versuch einzuordnen, die soziale Frage in transnationalen Verh\u00e4ltnissen zu stellen sowie K\u00e4mpfe der Migration in kapitalistischen Verh\u00e4ltnissen zu kontextualisieren.\" \/>\n<meta property=\"og:url\" content=\"https:\/\/www.edition-assemblage.de\/en\/buecher\/arbeit-wohnen\/\" \/>\n<meta property=\"og:site_name\" content=\"edition assemblage\" \/>\n<meta property=\"article:publisher\" content=\"https:\/\/www.facebook.com\/editionassemblage\" \/>\n<meta property=\"article:modified_time\" content=\"2022-04-06T10:02:33+00:00\" \/>\n<meta name=\"twitter:card\" content=\"summary_large_image\" \/>\n<meta name=\"twitter:site\" content=\"@assemblage_news\" \/>\n<script type=\"application\/ld+json\" class=\"yoast-schema-graph\">{\"@context\":\"https:\/\/schema.org\",\"@graph\":[{\"@type\":\"WebPage\",\"@id\":\"https:\/\/www.edition-assemblage.de\/en\/buecher\/arbeit-wohnen\/\",\"url\":\"https:\/\/www.edition-assemblage.de\/en\/buecher\/arbeit-wohnen\/\",\"name\":\"Arbeit! Wohnen! &#8211; edition assemblage\",\"isPartOf\":{\"@id\":\"https:\/\/www.edition-assemblage.de\/en\/#website\"},\"datePublished\":\"2022-04-04T09:51:09+00:00\",\"dateModified\":\"2022-04-06T10:02:33+00:00\",\"description\":\"Lisa Riedner - EU-Migrant*innen treten gegen Lohnbetrug ein, protestieren gegen Polizeirepression, fordern das Recht auf ein Existenzminimum und auf Wohnraum. Arbeit! Wohnen! geht von diesen urbanen Konflikten (2009-2014) aus und untersucht, wie EU-Migration in M\u00fcnchen regiert wird. Unter den Bedingungen der EU-Freiz\u00fcgigkeit wird der Zwang zur Arbeit immer weiter radikalisiert. Auch bundespolitische und EU-europ\u00e4ische Prozesse spielen dabei eine Rolle. In Zeiten von Nationalprotektionismus und neuem Rassismus, Sozialabbau und der Prekarisierung von Arbeit gibt das Buch Anst\u00f6\u00dfe f\u00fcr eine transnationale politische Praxis in Wissenschaft und Aktivismus. Mit \u201eKonflikt als Methode\u201c stellt es eine eigene Spielart intervenierender Forschung vor und ist theoriepolitisch als Versuch einzuordnen, die soziale Frage in transnationalen Verh\u00e4ltnissen zu stellen sowie K\u00e4mpfe der Migration in kapitalistischen Verh\u00e4ltnissen zu kontextualisieren.\",\"breadcrumb\":{\"@id\":\"https:\/\/www.edition-assemblage.de\/en\/buecher\/arbeit-wohnen\/#breadcrumb\"},\"inLanguage\":\"en-US\",\"potentialAction\":[{\"@type\":\"ReadAction\",\"target\":[\"https:\/\/www.edition-assemblage.de\/en\/buecher\/arbeit-wohnen\/\"]}]},{\"@type\":\"BreadcrumbList\",\"@id\":\"https:\/\/www.edition-assemblage.de\/en\/buecher\/arbeit-wohnen\/#breadcrumb\",\"itemListElement\":[{\"@type\":\"ListItem\",\"position\":1,\"name\":\"Startseite\",\"item\":\"https:\/\/www.edition-assemblage.de\/en\/\"},{\"@type\":\"ListItem\",\"position\":2,\"name\":\"B\u00fccher\",\"item\":\"https:\/\/www.edition-assemblage.de\/en\/books\/\"},{\"@type\":\"ListItem\",\"position\":3,\"name\":\"Arbeit! Wohnen!\"}]},{\"@type\":\"WebSite\",\"@id\":\"https:\/\/www.edition-assemblage.de\/en\/#website\",\"url\":\"https:\/\/www.edition-assemblage.de\/en\/\",\"name\":\"edition assemblage\",\"description\":\"Verlagskollektiv und gesellschaftskritisches, linkes, politisches und publizistisches Netzwerk.\",\"publisher\":{\"@id\":\"https:\/\/www.edition-assemblage.de\/en\/#organization\"},\"potentialAction\":[{\"@type\":\"SearchAction\",\"target\":{\"@type\":\"EntryPoint\",\"urlTemplate\":\"https:\/\/www.edition-assemblage.de\/en\/?s={search_term_string}\"},\"query-input\":{\"@type\":\"PropertyValueSpecification\",\"valueRequired\":true,\"valueName\":\"search_term_string\"}}],\"inLanguage\":\"en-US\"},{\"@type\":\"Organization\",\"@id\":\"https:\/\/www.edition-assemblage.de\/en\/#organization\",\"name\":\"edition assemblage\",\"url\":\"https:\/\/www.edition-assemblage.de\/en\/\",\"logo\":{\"@type\":\"ImageObject\",\"inLanguage\":\"en-US\",\"@id\":\"https:\/\/www.edition-assemblage.de\/en\/#\/schema\/logo\/image\/\",\"url\":\"https:\/\/www.edition-assemblage.de\/wp-content\/uploads\/Logo_2022_3.png\",\"contentUrl\":\"https:\/\/www.edition-assemblage.de\/wp-content\/uploads\/Logo_2022_3.png\",\"width\":1161,\"height\":618,\"caption\":\"edition assemblage\"},\"image\":{\"@id\":\"https:\/\/www.edition-assemblage.de\/en\/#\/schema\/logo\/image\/\"},\"sameAs\":[\"https:\/\/www.facebook.com\/editionassemblage\",\"https:\/\/x.com\/assemblage_news\",\"https:\/\/www.instagram.com\/edition_assemblage\"]}]}<\/script>\n<!-- \/ Yoast SEO plugin. -->","yoast_head_json":{"title":"Arbeit! Wohnen! &#8211; edition assemblage","description":"Lisa Riedner - EU-Migrant*innen treten gegen Lohnbetrug ein, protestieren gegen Polizeirepression, fordern das Recht auf ein Existenzminimum und auf Wohnraum. Arbeit! Wohnen! geht von diesen urbanen Konflikten (2009-2014) aus und untersucht, wie EU-Migration in M\u00fcnchen regiert wird. Unter den Bedingungen der EU-Freiz\u00fcgigkeit wird der Zwang zur Arbeit immer weiter radikalisiert. Auch bundespolitische und EU-europ\u00e4ische Prozesse spielen dabei eine Rolle. In Zeiten von Nationalprotektionismus und neuem Rassismus, Sozialabbau und der Prekarisierung von Arbeit gibt das Buch Anst\u00f6\u00dfe f\u00fcr eine transnationale politische Praxis in Wissenschaft und Aktivismus. Mit \u201eKonflikt als Methode\u201c stellt es eine eigene Spielart intervenierender Forschung vor und ist theoriepolitisch als Versuch einzuordnen, die soziale Frage in transnationalen Verh\u00e4ltnissen zu stellen sowie K\u00e4mpfe der Migration in kapitalistischen Verh\u00e4ltnissen zu kontextualisieren.","robots":{"index":"index","follow":"follow","max-snippet":"max-snippet:-1","max-image-preview":"max-image-preview:large","max-video-preview":"max-video-preview:-1"},"canonical":"https:\/\/www.edition-assemblage.de\/en\/buecher\/arbeit-wohnen\/","og_locale":"en_US","og_type":"article","og_title":"Arbeit! Wohnen! &#8211; edition assemblage","og_description":"Lisa Riedner - EU-Migrant*innen treten gegen Lohnbetrug ein, protestieren gegen Polizeirepression, fordern das Recht auf ein Existenzminimum und auf Wohnraum. Arbeit! Wohnen! geht von diesen urbanen Konflikten (2009-2014) aus und untersucht, wie EU-Migration in M\u00fcnchen regiert wird. Unter den Bedingungen der EU-Freiz\u00fcgigkeit wird der Zwang zur Arbeit immer weiter radikalisiert. Auch bundespolitische und EU-europ\u00e4ische Prozesse spielen dabei eine Rolle. In Zeiten von Nationalprotektionismus und neuem Rassismus, Sozialabbau und der Prekarisierung von Arbeit gibt das Buch Anst\u00f6\u00dfe f\u00fcr eine transnationale politische Praxis in Wissenschaft und Aktivismus. Mit \u201eKonflikt als Methode\u201c stellt es eine eigene Spielart intervenierender Forschung vor und ist theoriepolitisch als Versuch einzuordnen, die soziale Frage in transnationalen Verh\u00e4ltnissen zu stellen sowie K\u00e4mpfe der Migration in kapitalistischen Verh\u00e4ltnissen zu kontextualisieren.","og_url":"https:\/\/www.edition-assemblage.de\/en\/buecher\/arbeit-wohnen\/","og_site_name":"edition assemblage","article_publisher":"https:\/\/www.facebook.com\/editionassemblage","article_modified_time":"2022-04-06T10:02:33+00:00","twitter_card":"summary_large_image","twitter_site":"@assemblage_news","schema":{"@context":"https:\/\/schema.org","@graph":[{"@type":"WebPage","@id":"https:\/\/www.edition-assemblage.de\/en\/buecher\/arbeit-wohnen\/","url":"https:\/\/www.edition-assemblage.de\/en\/buecher\/arbeit-wohnen\/","name":"Arbeit! Wohnen! &#8211; edition assemblage","isPartOf":{"@id":"https:\/\/www.edition-assemblage.de\/en\/#website"},"datePublished":"2022-04-04T09:51:09+00:00","dateModified":"2022-04-06T10:02:33+00:00","description":"Lisa Riedner - EU-Migrant*innen treten gegen Lohnbetrug ein, protestieren gegen Polizeirepression, fordern das Recht auf ein Existenzminimum und auf Wohnraum. Arbeit! Wohnen! geht von diesen urbanen Konflikten (2009-2014) aus und untersucht, wie EU-Migration in M\u00fcnchen regiert wird. Unter den Bedingungen der EU-Freiz\u00fcgigkeit wird der Zwang zur Arbeit immer weiter radikalisiert. Auch bundespolitische und EU-europ\u00e4ische Prozesse spielen dabei eine Rolle. In Zeiten von Nationalprotektionismus und neuem Rassismus, Sozialabbau und der Prekarisierung von Arbeit gibt das Buch Anst\u00f6\u00dfe f\u00fcr eine transnationale politische Praxis in Wissenschaft und Aktivismus. Mit \u201eKonflikt als Methode\u201c stellt es eine eigene Spielart intervenierender Forschung vor und ist theoriepolitisch als Versuch einzuordnen, die soziale Frage in transnationalen Verh\u00e4ltnissen zu stellen sowie K\u00e4mpfe der Migration in kapitalistischen Verh\u00e4ltnissen zu kontextualisieren.","breadcrumb":{"@id":"https:\/\/www.edition-assemblage.de\/en\/buecher\/arbeit-wohnen\/#breadcrumb"},"inLanguage":"en-US","potentialAction":[{"@type":"ReadAction","target":["https:\/\/www.edition-assemblage.de\/en\/buecher\/arbeit-wohnen\/"]}]},{"@type":"BreadcrumbList","@id":"https:\/\/www.edition-assemblage.de\/en\/buecher\/arbeit-wohnen\/#breadcrumb","itemListElement":[{"@type":"ListItem","position":1,"name":"Startseite","item":"https:\/\/www.edition-assemblage.de\/en\/"},{"@type":"ListItem","position":2,"name":"B\u00fccher","item":"https:\/\/www.edition-assemblage.de\/en\/books\/"},{"@type":"ListItem","position":3,"name":"Arbeit! Wohnen!"}]},{"@type":"WebSite","@id":"https:\/\/www.edition-assemblage.de\/en\/#website","url":"https:\/\/www.edition-assemblage.de\/en\/","name":"edition assemblage","description":"Verlagskollektiv und gesellschaftskritisches, linkes, politisches und publizistisches Netzwerk.","publisher":{"@id":"https:\/\/www.edition-assemblage.de\/en\/#organization"},"potentialAction":[{"@type":"SearchAction","target":{"@type":"EntryPoint","urlTemplate":"https:\/\/www.edition-assemblage.de\/en\/?s={search_term_string}"},"query-input":{"@type":"PropertyValueSpecification","valueRequired":true,"valueName":"search_term_string"}}],"inLanguage":"en-US"},{"@type":"Organization","@id":"https:\/\/www.edition-assemblage.de\/en\/#organization","name":"edition assemblage","url":"https:\/\/www.edition-assemblage.de\/en\/","logo":{"@type":"ImageObject","inLanguage":"en-US","@id":"https:\/\/www.edition-assemblage.de\/en\/#\/schema\/logo\/image\/","url":"https:\/\/www.edition-assemblage.de\/wp-content\/uploads\/Logo_2022_3.png","contentUrl":"https:\/\/www.edition-assemblage.de\/wp-content\/uploads\/Logo_2022_3.png","width":1161,"height":618,"caption":"edition assemblage"},"image":{"@id":"https:\/\/www.edition-assemblage.de\/en\/#\/schema\/logo\/image\/"},"sameAs":["https:\/\/www.facebook.com\/editionassemblage","https:\/\/x.com\/assemblage_news","https:\/\/www.instagram.com\/edition_assemblage"]}]}},"_links":{"self":[{"href":"https:\/\/www.edition-assemblage.de\/en\/wp-json\/wp\/v2\/buch\/2135","targetHints":{"allow":["GET"]}}],"collection":[{"href":"https:\/\/www.edition-assemblage.de\/en\/wp-json\/wp\/v2\/buch"}],"about":[{"href":"https:\/\/www.edition-assemblage.de\/en\/wp-json\/wp\/v2\/types\/buch"}],"wp:attachment":[{"href":"https:\/\/www.edition-assemblage.de\/en\/wp-json\/wp\/v2\/media?parent=2135"}],"wp:term":[{"taxonomy":"schlagwort","embeddable":true,"href":"https:\/\/www.edition-assemblage.de\/en\/wp-json\/wp\/v2\/schlagwort?post=2135"}],"curies":[{"name":"wp","href":"https:\/\/api.w.org\/{rel}","templated":true}]}}

<!-- This site is optimized with the Yoast SEO plugin v26.7 - https://yoast.com/wordpress/plugins/seo/ -->
<title>Arbeit! Wohnen! &#8211; edition assemblage</title>
<meta name="description" content="Lisa Riedner - EU-Migrant*innen treten gegen Lohnbetrug ein, protestieren gegen Polizeirepression, fordern das Recht auf ein Existenzminimum und auf Wohnraum. Arbeit! Wohnen! geht von diesen urbanen Konflikten (2009-2014) aus und untersucht, wie EU-Migration in München regiert wird. Unter den Bedingungen der EU-Freizügigkeit wird der Zwang zur Arbeit immer weiter radikalisiert. Auch bundespolitische und EU-europäische Prozesse spielen dabei eine Rolle. In Zeiten von Nationalprotektionismus und neuem Rassismus, Sozialabbau und der Prekarisierung von Arbeit gibt das Buch Anstöße für eine transnationale politische Praxis in Wissenschaft und Aktivismus. Mit „Konflikt als Methode“ stellt es eine eigene Spielart intervenierender Forschung vor und ist theoriepolitisch als Versuch einzuordnen, die soziale Frage in transnationalen Verhältnissen zu stellen sowie Kämpfe der Migration in kapitalistischen Verhältnissen zu kontextualisieren." />
<meta name="robots" content="index, follow, max-snippet:-1, max-image-preview:large, max-video-preview:-1" />
<link rel="canonical" href="https://www.edition-assemblage.de/en/buecher/arbeit-wohnen/" />
<meta property="og:locale" content="en_US" />
<meta property="og:type" content="article" />
<meta property="og:title" content="Arbeit! Wohnen! &#8211; edition assemblage" />
<meta property="og:description" content="Lisa Riedner - EU-Migrant*innen treten gegen Lohnbetrug ein, protestieren gegen Polizeirepression, fordern das Recht auf ein Existenzminimum und auf Wohnraum. Arbeit! Wohnen! geht von diesen urbanen Konflikten (2009-2014) aus und untersucht, wie EU-Migration in München regiert wird. Unter den Bedingungen der EU-Freizügigkeit wird der Zwang zur Arbeit immer weiter radikalisiert. Auch bundespolitische und EU-europäische Prozesse spielen dabei eine Rolle. In Zeiten von Nationalprotektionismus und neuem Rassismus, Sozialabbau und der Prekarisierung von Arbeit gibt das Buch Anstöße für eine transnationale politische Praxis in Wissenschaft und Aktivismus. Mit „Konflikt als Methode“ stellt es eine eigene Spielart intervenierender Forschung vor und ist theoriepolitisch als Versuch einzuordnen, die soziale Frage in transnationalen Verhältnissen zu stellen sowie Kämpfe der Migration in kapitalistischen Verhältnissen zu kontextualisieren." />
<meta property="og:url" content="https://www.edition-assemblage.de/en/buecher/arbeit-wohnen/" />
<meta property="og:site_name" content="edition assemblage" />
<meta property="article:publisher" content="https://www.facebook.com/editionassemblage" />
<meta property="article:modified_time" content="2022-04-06T10:02:33+00:00" />
<meta name="twitter:card" content="summary_large_image" />
<meta name="twitter:site" content="@assemblage_news" />
<script type="application/ld+json" class="yoast-schema-graph">{"@context":"https://schema.org","@graph":[{"@type":"WebPage","@id":"https://www.edition-assemblage.de/en/buecher/arbeit-wohnen/","url":"https://www.edition-assemblage.de/en/buecher/arbeit-wohnen/","name":"Arbeit! Wohnen! &#8211; edition assemblage","isPartOf":{"@id":"https://www.edition-assemblage.de/en/#website"},"datePublished":"2022-04-04T09:51:09+00:00","dateModified":"2022-04-06T10:02:33+00:00","description":"Lisa Riedner - EU-Migrant*innen treten gegen Lohnbetrug ein, protestieren gegen Polizeirepression, fordern das Recht auf ein Existenzminimum und auf Wohnraum. Arbeit! Wohnen! geht von diesen urbanen Konflikten (2009-2014) aus und untersucht, wie EU-Migration in München regiert wird. Unter den Bedingungen der EU-Freizügigkeit wird der Zwang zur Arbeit immer weiter radikalisiert. Auch bundespolitische und EU-europäische Prozesse spielen dabei eine Rolle. In Zeiten von Nationalprotektionismus und neuem Rassismus, Sozialabbau und der Prekarisierung von Arbeit gibt das Buch Anstöße für eine transnationale politische Praxis in Wissenschaft und Aktivismus. Mit „Konflikt als Methode“ stellt es eine eigene Spielart intervenierender Forschung vor und ist theoriepolitisch als Versuch einzuordnen, die soziale Frage in transnationalen Verhältnissen zu stellen sowie Kämpfe der Migration in kapitalistischen Verhältnissen zu kontextualisieren.","breadcrumb":{"@id":"https://www.edition-assemblage.de/en/buecher/arbeit-wohnen/#breadcrumb"},"inLanguage":"en-US","potentialAction":[{"@type":"ReadAction","target":["https://www.edition-assemblage.de/en/buecher/arbeit-wohnen/"]}]},{"@type":"BreadcrumbList","@id":"https://www.edition-assemblage.de/en/buecher/arbeit-wohnen/#breadcrumb","itemListElement":[{"@type":"ListItem","position":1,"name":"Startseite","item":"https://www.edition-assemblage.de/en/"},{"@type":"ListItem","position":2,"name":"Bücher","item":"https://www.edition-assemblage.de/en/books/"},{"@type":"ListItem","position":3,"name":"Arbeit! Wohnen!"}]},{"@type":"WebSite","@id":"https://www.edition-assemblage.de/en/#website","url":"https://www.edition-assemblage.de/en/","name":"edition assemblage","description":"Verlagskollektiv und gesellschaftskritisches, linkes, politisches und publizistisches Netzwerk.","publisher":{"@id":"https://www.edition-assemblage.de/en/#organization"},"potentialAction":[{"@type":"SearchAction","target":{"@type":"EntryPoint","urlTemplate":"https://www.edition-assemblage.de/en/?s={search_term_string}"},"query-input":{"@type":"PropertyValueSpecification","valueRequired":true,"valueName":"search_term_string"}}],"inLanguage":"en-US"},{"@type":"Organization","@id":"https://www.edition-assemblage.de/en/#organization","name":"edition assemblage","url":"https://www.edition-assemblage.de/en/","logo":{"@type":"ImageObject","inLanguage":"en-US","@id":"https://www.edition-assemblage.de/en/#/schema/logo/image/","url":"https://www.edition-assemblage.de/wp-content/uploads/Logo_2022_3.png","contentUrl":"https://www.edition-assemblage.de/wp-content/uploads/Logo_2022_3.png","width":1161,"height":618,"caption":"edition assemblage"},"image":{"@id":"https://www.edition-assemblage.de/en/#/schema/logo/image/"},"sameAs":["https://www.facebook.com/editionassemblage","https://x.com/assemblage_news","https://www.instagram.com/edition_assemblage"]}]}</script>
<!-- / Yoast SEO plugin. -->

Lisa Riedner - EU-Migrant*innen treten gegen Lohnbetrug ein, protestieren gegen Polizeirepression, fordern das Recht auf ein Existenzminimum und auf Wohnraum. Arbeit! Wohnen! geht von diesen urbanen Konflikten (2009-2014) aus und untersucht, wie EU-Migration in München regiert wird. Unter den Bedingungen der EU-Freizügigkeit wird der Zwang zur Arbeit immer weiter radikalisiert. Auch bundespolitische und EU-europäische Prozesse spielen dabei eine Rolle. In Zeiten von Nationalprotektionismus und neuem Rassismus, Sozialabbau und der Prekarisierung von Arbeit gibt das Buch Anstöße für eine transnationale politische Praxis in Wissenschaft und Aktivismus. Mit „Konflikt als Methode“ stellt es eine eigene Spielart intervenierender Forschung vor und ist theoriepolitisch als Versuch einzuordnen, die soziale Frage in transnationalen Verhältnissen zu stellen sowie Kämpfe der Migration in kapitalistischen Verhältnissen zu kontextualisieren.

Bücher
