{"id":1720,"date":"2022-03-15T08:09:21","date_gmt":"2022-03-15T07:09:21","guid":{"rendered":"https:\/\/www.edition-assemblage.de\/?post_type=buch&#038;p=1720"},"modified":"2022-05-02T15:47:06","modified_gmt":"2022-05-02T13:47:06","slug":"affekt-und-geschlecht","status":"publish","type":"buch","link":"https:\/\/www.edition-assemblage.de\/en\/buecher\/affekt-und-geschlecht\/","title":{"rendered":"Affekt und Geschlecht"},"template":"","schlagwort":[137,145,164,170],"class_list":["post-1720","buch","type-buch","status-publish","hentry","buchkategorie-sachbuch","schlagwort-feminismus","schlagwort-antirassismus","schlagwort-intersektionalitaet","schlagwort-geschlecht","entry"],"yoast_head":"<!-- This site is optimized with the Yoast SEO plugin v26.7 - https:\/\/yoast.com\/wordpress\/plugins\/seo\/ -->\n<title>Affekt und Geschlecht &#8211; edition assemblage<\/title>\n<meta name=\"description\" content=\"Angelika Baier, Christa Binswanger, Jana H\u00e4berlein, Yv Eveline Nay, Andrea Zimmermann (Ed.) - Die Anthologie f\u00fchrt in Felder der im anglophonen Raum intensiv diskutierten Affect Studies ein. Der feministischen, queeren und rassisierungskritischen Tradition von Affect Studies folgend, formuliert der vorliegende Band das Verh\u00e4ltnis zwischen privatem Erleben und gesellschaftlichen Machtverh\u00e4ltnissen neu, indem er Affekte als in ihrem pers\u00f6nlichen und individuellen Charakter verflochten mit gesellschaftlichen und politischen Dimensionen denkt. Die Anthologie pr\u00e4sentiert paradigmatische Forschungsfelder der Affect Studies in ihrer \u00dcbersetzung und Neuformulierung im deutschsprachigen Raum, wobei sie den Fokus auf \u00dcberschneidungen zwischen den Affect Studies sowie feministischer, queerer und post\/kolonialer Theoriebildung legt. Damit bietet sie einen Einstieg und Einblick in die interdisziplin\u00e4r angelegte Theoriebildung und Forschung in den Affect Studies und stellt zugleich deren Bearbeitung, Weiterf\u00fchrung und Umarbeitung im deutschsprachigen Forschungsraum vor.\" \/>\n<meta name=\"robots\" content=\"index, follow, max-snippet:-1, max-image-preview:large, max-video-preview:-1\" \/>\n<link rel=\"canonical\" href=\"https:\/\/www.edition-assemblage.de\/en\/buecher\/affekt-und-geschlecht\/\" \/>\n<meta property=\"og:locale\" content=\"en_US\" \/>\n<meta property=\"og:type\" content=\"article\" \/>\n<meta property=\"og:title\" content=\"Affekt und Geschlecht &#8211; edition assemblage\" \/>\n<meta property=\"og:description\" content=\"Angelika Baier, Christa Binswanger, Jana H\u00e4berlein, Yv Eveline Nay, Andrea Zimmermann (Ed.) - Die Anthologie f\u00fchrt in Felder der im anglophonen Raum intensiv diskutierten Affect Studies ein. Der feministischen, queeren und rassisierungskritischen Tradition von Affect Studies folgend, formuliert der vorliegende Band das Verh\u00e4ltnis zwischen privatem Erleben und gesellschaftlichen Machtverh\u00e4ltnissen neu, indem er Affekte als in ihrem pers\u00f6nlichen und individuellen Charakter verflochten mit gesellschaftlichen und politischen Dimensionen denkt. Die Anthologie pr\u00e4sentiert paradigmatische Forschungsfelder der Affect Studies in ihrer \u00dcbersetzung und Neuformulierung im deutschsprachigen Raum, wobei sie den Fokus auf \u00dcberschneidungen zwischen den Affect Studies sowie feministischer, queerer und post\/kolonialer Theoriebildung legt. Damit bietet sie einen Einstieg und Einblick in die interdisziplin\u00e4r angelegte Theoriebildung und Forschung in den Affect Studies und stellt zugleich deren Bearbeitung, Weiterf\u00fchrung und Umarbeitung im deutschsprachigen Forschungsraum vor.\" \/>\n<meta property=\"og:url\" content=\"https:\/\/www.edition-assemblage.de\/en\/buecher\/affekt-und-geschlecht\/\" \/>\n<meta property=\"og:site_name\" content=\"edition assemblage\" \/>\n<meta property=\"article:publisher\" content=\"https:\/\/www.facebook.com\/editionassemblage\" \/>\n<meta property=\"article:modified_time\" content=\"2022-05-02T13:47:06+00:00\" \/>\n<meta name=\"twitter:card\" content=\"summary_large_image\" \/>\n<meta name=\"twitter:site\" content=\"@assemblage_news\" \/>\n<script type=\"application\/ld+json\" class=\"yoast-schema-graph\">{\"@context\":\"https:\/\/schema.org\",\"@graph\":[{\"@type\":\"WebPage\",\"@id\":\"https:\/\/www.edition-assemblage.de\/en\/buecher\/affekt-und-geschlecht\/\",\"url\":\"https:\/\/www.edition-assemblage.de\/en\/buecher\/affekt-und-geschlecht\/\",\"name\":\"Affekt und Geschlecht &#8211; edition assemblage\",\"isPartOf\":{\"@id\":\"https:\/\/www.edition-assemblage.de\/en\/#website\"},\"datePublished\":\"2022-03-15T07:09:21+00:00\",\"dateModified\":\"2022-05-02T13:47:06+00:00\",\"description\":\"Angelika Baier, Christa Binswanger, Jana H\u00e4berlein, Yv Eveline Nay, Andrea Zimmermann (Ed.) - Die Anthologie f\u00fchrt in Felder der im anglophonen Raum intensiv diskutierten Affect Studies ein. Der feministischen, queeren und rassisierungskritischen Tradition von Affect Studies folgend, formuliert der vorliegende Band das Verh\u00e4ltnis zwischen privatem Erleben und gesellschaftlichen Machtverh\u00e4ltnissen neu, indem er Affekte als in ihrem pers\u00f6nlichen und individuellen Charakter verflochten mit gesellschaftlichen und politischen Dimensionen denkt. Die Anthologie pr\u00e4sentiert paradigmatische Forschungsfelder der Affect Studies in ihrer \u00dcbersetzung und Neuformulierung im deutschsprachigen Raum, wobei sie den Fokus auf \u00dcberschneidungen zwischen den Affect Studies sowie feministischer, queerer und post\/kolonialer Theoriebildung legt. Damit bietet sie einen Einstieg und Einblick in die interdisziplin\u00e4r angelegte Theoriebildung und Forschung in den Affect Studies und stellt zugleich deren Bearbeitung, Weiterf\u00fchrung und Umarbeitung im deutschsprachigen Forschungsraum vor.\",\"breadcrumb\":{\"@id\":\"https:\/\/www.edition-assemblage.de\/en\/buecher\/affekt-und-geschlecht\/#breadcrumb\"},\"inLanguage\":\"en-US\",\"potentialAction\":[{\"@type\":\"ReadAction\",\"target\":[\"https:\/\/www.edition-assemblage.de\/en\/buecher\/affekt-und-geschlecht\/\"]}]},{\"@type\":\"BreadcrumbList\",\"@id\":\"https:\/\/www.edition-assemblage.de\/en\/buecher\/affekt-und-geschlecht\/#breadcrumb\",\"itemListElement\":[{\"@type\":\"ListItem\",\"position\":1,\"name\":\"Startseite\",\"item\":\"https:\/\/www.edition-assemblage.de\/en\/\"},{\"@type\":\"ListItem\",\"position\":2,\"name\":\"B\u00fccher\",\"item\":\"https:\/\/www.edition-assemblage.de\/en\/books\/\"},{\"@type\":\"ListItem\",\"position\":3,\"name\":\"Affekt und Geschlecht\"}]},{\"@type\":\"WebSite\",\"@id\":\"https:\/\/www.edition-assemblage.de\/en\/#website\",\"url\":\"https:\/\/www.edition-assemblage.de\/en\/\",\"name\":\"edition assemblage\",\"description\":\"Verlagskollektiv und gesellschaftskritisches, linkes, politisches und publizistisches Netzwerk.\",\"publisher\":{\"@id\":\"https:\/\/www.edition-assemblage.de\/en\/#organization\"},\"potentialAction\":[{\"@type\":\"SearchAction\",\"target\":{\"@type\":\"EntryPoint\",\"urlTemplate\":\"https:\/\/www.edition-assemblage.de\/en\/?s={search_term_string}\"},\"query-input\":{\"@type\":\"PropertyValueSpecification\",\"valueRequired\":true,\"valueName\":\"search_term_string\"}}],\"inLanguage\":\"en-US\"},{\"@type\":\"Organization\",\"@id\":\"https:\/\/www.edition-assemblage.de\/en\/#organization\",\"name\":\"edition assemblage\",\"url\":\"https:\/\/www.edition-assemblage.de\/en\/\",\"logo\":{\"@type\":\"ImageObject\",\"inLanguage\":\"en-US\",\"@id\":\"https:\/\/www.edition-assemblage.de\/en\/#\/schema\/logo\/image\/\",\"url\":\"https:\/\/www.edition-assemblage.de\/wp-content\/uploads\/Logo_2022_3.png\",\"contentUrl\":\"https:\/\/www.edition-assemblage.de\/wp-content\/uploads\/Logo_2022_3.png\",\"width\":1161,\"height\":618,\"caption\":\"edition assemblage\"},\"image\":{\"@id\":\"https:\/\/www.edition-assemblage.de\/en\/#\/schema\/logo\/image\/\"},\"sameAs\":[\"https:\/\/www.facebook.com\/editionassemblage\",\"https:\/\/x.com\/assemblage_news\",\"https:\/\/www.instagram.com\/edition_assemblage\"]}]}<\/script>\n<!-- \/ Yoast SEO plugin. -->","yoast_head_json":{"title":"Affekt und Geschlecht &#8211; edition assemblage","description":"Angelika Baier, Christa Binswanger, Jana H\u00e4berlein, Yv Eveline Nay, Andrea Zimmermann (Ed.) - Die Anthologie f\u00fchrt in Felder der im anglophonen Raum intensiv diskutierten Affect Studies ein. Der feministischen, queeren und rassisierungskritischen Tradition von Affect Studies folgend, formuliert der vorliegende Band das Verh\u00e4ltnis zwischen privatem Erleben und gesellschaftlichen Machtverh\u00e4ltnissen neu, indem er Affekte als in ihrem pers\u00f6nlichen und individuellen Charakter verflochten mit gesellschaftlichen und politischen Dimensionen denkt. Die Anthologie pr\u00e4sentiert paradigmatische Forschungsfelder der Affect Studies in ihrer \u00dcbersetzung und Neuformulierung im deutschsprachigen Raum, wobei sie den Fokus auf \u00dcberschneidungen zwischen den Affect Studies sowie feministischer, queerer und post\/kolonialer Theoriebildung legt. Damit bietet sie einen Einstieg und Einblick in die interdisziplin\u00e4r angelegte Theoriebildung und Forschung in den Affect Studies und stellt zugleich deren Bearbeitung, Weiterf\u00fchrung und Umarbeitung im deutschsprachigen Forschungsraum vor.","robots":{"index":"index","follow":"follow","max-snippet":"max-snippet:-1","max-image-preview":"max-image-preview:large","max-video-preview":"max-video-preview:-1"},"canonical":"https:\/\/www.edition-assemblage.de\/en\/buecher\/affekt-und-geschlecht\/","og_locale":"en_US","og_type":"article","og_title":"Affekt und Geschlecht &#8211; edition assemblage","og_description":"Angelika Baier, Christa Binswanger, Jana H\u00e4berlein, Yv Eveline Nay, Andrea Zimmermann (Ed.) - Die Anthologie f\u00fchrt in Felder der im anglophonen Raum intensiv diskutierten Affect Studies ein. Der feministischen, queeren und rassisierungskritischen Tradition von Affect Studies folgend, formuliert der vorliegende Band das Verh\u00e4ltnis zwischen privatem Erleben und gesellschaftlichen Machtverh\u00e4ltnissen neu, indem er Affekte als in ihrem pers\u00f6nlichen und individuellen Charakter verflochten mit gesellschaftlichen und politischen Dimensionen denkt. Die Anthologie pr\u00e4sentiert paradigmatische Forschungsfelder der Affect Studies in ihrer \u00dcbersetzung und Neuformulierung im deutschsprachigen Raum, wobei sie den Fokus auf \u00dcberschneidungen zwischen den Affect Studies sowie feministischer, queerer und post\/kolonialer Theoriebildung legt. Damit bietet sie einen Einstieg und Einblick in die interdisziplin\u00e4r angelegte Theoriebildung und Forschung in den Affect Studies und stellt zugleich deren Bearbeitung, Weiterf\u00fchrung und Umarbeitung im deutschsprachigen Forschungsraum vor.","og_url":"https:\/\/www.edition-assemblage.de\/en\/buecher\/affekt-und-geschlecht\/","og_site_name":"edition assemblage","article_publisher":"https:\/\/www.facebook.com\/editionassemblage","article_modified_time":"2022-05-02T13:47:06+00:00","twitter_card":"summary_large_image","twitter_site":"@assemblage_news","schema":{"@context":"https:\/\/schema.org","@graph":[{"@type":"WebPage","@id":"https:\/\/www.edition-assemblage.de\/en\/buecher\/affekt-und-geschlecht\/","url":"https:\/\/www.edition-assemblage.de\/en\/buecher\/affekt-und-geschlecht\/","name":"Affekt und Geschlecht &#8211; edition assemblage","isPartOf":{"@id":"https:\/\/www.edition-assemblage.de\/en\/#website"},"datePublished":"2022-03-15T07:09:21+00:00","dateModified":"2022-05-02T13:47:06+00:00","description":"Angelika Baier, Christa Binswanger, Jana H\u00e4berlein, Yv Eveline Nay, Andrea Zimmermann (Ed.) - Die Anthologie f\u00fchrt in Felder der im anglophonen Raum intensiv diskutierten Affect Studies ein. Der feministischen, queeren und rassisierungskritischen Tradition von Affect Studies folgend, formuliert der vorliegende Band das Verh\u00e4ltnis zwischen privatem Erleben und gesellschaftlichen Machtverh\u00e4ltnissen neu, indem er Affekte als in ihrem pers\u00f6nlichen und individuellen Charakter verflochten mit gesellschaftlichen und politischen Dimensionen denkt. Die Anthologie pr\u00e4sentiert paradigmatische Forschungsfelder der Affect Studies in ihrer \u00dcbersetzung und Neuformulierung im deutschsprachigen Raum, wobei sie den Fokus auf \u00dcberschneidungen zwischen den Affect Studies sowie feministischer, queerer und post\/kolonialer Theoriebildung legt. Damit bietet sie einen Einstieg und Einblick in die interdisziplin\u00e4r angelegte Theoriebildung und Forschung in den Affect Studies und stellt zugleich deren Bearbeitung, Weiterf\u00fchrung und Umarbeitung im deutschsprachigen Forschungsraum vor.","breadcrumb":{"@id":"https:\/\/www.edition-assemblage.de\/en\/buecher\/affekt-und-geschlecht\/#breadcrumb"},"inLanguage":"en-US","potentialAction":[{"@type":"ReadAction","target":["https:\/\/www.edition-assemblage.de\/en\/buecher\/affekt-und-geschlecht\/"]}]},{"@type":"BreadcrumbList","@id":"https:\/\/www.edition-assemblage.de\/en\/buecher\/affekt-und-geschlecht\/#breadcrumb","itemListElement":[{"@type":"ListItem","position":1,"name":"Startseite","item":"https:\/\/www.edition-assemblage.de\/en\/"},{"@type":"ListItem","position":2,"name":"B\u00fccher","item":"https:\/\/www.edition-assemblage.de\/en\/books\/"},{"@type":"ListItem","position":3,"name":"Affekt und Geschlecht"}]},{"@type":"WebSite","@id":"https:\/\/www.edition-assemblage.de\/en\/#website","url":"https:\/\/www.edition-assemblage.de\/en\/","name":"edition assemblage","description":"Verlagskollektiv und gesellschaftskritisches, linkes, politisches und publizistisches Netzwerk.","publisher":{"@id":"https:\/\/www.edition-assemblage.de\/en\/#organization"},"potentialAction":[{"@type":"SearchAction","target":{"@type":"EntryPoint","urlTemplate":"https:\/\/www.edition-assemblage.de\/en\/?s={search_term_string}"},"query-input":{"@type":"PropertyValueSpecification","valueRequired":true,"valueName":"search_term_string"}}],"inLanguage":"en-US"},{"@type":"Organization","@id":"https:\/\/www.edition-assemblage.de\/en\/#organization","name":"edition assemblage","url":"https:\/\/www.edition-assemblage.de\/en\/","logo":{"@type":"ImageObject","inLanguage":"en-US","@id":"https:\/\/www.edition-assemblage.de\/en\/#\/schema\/logo\/image\/","url":"https:\/\/www.edition-assemblage.de\/wp-content\/uploads\/Logo_2022_3.png","contentUrl":"https:\/\/www.edition-assemblage.de\/wp-content\/uploads\/Logo_2022_3.png","width":1161,"height":618,"caption":"edition assemblage"},"image":{"@id":"https:\/\/www.edition-assemblage.de\/en\/#\/schema\/logo\/image\/"},"sameAs":["https:\/\/www.facebook.com\/editionassemblage","https:\/\/x.com\/assemblage_news","https:\/\/www.instagram.com\/edition_assemblage"]}]}},"_links":{"self":[{"href":"https:\/\/www.edition-assemblage.de\/en\/wp-json\/wp\/v2\/buch\/1720","targetHints":{"allow":["GET"]}}],"collection":[{"href":"https:\/\/www.edition-assemblage.de\/en\/wp-json\/wp\/v2\/buch"}],"about":[{"href":"https:\/\/www.edition-assemblage.de\/en\/wp-json\/wp\/v2\/types\/buch"}],"wp:attachment":[{"href":"https:\/\/www.edition-assemblage.de\/en\/wp-json\/wp\/v2\/media?parent=1720"}],"wp:term":[{"taxonomy":"schlagwort","embeddable":true,"href":"https:\/\/www.edition-assemblage.de\/en\/wp-json\/wp\/v2\/schlagwort?post=1720"}],"curies":[{"name":"wp","href":"https:\/\/api.w.org\/{rel}","templated":true}]}}

<!-- This site is optimized with the Yoast SEO plugin v26.7 - https://yoast.com/wordpress/plugins/seo/ -->
<title>Affekt und Geschlecht &#8211; edition assemblage</title>
<meta name="description" content="Angelika Baier, Christa Binswanger, Jana Häberlein, Yv Eveline Nay, Andrea Zimmermann (Ed.) - Die Anthologie führt in Felder der im anglophonen Raum intensiv diskutierten Affect Studies ein. Der feministischen, queeren und rassisierungskritischen Tradition von Affect Studies folgend, formuliert der vorliegende Band das Verhältnis zwischen privatem Erleben und gesellschaftlichen Machtverhältnissen neu, indem er Affekte als in ihrem persönlichen und individuellen Charakter verflochten mit gesellschaftlichen und politischen Dimensionen denkt. Die Anthologie präsentiert paradigmatische Forschungsfelder der Affect Studies in ihrer Übersetzung und Neuformulierung im deutschsprachigen Raum, wobei sie den Fokus auf Überschneidungen zwischen den Affect Studies sowie feministischer, queerer und post/kolonialer Theoriebildung legt. Damit bietet sie einen Einstieg und Einblick in die interdisziplinär angelegte Theoriebildung und Forschung in den Affect Studies und stellt zugleich deren Bearbeitung, Weiterführung und Umarbeitung im deutschsprachigen Forschungsraum vor." />
<meta name="robots" content="index, follow, max-snippet:-1, max-image-preview:large, max-video-preview:-1" />
<link rel="canonical" href="https://www.edition-assemblage.de/en/buecher/affekt-und-geschlecht/" />
<meta property="og:locale" content="en_US" />
<meta property="og:type" content="article" />
<meta property="og:title" content="Affekt und Geschlecht &#8211; edition assemblage" />
<meta property="og:description" content="Angelika Baier, Christa Binswanger, Jana Häberlein, Yv Eveline Nay, Andrea Zimmermann (Ed.) - Die Anthologie führt in Felder der im anglophonen Raum intensiv diskutierten Affect Studies ein. Der feministischen, queeren und rassisierungskritischen Tradition von Affect Studies folgend, formuliert der vorliegende Band das Verhältnis zwischen privatem Erleben und gesellschaftlichen Machtverhältnissen neu, indem er Affekte als in ihrem persönlichen und individuellen Charakter verflochten mit gesellschaftlichen und politischen Dimensionen denkt. Die Anthologie präsentiert paradigmatische Forschungsfelder der Affect Studies in ihrer Übersetzung und Neuformulierung im deutschsprachigen Raum, wobei sie den Fokus auf Überschneidungen zwischen den Affect Studies sowie feministischer, queerer und post/kolonialer Theoriebildung legt. Damit bietet sie einen Einstieg und Einblick in die interdisziplinär angelegte Theoriebildung und Forschung in den Affect Studies und stellt zugleich deren Bearbeitung, Weiterführung und Umarbeitung im deutschsprachigen Forschungsraum vor." />
<meta property="og:url" content="https://www.edition-assemblage.de/en/buecher/affekt-und-geschlecht/" />
<meta property="og:site_name" content="edition assemblage" />
<meta property="article:publisher" content="https://www.facebook.com/editionassemblage" />
<meta property="article:modified_time" content="2022-05-02T13:47:06+00:00" />
<meta name="twitter:card" content="summary_large_image" />
<meta name="twitter:site" content="@assemblage_news" />
<script type="application/ld+json" class="yoast-schema-graph">{"@context":"https://schema.org","@graph":[{"@type":"WebPage","@id":"https://www.edition-assemblage.de/en/buecher/affekt-und-geschlecht/","url":"https://www.edition-assemblage.de/en/buecher/affekt-und-geschlecht/","name":"Affekt und Geschlecht &#8211; edition assemblage","isPartOf":{"@id":"https://www.edition-assemblage.de/en/#website"},"datePublished":"2022-03-15T07:09:21+00:00","dateModified":"2022-05-02T13:47:06+00:00","description":"Angelika Baier, Christa Binswanger, Jana Häberlein, Yv Eveline Nay, Andrea Zimmermann (Ed.) - Die Anthologie führt in Felder der im anglophonen Raum intensiv diskutierten Affect Studies ein. Der feministischen, queeren und rassisierungskritischen Tradition von Affect Studies folgend, formuliert der vorliegende Band das Verhältnis zwischen privatem Erleben und gesellschaftlichen Machtverhältnissen neu, indem er Affekte als in ihrem persönlichen und individuellen Charakter verflochten mit gesellschaftlichen und politischen Dimensionen denkt. Die Anthologie präsentiert paradigmatische Forschungsfelder der Affect Studies in ihrer Übersetzung und Neuformulierung im deutschsprachigen Raum, wobei sie den Fokus auf Überschneidungen zwischen den Affect Studies sowie feministischer, queerer und post/kolonialer Theoriebildung legt. Damit bietet sie einen Einstieg und Einblick in die interdisziplinär angelegte Theoriebildung und Forschung in den Affect Studies und stellt zugleich deren Bearbeitung, Weiterführung und Umarbeitung im deutschsprachigen Forschungsraum vor.","breadcrumb":{"@id":"https://www.edition-assemblage.de/en/buecher/affekt-und-geschlecht/#breadcrumb"},"inLanguage":"en-US","potentialAction":[{"@type":"ReadAction","target":["https://www.edition-assemblage.de/en/buecher/affekt-und-geschlecht/"]}]},{"@type":"BreadcrumbList","@id":"https://www.edition-assemblage.de/en/buecher/affekt-und-geschlecht/#breadcrumb","itemListElement":[{"@type":"ListItem","position":1,"name":"Startseite","item":"https://www.edition-assemblage.de/en/"},{"@type":"ListItem","position":2,"name":"Bücher","item":"https://www.edition-assemblage.de/en/books/"},{"@type":"ListItem","position":3,"name":"Affekt und Geschlecht"}]},{"@type":"WebSite","@id":"https://www.edition-assemblage.de/en/#website","url":"https://www.edition-assemblage.de/en/","name":"edition assemblage","description":"Verlagskollektiv und gesellschaftskritisches, linkes, politisches und publizistisches Netzwerk.","publisher":{"@id":"https://www.edition-assemblage.de/en/#organization"},"potentialAction":[{"@type":"SearchAction","target":{"@type":"EntryPoint","urlTemplate":"https://www.edition-assemblage.de/en/?s={search_term_string}"},"query-input":{"@type":"PropertyValueSpecification","valueRequired":true,"valueName":"search_term_string"}}],"inLanguage":"en-US"},{"@type":"Organization","@id":"https://www.edition-assemblage.de/en/#organization","name":"edition assemblage","url":"https://www.edition-assemblage.de/en/","logo":{"@type":"ImageObject","inLanguage":"en-US","@id":"https://www.edition-assemblage.de/en/#/schema/logo/image/","url":"https://www.edition-assemblage.de/wp-content/uploads/Logo_2022_3.png","contentUrl":"https://www.edition-assemblage.de/wp-content/uploads/Logo_2022_3.png","width":1161,"height":618,"caption":"edition assemblage"},"image":{"@id":"https://www.edition-assemblage.de/en/#/schema/logo/image/"},"sameAs":["https://www.facebook.com/editionassemblage","https://x.com/assemblage_news","https://www.instagram.com/edition_assemblage"]}]}</script>
<!-- / Yoast SEO plugin. -->

Angelika Baier, Christa Binswanger, Jana Häberlein, Yv Eveline Nay, Andrea Zimmermann (Ed.) - Die Anthologie führt in Felder der im anglophonen Raum intensiv diskutierten Affect Studies ein. Der feministischen, queeren und rassisierungskritischen Tradition von Affect Studies folgend, formuliert der vorliegende Band das Verhältnis zwischen privatem Erleben und gesellschaftlichen Machtverhältnissen neu, indem er Affekte als in ihrem persönlichen und individuellen Charakter verflochten mit gesellschaftlichen und politischen Dimensionen denkt. Die Anthologie präsentiert paradigmatische Forschungsfelder der Affect Studies in ihrer Übersetzung und Neuformulierung im deutschsprachigen Raum, wobei sie den Fokus auf Überschneidungen zwischen den Affect Studies sowie feministischer, queerer und post/kolonialer Theoriebildung legt. Damit bietet sie einen Einstieg und Einblick in die interdisziplinär angelegte Theoriebildung und Forschung in den Affect Studies und stellt zugleich deren Bearbeitung, Weiterführung und Umarbeitung im deutschsprachigen Forschungsraum vor.

Bücher
